{"id":5638,"date":"2021-07-13T09:49:25","date_gmt":"2021-07-13T06:49:25","guid":{"rendered":"https:\/\/portaltest.atauni.edu.tr\/bilgisayar-muhendisligi\/?page_id=5638"},"modified":"2026-01-29T13:48:02","modified_gmt":"2026-01-29T10:48:02","slug":"tarihce","status":"publish","type":"page","link":"http:\/\/atauni.edu.tr\/kutuphane-ve-dokumantasyon-daire-baskanligi\/tarihce\/","title":{"rendered":"Tarih\u00e7e"},"content":{"rendered":"\t\t<div data-elementor-type=\"wp-page\" data-elementor-id=\"5638\" class=\"elementor elementor-5638\" data-elementor-post-type=\"page\">\n\t\t\t\t\t\t<section class=\"elementor-section elementor-top-section elementor-element elementor-element-730d320 elementor-section-boxed elementor-section-height-default elementor-section-height-default\" data-id=\"730d320\" data-element_type=\"section\">\n\t\t\t\t\t\t<div class=\"elementor-container elementor-column-gap-default\">\n\t\t\t\t\t<div class=\"elementor-column elementor-col-100 elementor-top-column elementor-element elementor-element-753d0860\" data-id=\"753d0860\" data-element_type=\"column\">\n\t\t\t<div class=\"elementor-widget-wrap\">\n\t\t\t\t\t\t\t<\/div>\n\t\t<\/div>\n\t\t\t\t\t<\/div>\n\t\t<\/section>\n\t\t\t\t<section class=\"elementor-section elementor-top-section elementor-element elementor-element-9be811a elementor-section-boxed elementor-section-height-default elementor-section-height-default\" data-id=\"9be811a\" data-element_type=\"section\">\n\t\t\t\t\t\t<div class=\"elementor-container elementor-column-gap-default\">\n\t\t\t\t\t<div class=\"elementor-column elementor-col-100 elementor-top-column elementor-element elementor-element-1ed847b7\" data-id=\"1ed847b7\" data-element_type=\"column\">\n\t\t\t<div class=\"elementor-widget-wrap elementor-element-populated\">\n\t\t\t\t\t\t<div class=\"elementor-element elementor-element-4ce0d07f elementor-widget elementor-widget-heading\" data-id=\"4ce0d07f\" data-element_type=\"widget\" data-widget_type=\"heading.default\">\n\t\t\t\t<div class=\"elementor-widget-container\">\n\t\t\t\t\t<h2 class=\"elementor-heading-title elementor-size-default\">Tarih\u00e7e<\/h2>\t\t\t\t<\/div>\n\t\t\t\t<\/div>\n\t\t\t\t<div class=\"elementor-element elementor-element-63260862 elementor-widget-divider--view-line elementor-widget elementor-widget-divider\" data-id=\"63260862\" data-element_type=\"widget\" data-widget_type=\"divider.default\">\n\t\t\t\t<div class=\"elementor-widget-container\">\n\t\t\t\t\t\t\t<div class=\"elementor-divider\">\n\t\t\t<span class=\"elementor-divider-separator\">\n\t\t\t\t\t\t<\/span>\n\t\t<\/div>\n\t\t\t\t\t\t<\/div>\n\t\t\t\t<\/div>\n\t\t\t\t\t<\/div>\n\t\t<\/div>\n\t\t\t\t\t<\/div>\n\t\t<\/section>\n\t\t\t\t<section class=\"elementor-section elementor-top-section elementor-element elementor-element-681db8b elementor-section-boxed elementor-section-height-default elementor-section-height-default\" data-id=\"681db8b\" data-element_type=\"section\">\n\t\t\t\t\t\t<div class=\"elementor-container elementor-column-gap-default\">\n\t\t\t\t\t<div class=\"elementor-column elementor-col-100 elementor-top-column elementor-element elementor-element-ad4dac5\" data-id=\"ad4dac5\" data-element_type=\"column\">\n\t\t\t<div class=\"elementor-widget-wrap elementor-element-populated\">\n\t\t\t\t\t\t<div class=\"elementor-element elementor-element-2f96b3d elementor-widget elementor-widget-text-editor\" data-id=\"2f96b3d\" data-element_type=\"widget\" data-widget_type=\"text-editor.default\">\n\t\t\t\t<div class=\"elementor-widget-container\">\n\t\t\t\t\t\t\t\t\t<p>Atat\u00fcrk \u00dcniversitesi Merkez K\u00fct\u00fcphanesi, \u00dcniversitemizin e\u011fitim-\u00f6\u011fretim ve ara\u015ft\u0131rma faaliyetlerini desteklemek amac\u0131yla 1958 y\u0131l\u0131nda \u201cK\u00fct\u00fcphane M\u00fcd\u00fcrl\u00fc\u011f\u00fc\u201d ad\u0131yla kurulmu\u015ftur. 1970 y\u0131l\u0131ndan itibaren de Atat\u00fcrk \u00dcniversitesi kamp\u00fcs\u00fcnde bulunan 7350 m<sup>2<\/sup>\u00a0kullan\u0131m alan\u0131na sahip, 600 kullan\u0131c\u0131 kapasiteli binas\u0131nda hizmet vermeye devam etmi\u015ftir.<\/p><p>Son y\u0131llarda iki yeni ek binan\u0131n (\u00c7al\u0131\u015fma Salonu) hizmete ba\u015flamas\u0131yla birlikte ayn\u0131 anda 2560 ki\u015filik kullan\u0131m alan\u0131na sahip olmu\u015ftur.<\/p><p>Merkez K\u00fct\u00fcphane \u00f6ncelikle \u00fcniversitemiz \u00f6\u011frencileri ile Akademik ve \u0130dari personeline hizmet vermektedir. Ayr\u0131ca \u00fcniversite d\u0131\u015f\u0131ndan ara\u015ft\u0131rmac\u0131lar\u0131n bilgi ihtiya\u00e7lar\u0131 da kar\u015f\u0131lanmaktad\u0131r.<\/p><p>K\u00fct\u00fcphanede \u201cYordam\u201d otomasyon sistemi kullan\u0131lmakta ve bilgi kaynaklar\u0131 \u201cLC\u201d s\u0131n\u0131flama sistemine g\u00f6re ve a\u00e7\u0131k raf uygulamas\u0131yla hizmete sunulmu\u015ftur.<\/p><p>K\u00fct\u00fcphane koleksiyonunda 209.000 adet bas\u0131l\u0131 kitap; bu kitaplar i\u00e7inde 45.000 adet bas\u0131l\u0131 eski eser koleksiyonu (Seyfettin \u00d6zege Koleksiyonu) ; 4.500 ba\u015fl\u0131kta bas\u0131l\u0131 dergi; 16.500 adet e-tez (Y\u00fcksek Lisans, Doktora); 60.000 civar\u0131 e-dergi, 300.000 civar\u0131 e-kitap, 4.500.000 yabanc\u0131 e-tez bulunmaktad\u0131r. 45.000 bas\u0131l\u0131 eski eser, dijitalle\u015ftirilerek a\u00e7\u0131k eri\u015feme sunulmu\u015ftur.<\/p><p>Merkez K\u00fct\u00fcphane koleksiyonunda bulunmayan bilgi kaynaklar\u0131 i\u00e7in \u201cK\u00fct\u00fcphaneler Aras\u0131 \u0130\u015fbirli\u011fi\u201d yoluyla di\u011fer \u00fcniversite k\u00fct\u00fcphanelerinden \u00f6d\u00fcn\u00e7 kitap istenerek kullan\u0131c\u0131lar\u0131n ihtiya\u00e7lar\u0131 kar\u015f\u0131lanmaktad\u0131r.<\/p><p>Atat\u00fcrk \u00dcniversitesi K\u00fct\u00fcphane ve Dok\u00fcmantasyon Daire Ba\u015fkanl\u0131\u011f\u0131ndaki hizmetler 24.05.2017 tarihinde Atat\u00fcrk \u00dcniversitesi Senatosunda kabul edilen \u201cK\u00fct\u00fcphane ve Dok\u00fcmantasyon Daire Ba\u015fkanl\u0131\u011f\u0131 Y\u00f6nergesi\u201d do\u011frultusunda devam etmektedir.<\/p>\t\t\t\t\t\t\t\t<\/div>\n\t\t\t\t<\/div>\n\t\t\t\t\t<\/div>\n\t\t<\/div>\n\t\t\t\t\t<\/div>\n\t\t<\/section>\n\t\t\t\t<\/div>\n\t\t","protected":false},"excerpt":{"rendered":"<p>Tarih\u00e7e Atat\u00fcrk \u00dcniversitesi Merkez K\u00fct\u00fcphanesi, \u00dcniversitemizin e\u011fitim-\u00f6\u011fretim ve ara\u015ft\u0131rma faaliyetlerini desteklemek amac\u0131yla 1958 y\u0131l\u0131nda \u201cK\u00fct\u00fcphane M\u00fcd\u00fcrl\u00fc\u011f\u00fc\u201d ad\u0131yla kurulmu\u015ftur. 1970 y\u0131l\u0131ndan itibaren de Atat\u00fcrk \u00dcniversitesi kamp\u00fcs\u00fcnde bulunan 7350 m2\u00a0kullan\u0131m alan\u0131na sahip, 600 kullan\u0131c\u0131 kapasiteli binas\u0131nda hizmet vermeye devam etmi\u015ftir. Son y\u0131llarda iki yeni ek binan\u0131n (\u00c7al\u0131\u015fma Salonu) hizmete ba\u015flamas\u0131yla birlikte ayn\u0131 anda 2560 ki\u015filik kullan\u0131m alan\u0131na [&hellip;]<\/p>\n","protected":false},"author":1,"featured_media":0,"parent":0,"menu_order":0,"comment_status":"closed","ping_status":"closed","template":"","meta":{"footnotes":""},"class_list":["post-5638","page","type-page","status-publish","hentry"],"_links":{"self":[{"href":"http:\/\/atauni.edu.tr\/kutuphane-ve-dokumantasyon-daire-baskanligi\/wp-json\/wp\/v2\/pages\/5638","targetHints":{"allow":["GET"]}}],"collection":[{"href":"http:\/\/atauni.edu.tr\/kutuphane-ve-dokumantasyon-daire-baskanligi\/wp-json\/wp\/v2\/pages"}],"about":[{"href":"http:\/\/atauni.edu.tr\/kutuphane-ve-dokumantasyon-daire-baskanligi\/wp-json\/wp\/v2\/types\/page"}],"author":[{"embeddable":true,"href":"http:\/\/atauni.edu.tr\/kutuphane-ve-dokumantasyon-daire-baskanligi\/wp-json\/wp\/v2\/users\/1"}],"replies":[{"embeddable":true,"href":"http:\/\/atauni.edu.tr\/kutuphane-ve-dokumantasyon-daire-baskanligi\/wp-json\/wp\/v2\/comments?post=5638"}],"version-history":[{"count":25,"href":"http:\/\/atauni.edu.tr\/kutuphane-ve-dokumantasyon-daire-baskanligi\/wp-json\/wp\/v2\/pages\/5638\/revisions"}],"predecessor-version":[{"id":6236,"href":"http:\/\/atauni.edu.tr\/kutuphane-ve-dokumantasyon-daire-baskanligi\/wp-json\/wp\/v2\/pages\/5638\/revisions\/6236"}],"wp:attachment":[{"href":"http:\/\/atauni.edu.tr\/kutuphane-ve-dokumantasyon-daire-baskanligi\/wp-json\/wp\/v2\/media?parent=5638"}],"curies":[{"name":"wp","href":"https:\/\/api.w.org\/{rel}","templated":true}]}}