{"id":6373,"date":"2026-02-09T13:52:31","date_gmt":"2026-02-09T10:52:31","guid":{"rendered":"https:\/\/birimler.atauni.edu.tr\/kutuphane-ve-dokumantasyon-daire-baskanligi\/?page_id=6373"},"modified":"2026-02-09T13:54:02","modified_gmt":"2026-02-09T10:54:02","slug":"yararlanma-kosullari","status":"publish","type":"page","link":"http:\/\/atauni.edu.tr\/kutuphane-ve-dokumantasyon-daire-baskanligi\/yararlanma-kosullari\/","title":{"rendered":"YARARLANMA KO\u015eULLARI"},"content":{"rendered":"\t\t<div data-elementor-type=\"wp-page\" data-elementor-id=\"6373\" class=\"elementor elementor-6373\" data-elementor-post-type=\"page\">\n\t\t\t\t\t\t<section class=\"elementor-section elementor-top-section elementor-element elementor-element-9399df5 elementor-section-boxed elementor-section-height-default elementor-section-height-default\" data-id=\"9399df5\" data-element_type=\"section\">\n\t\t\t\t\t\t<div class=\"elementor-container elementor-column-gap-default\">\n\t\t\t\t\t<div class=\"elementor-column elementor-col-100 elementor-top-column elementor-element elementor-element-9e82027\" data-id=\"9e82027\" data-element_type=\"column\">\n\t\t\t<div class=\"elementor-widget-wrap elementor-element-populated\">\n\t\t\t\t\t\t<div class=\"elementor-element elementor-element-f536b54 elementor-widget elementor-widget-text-editor\" data-id=\"f536b54\" data-element_type=\"widget\" data-widget_type=\"text-editor.default\">\n\t\t\t\t<div class=\"elementor-widget-container\">\n\t\t\t\t\t\t\t\t\t<p><strong>\u00a0T\u00dcB\u0130TAK ELEKTRON\u0130K KAYNAKLAR ULUSAL AKADEM\u0130K L\u0130SANS \u2013 EKUAL\u00a0KULLANIM HAKLARI S\u00d6ZLE\u015eMES\u0130\u00a0<\/strong><\/p><p>Bu Kullan\u0131m Haklar\u0131 S\u00f6zle\u015fmesi; T\u00fcrkiye Bilimsel ve Teknolojik Ara\u015ft\u0131rma Kurumu\u2019na (T\u00dcB\u0130TAK) ba\u011fl\u0131 bir AR-GE Kolayl\u0131k Birimi olan, Ulusal Akademik A\u011f ve Bilgi Merkezi (ULAKBIM) ile \u2026\u2026\u2026\u2026\u2026\u2026\u2026\u2026\u2026\u2026\u2026\u2026\u2026. Rekt\u00f6rl\u00fc\u011f\u00fc aras\u0131nda \u2026\u2026..\/\u2026\u2026..\/ \u2026\u2026.. tarihinde imzalanm\u0131\u015ft\u0131r.<\/p><p><strong>Madde 1. AMA\u00c7\u00a0<\/strong><\/p><p>Bu Kullan\u0131m Haklar\u0131 S\u00f6zle\u015fmesi; T\u00fcrkiye Bilimsel ve Teknolojik Ara\u015ft\u0131rma Kurumu\u2019na (T\u00dcB\u0130TAK) ba\u011fl\u0131 bir AR-GE Kolayl\u0131k Birimi olan, Ulusal Akademik A\u011f ve Bilgi Merkezi (ULAKBIM) taraf\u0131ndan y\u00fcr\u00fct\u00fclen, T\u00dcB\u0130TAK \u201cElektronik Kaynaklar Ulusal Akademik Lisans\u0131\u201d (EKUAL) projesi kapsam\u0131nda eri\u015fime a\u00e7\u0131k olan tam metin ve bibliyografik veri tabanlar\u0131n\u0131n kullan\u0131m\u0131na y\u00f6nelik usul ve esaslar\u0131 saptamak amac\u0131yla d\u00fczenlenmi\u015ftir.<\/p><p><strong>Madde 2. KAPSAM\u00a0<\/strong><\/p><p>Bu kullan\u0131m haklar\u0131 s\u00f6zle\u015fmesi T\u00dcB\u0130TAK EKUAL kapsam\u0131nda hizmet verilen Kullan\u0131c\u0131 Kurumlara ve Yetkili Kullan\u0131c\u0131lara sa\u011flanan hizmete ili\u015fkin esaslar\u0131 kapsar.<\/p><p><strong>Madde 3. TANIMLAR\u00a0<\/strong><\/p><p><strong>T\u00dcB\u0130TAK EKUAL:\u00a0<\/strong><\/p><p>T\u00dcB\u0130TAK ULAKB\u0130M taraf\u0131ndan, baz\u0131 tam metin ve bibliyografik veri tabanlar\u0131n\u0131n, T\u00fcrkiye\u2019deki ilgili akademik ve ara\u015ft\u0131rma kurumlar\u0131n\u0131n eri\u015fimine a\u00e7\u0131lmas\u0131 i\u00e7in 2006 y\u0131l\u0131nda ba\u015flat\u0131lan ve a\u00e7\u0131k ad\u0131yla \u201cElektronik Kaynaklar Ulusal Akademik Lisans\u0131\u201d olarak bilinen projenin ad\u0131d\u0131r.<\/p><p><strong>Kullan\u0131c\u0131 Kurum:\u00a0<\/strong><\/p><p>T\u00dcB\u0130TAK EKUAL hizmetlerinden yararlanmak amac\u0131yla bu s\u00f6zle\u015fmeye taraf olan ve bu s\u00f6zle\u015fmenin ko\u015fullar\u0131na ba\u011fl\u0131 kalmay\u0131 kabul etmi\u015f olan \u00fcniversite, Sa\u011fl\u0131k Bakanl\u0131\u011f\u0131 E\u011fitim Ara\u015ft\u0131rma Hastanesi, e\u011fitim kurulu\u015fu veya ara\u015ft\u0131rma kurumudur.<\/p><p><strong>Yetkili Kullan\u0131c\u0131:\u00a0<\/strong><\/p><p>Kullan\u0131c\u0131 kurumlar ve kurumlarda \u00e7al\u0131\u015fan s\u00fcrekli, ge\u00e7ici, s\u00f6zle\u015fmeli personel, mevcut \u00f6\u011fretim elemanlar\u0131, \u00f6\u011frencileri ve di\u011fer personelidir. S\u00f6z konusu yetkili ki\u015filer; evleri, lojmanlar\u0131, \u00f6\u011frenci yurtlar\u0131 da dahil olmak \u00fczere, kullan\u0131c\u0131 kurumlar\u0131n k\u00fct\u00fcphane binalar\u0131ndaki, \u00e7al\u0131\u015ft\u0131klar\u0131 veya e\u011fitim g\u00f6rd\u00fckleri t\u00fcm mekanlar\u0131ndaki G\u00fcvenli A\u011fa eri\u015fmelerine izin verilen veya kullan\u0131c\u0131 kurum taraf\u0131ndan \u015fifre ya da ba\u015fka bir yetki verilmi\u015f ki\u015filerdir.<\/p><p>Ayr\u0131ca, kullan\u0131c\u0131 kurumun personeli olmad\u0131\u011f\u0131 halde, k\u00fct\u00fcphane ya da bilgi hizmetlerinden yararlanmas\u0131na, kullan\u0131c\u0131 kurumun yerle\u015fti\u011fi bina alan\u0131 i\u00e7indeki bilgisayar terminallerinden G\u00fcvenli A\u011fa eri\u015fmesine izin verilen ki\u015filer (ge\u00e7ici kullan\u0131c\u0131lar) de yetkili kullan\u0131c\u0131lard\u0131r. 2<\/p><p>\u00a0<\/p><p><strong>Veri Taban\u0131:\u00a0<\/strong><\/p><p>T\u00dcB\u0130TAK EKUAL kapsam\u0131nda kullan\u0131c\u0131 kurumlar\u0131n eri\u015fimlerine a\u00e7\u0131lan elektronik dergiler koleksiyonu ve\/veya bibliyografik kay\u0131tlar sunan bilgi kaynaklar\u0131 koleksiyonudur.<\/p><p><strong>Lisansl\u0131 Materyaller:\u00a0<\/strong><\/p><p>T\u00dcB\u0130TAK EKUAL kapsam\u0131nda Eser veya Hak Sahipleri ile T\u00dcB\u0130TAK ULAKB\u0130M aras\u0131nda s\u00f6z konusu materyallerin s\u0131n\u0131rl\u0131 kullan\u0131m\u0131na ili\u015fkin devredilemez ve inhisar\u0131 olmayan bir lisans anla\u015fmas\u0131 bulunan, elektronik bilgi kaynaklar\u0131 ve veri tabanlar\u0131d\u0131r.<\/p><p><strong>Ticari Kullan\u0131m:\u00a0<\/strong><\/p><p>Kullan\u0131c\u0131 kurum ve bunun yetkili kullan\u0131c\u0131s\u0131 i\u00e7in veya bunlardan biri taraf\u0131ndan, Lisansl\u0131 Materyallerin para kazanmak amac\u0131yla sat\u0131\u015f\u0131, \u00f6d\u00fcn\u00e7 verilmesi, transferi, kiralanmas\u0131 veya ba\u015fka bir \u015fekilde kullan\u0131m\u0131n\u0131 ifade eder.<\/p><p><strong>Fikri M\u00fclkiyet Haklar\u0131:\u00a0<\/strong><\/p><p>Patentler, ticari markalar, ticari isimler, tasar\u0131mlarda dahil olmak \u00fczere b\u00fct\u00fcn sinai m\u00fclkiyet haklar\u0131 ve 5846 say\u0131l\u0131 Fikir ve Sanat Eserleri Kanunu\u2019nda d\u00fczenlenen telif haklar\u0131n\u0131n tamam\u0131n\u0131 (veri tabanlar\u0131 ve bilgisayar yaz\u0131l\u0131mlar\u0131ndaki haklar da dahil olmak \u00fczere) ifade eder.<\/p><p><strong>Eri\u015fim Sa\u011flanacak Alan:\u00a0<\/strong><\/p><p>Kullan\u0131c\u0131 Kurumlar taraf\u0131ndan i\u015fletilen k\u00fct\u00fcphane binalar\u0131, okullar ve hastanelerdir.<\/p><p><strong>G\u00fcvenli A\u011f<\/strong>:<\/p><p>Sadece kullan\u0131c\u0131 kurum taraf\u0131ndan onaylanm\u0131\u015f, a\u011fa giri\u015fte ve a\u011fda kald\u0131\u011f\u0131 s\u00fcrece kimli\u011fi d\u00fczenli olarak ve m\u00fcmk\u00fcn olan en iyi \u015fekilde do\u011frulanan (\u015fifreler vb.ile) ve davran\u0131\u015flar\u0131 kullan\u0131c\u0131 kurum taraf\u0131ndan d\u00fczenlenen yetkili kullan\u0131c\u0131lar\u0131n eri\u015febildi\u011fi bir a\u011fd\u0131r.<\/p><p><strong>Eser Sahipleri veya Hak Sahipleri:\u00a0<\/strong><\/p><p>T\u00dcB\u0130TAK EKUAL kapsam\u0131nda kullan\u0131ma a\u00e7\u0131lan Veri Tabanlar\u0131 \u00fczerindeki haklar\u0131n sahibi olan ve T\u00dcB\u0130TAK ULAKB\u0130M ile lisans anla\u015fmas\u0131 yapan ki\u015fi, kurum veya kurulu\u015flard\u0131r.<\/p><p><strong>Madde 4. KULLANIM HAKLARI\u00a0<\/strong><\/p><p><strong>4.1\u00a0<\/strong>T\u00dcB\u0130TAK ULAKB\u0130M, bu s\u00f6zle\u015fme ile kullan\u0131c\u0131 kurum ve yetkili kullan\u0131c\u0131lar\u0131na, kendi tekelinde olmayan ve ba\u015fkas\u0131na devredilmesi m\u00fcmk\u00fcn olmayan Lisansl\u0131 Materyallere, Yetkili Kullan\u0131c\u0131lar\u0131n G\u00fcvenli A\u011f yoluyla ve ara\u015ft\u0131rma, \u00f6\u011fretim, ki\u015fisel \u00e7al\u0131\u015fma, kullan\u0131c\u0131 kurum ve yetkili kullan\u0131c\u0131lar\u0131n\u0131n ola\u011fan uygulama ve faaliyetleri ile ilgili eri\u015fim hakk\u0131 verir. 3<\/p><p>\u00a0<\/p><p><strong>4.2\u00a0<\/strong>Kullan\u0131c\u0131 Kurum;<\/p><p><strong>4.2.1\u00a0<\/strong>Lisansl\u0131 Materyallerin etkin kullan\u0131m\u0131n\u0131 sa\u011flamak amac\u0131yla, Yetkili Kullan\u0131c\u0131lar\u0131n \u00e7oklu kopya almas\u0131na izin vermeden, Lisansl\u0131 Materyallerin belli b\u00f6l\u00fcmlerinin yerel elektronik kopyalar\u0131n\u0131 yapabilir,<\/p><p><strong>4.2.2\u00a0<\/strong>Yetkili Kullan\u0131c\u0131lar\u0131n\u0131n Lisansl\u0131 Materyallere G\u00fcvenli A\u011f yoluyla Sunucudan eri\u015fimine izin verebilir,<\/p><p><strong>4.2.3\u00a0<\/strong>Yetkili Kullan\u0131c\u0131lar\u0131n\u0131n, akademik \u00e7al\u0131\u015fmalarda kullan\u0131m amac\u0131yla Lisansl\u0131 Materyallere g\u00fcvenli a\u011f \u00fczerinden eri\u015fimini sa\u011flayabilir,<\/p><p><strong>4.2.4\u00a0<\/strong>5846 say\u0131l\u0131 Kanun ile bas\u0131l\u0131 eserler bak\u0131m\u0131ndan \u00f6ng\u00f6r\u00fclen \u015fartlara uygun kullanmalar\u0131 \u015fart\u0131 ile, Yetkili Kullan\u0131c\u0131 olmayan bir ki\u015fiye ait bir ara\u015ft\u0131rma i\u00e7in ya da ki\u015fisel \u00e7al\u0131\u015fma amac\u0131yla istenen tek makalelerin tek bas\u0131l\u0131 kopyalar\u0131n\u0131 sa\u011flayabilir,<\/p><p><strong>4.2.5\u00a0<\/strong>Yetkili Kullan\u0131c\u0131lar\u0131 veya Yetkili Kullan\u0131c\u0131 gruplar\u0131n\u0131 e\u011fitme amac\u0131yla, Lisansl\u0131 Materyallerin belirli b\u00f6l\u00fcmlerini bilgisayarda g\u00f6r\u00fcnt\u00fcleyip, y\u00fckleyebilir veya basabilir.<\/p><p><strong>4.3\u00a0<\/strong>Yetkili Kullan\u0131c\u0131lar, Madde 5\u2019e uygun olarak;<\/p><p><strong>4.3.1\u00a0<\/strong>Lisansl\u0131 Materyalleri ara\u015ft\u0131rabilir, g\u00f6rebilir, ekrana geri getirebilir, bilgisayarda a\u00e7abilir,<\/p><p><strong>4.3.2\u00a0<\/strong>Lisansl\u0131 Materyallerden baz\u0131 b\u00f6l\u00fcmleri veya tek makaleleri ki\u015fisel kullan\u0131m\u0131 i\u00e7in elektronik ortamda saklayabilir, bunlar\u0131 seminer, konferans, \u00e7al\u0131\u015ftay ve benzeri \u00e7al\u0131\u015fmalarda, kaynak belirtmek ko\u015fuluyla kullanabilir,<\/p><p><strong>4.3.3\u00a0<\/strong>Lisansl\u0131 Materyallerin baz\u0131 b\u00f6l\u00fcmlerinden bas\u0131l\u0131 bir kopya alabilir,<\/p><p><strong>4.3.4\u00a0<\/strong>Lisansl\u0131 Materyallerden baz\u0131 b\u00f6l\u00fcmleri veya tek makalelerin bir kopyas\u0131n\u0131 bas\u0131l\u0131 ya da elektronik olarak di\u011fer Yetkili Kullan\u0131c\u0131lara g\u00f6nderebilir.<\/p><p><strong>4.3.5\u00a0<\/strong>Lisansl\u0131 Materyallerden, baz\u0131 b\u00f6l\u00fcmleri veya tek makalelerin bir kopyas\u0131n\u0131 bas\u0131l\u0131 ya da elektronik olarak, ticari ama\u00e7 d\u0131\u015f\u0131ndaki bir ara\u015ft\u0131rma i\u00e7in ya da akademik bir \u00e7al\u0131\u015fma amac\u0131yla g\u00f6nderebilir.<\/p><p><strong>4.3.6\u00a0<\/strong>Bu S\u00f6zle\u015fmedeki hi\u00e7 bir h\u00fck\u00fcm, Kullan\u0131c\u0131 kurumun ya da herhangi bir Yetkili Kullan\u0131c\u0131n\u0131n, 5846 Say\u0131l\u0131 Fikir ve Sanat Eserleri Kanunu ya da T\u00fcrkiye\u2019nin taraf oldu\u011fu herhangi bir uluslararas\u0131 telif haklar\u0131 s\u00f6zle\u015fmesinin Eser Sahipleri ve Hak Sahiplerine tan\u0131d\u0131\u011f\u0131 yasal haklar\u0131n ihlal etmesine cevaz verecek \u015fekilde yorumlanamaz.<\/p><p><strong>Madde 5. YASAKLANMIS KULLANIMLAR\u00a0<\/strong><\/p><p><strong>5.1\u00a0<\/strong>Ne Kullan\u0131c\u0131 Kurum, ne de herhangi bir Yetkili Kullan\u0131c\u0131s\u0131: 4<\/p><p>\u00a0<\/p><p><strong>5.1.1\u00a0<\/strong>Yazarlar\u0131n isimlerini, Lisansl\u0131 Materyallerde g\u00f6r\u00fclen Eser Sahibi veya Hak Sahibinin telif hakk\u0131 ile ilgili notlar\u0131n\u0131 veya di\u011fer tan\u0131mlama ve haklar\u0131 belirten izleri silemez veya de\u011fi\u015ftiremez,<\/p><p><strong>5.1.2\u00a0<\/strong>Madde 4\u2019de izin verilenler d\u0131\u015f\u0131nda, Lisansl\u0131 Materyallerden, herhangi bir ama\u00e7la sistematik olarak \u00e7ok say\u0131da bask\u0131 veya elektronik kopya yapamaz ve bunun i\u00e7in kullan\u0131lan robot yaz\u0131l\u0131mlar ve bunlar\u0131n benzeri ara\u00e7lar kullanamaz,<\/p><p><strong>5.1.3\u00a0<\/strong>Lisansl\u0131 Materyallerin hi\u00e7 bir par\u00e7as\u0131n\u0131 G\u00fcvenli A\u011f d\u0131\u015f\u0131nda, internet ve world wide web dahil, herhangi bir elektronik a\u011f \u00fczerine y\u00fckleyemez ve da\u011f\u0131tamaz.<\/p><p><strong>5.2\u00a0<\/strong>A\u015fa\u011f\u0131daki durumlarda Yay\u0131nc\u0131\/Derleyici\/Arac\u0131\u2019n\u0131n a\u00e7\u0131k yaz\u0131l\u0131 izni gerekli oldu\u011fundan, Lisans Sahibi T\u00dcB\u0130TAK ULAKB\u0130M ile ileti\u015fime ge\u00e7ilmesi zorunludur:<\/p><p><strong>5.2.1\u00a0<\/strong>Lisansl\u0131 Materyallerin t\u00fcm\u00fcn\u00fc ya da bir k\u0131sm\u0131n\u0131 ticari bir ama\u00e7la kullanmak,<\/p><p><strong>5.2.2\u00a0<\/strong>Bu s\u00f6zle\u015fmenin izin verdi\u011fi haller d\u0131\u015f\u0131nda, Lisansl\u0131 Materyallerin t\u00fcm\u00fcn\u00fc ya da bir k\u0131sm\u0131n\u0131, Yetkili Kullan\u0131c\u0131lar d\u0131\u015f\u0131ndaki ki\u015filere sistematik olarak da\u011f\u0131tmak,<\/p><p><strong>5.2.3\u00a0<\/strong>Lisansl\u0131 Materyalleri, Lisansl\u0131 Materyaller temel al\u0131narak veya onlar\u0131n ba\u015fka Materyallerle birle\u015ftirilmesiyle haz\u0131rlanm\u0131\u015f eserleri, bu S\u00f6zle\u015fmeyle izin verilen ko\u015fullar d\u0131\u015f\u0131nda yay\u0131mlamak, da\u011f\u0131tmak veya edinilmesini sa\u011flamak,<\/p><p><strong>5.2.4\u00a0<\/strong>Lisansl\u0131 Materyalleri, bilgisayar ekran\u0131nda g\u00f6r\u00fclmelerini kolayla\u015ft\u0131rmak i\u00e7in gerekebilecek m\u00fcdahaleler veya ba\u015fka bir nedenle Yetkili Kullan\u0131c\u0131lara bu S\u00f6zle\u015fmede verilmi\u015f izinlerin d\u0131\u015f\u0131nda, de\u011fi\u015ftirmek, k\u0131saltmak, uyarlamak, telif haklar\u0131 ile ilgili notlar ve uyar\u0131 s\u00f6zc\u00fcklerinin veya bu s\u00f6zc\u00fcklerin yerlerini de\u011fi\u015ftirmek.<\/p><p><strong>5.3\u00a0<\/strong>Kullan\u0131ma y\u00f6nelik ihlallerin tespit edilmesi durumunda Kullan\u0131c\u0131 Kurumun eri\u015fimi i\u015fbu s\u00f6zle\u015fmenin 9. maddesi uyar\u0131nca kesilir.<\/p><p><strong>Madde 6. BELGE SA\u011eLAMA\u00a0<\/strong><\/p><p>Kullan\u0131c\u0131 Kurumlar, di\u011fer bir Kullan\u0131c\u0131 Kuruma ve\/veya Kullan\u0131c\u0131 Kurum olmayan bir kuruma ya da bu kurumun kullan\u0131c\u0131s\u0131na ya da bireysel olarak ba\u015fvuran ki\u015filere, T\u00dcB\u0130TAK EKUAL kapsam\u0131ndaki Lisansl\u0131 Materyallerle, T\u00dcB\u0130TAK ULAKB\u0130M\u2019in yaz\u0131l\u0131 izni olmadan, sistematik \u015fekilde Belge Sa\u011flama Hizmeti veremez.<\/p><p><strong>Madde 7. KURS PAKETLER\u0130 VE ELEKTRON\u0130K REZERV\u00a0<\/strong><\/p><p>Yukar\u0131daki Madde 5\u2019e uygun olarak, Kullan\u0131c\u0131 Kurumlar, Lisansl\u0131 Materyallerin b\u00f6l\u00fcmlerini, ticari ama\u00e7 d\u0131\u015f\u0131nda, bir Kullan\u0131c\u0131 Kurumda yap\u0131lan e\u011fitim s\u0131ras\u0131nda Yetkili Kullan\u0131c\u0131lar\u0131n yararlanabilmesi i\u00e7in, bas\u0131l\u0131 Ders Paketleri veya Elektronik Rezerve koleksiyonlar\u0131na dahil edebilir. 5<\/p><p>\u00a0<\/p><p>Bu t\u00fcr materyallerin her biri kaynak hakk\u0131nda yeterli bilgi ta\u015f\u0131mal\u0131, al\u0131nan k\u0131sm\u0131n ba\u015fl\u0131k ve yazar\u0131, eserin ad\u0131, Eser Sahibi ve\/veya Hak Sahibinin ad\u0131 verilmelidir. Kullan\u0131c\u0131 Kurum, bu ama\u00e7la kullan\u0131m\u0131 sona erdi\u011fi zaman, bu t\u00fcr materyallerin kopyalar\u0131n\u0131 silmelidir.<\/p><p><strong>Madde 8. KULLANICI KURUMUN Y\u00dcK\u00dcML\u00dcL\u00dcKLER\u0130\u00a0<\/strong><\/p><p><strong>8.1\u00a0<\/strong>Kullan\u0131c\u0131 Kurum;<\/p><p><strong>8.1.1\u00a0<\/strong>Yetkili Kullan\u0131c\u0131lar\u0131n\u0131 bu S\u00f6zle\u015fmenin ko\u015fullar\u0131ndan haberdar edecek ve gerekli \u00f6nlemleri alacakt\u0131r,<\/p><p><strong>8.1.2\u00a0<\/strong>Bu S\u00f6zle\u015fmenin ko\u015fullar\u0131ndan herhangi birinin ihlaline dair bir bilgi al\u0131rsa, ihlali yapan Yetkili Kullan\u0131c\u0131 ile derhal g\u00f6r\u00fc\u015ferek gerekli uyar\u0131larda bulunacak ve ihlalin tekrarlanmamas\u0131 i\u00e7in gerekli \u00f6nlemleri alacakt\u0131r,<\/p><p><strong>8.1.3\u00a0<\/strong>Bu S\u00f6zle\u015fmenin ko\u015fullar\u0131ndan herhangi birinin ihlaline dair bir bilgi al\u0131rsa T\u00dcB\u0130TAK ULAKB\u0130M\u2019i durumdan haberdar edecektir,<\/p><p><strong>8.1.4\u00a0<\/strong>T\u00fcm Yetkili Kullan\u0131c\u0131lar\u0131n, Lisansl\u0131 Materyallerle ilgili Fikri M\u00fclkiyet Haklar\u0131na sayg\u0131 g\u00f6stermelerinin \u00f6nemi ve bunu yapmad\u0131klar\u0131 takdirde her Kullan\u0131c\u0131 Kurum ve Yetkili Kullan\u0131c\u0131n\u0131n maruz kalaca\u011f\u0131 cezai m\u00fceyyideler konusunda haberdar edecektir,<\/p><p><strong>8.1.5\u00a0<\/strong>Yetkili Kullan\u0131c\u0131lar\u0131 bu S\u00f6zle\u015fmenin \u015fartlar\u0131ndan haberdar edecek ve Lisansl\u0131 Materyalleri yetkisiz kullan\u0131mdan ve Lisans\u0131n di\u011fer \u015fekillerde ihlal edilmesinden korumak i\u00e7in gereken \u00f6nlemleri alacakt\u0131r,<\/p><p><strong>8.1.6\u00a0<\/strong>Yetkisiz kullan\u0131m ya da herhangi bir ihlalin tespit edilmesi halinde en ge\u00e7 10 g\u00fcn i\u00e7erisinde T\u00dcB\u0130TAK ULAKB\u0130M\u2019i haberdar edecek ve bu olay\u0131n hemen son bulmas\u0131n\u0131 sa\u011flamak ve tekrar\u0131n\u0131 \u00f6nlemek i\u00e7in, disiplin \u00f6nlemleri dahil, gereken makul ve uygun i\u015flemleri yapacakt\u0131r,<\/p><p><strong>8.1.7\u00a0<\/strong>\u015eifre ve di\u011fer eri\u015fim bilgilerini sadece Yetkili Kullan\u0131c\u0131lara verecek (ge\u00e7ici kullan\u0131c\u0131lar hari\u00e7), ve Yetkili Kullan\u0131c\u0131lar\u0131n bu bilgileri \u00fc\u00e7\u00fcnc\u00fc \u015fah\u0131slara a\u00e7\u0131klamalar\u0131n\u0131 \u00f6nleyecektir,<\/p><p><strong>8.1.8\u00a0<\/strong>Kuruma ait t\u00fcm IP adreslerinin tam ve g\u00fcncel kay\u0131tlar\u0131n\u0131 tutarak, yap\u0131lan de\u011fi\u015fikliklerden T\u00dcB\u0130TAK ULAKB\u0130M\u2019i haberdar edecektir,<\/p><p><strong>8.1.9\u00a0<\/strong>Lisansl\u0131 Materyallere, \u201csadece\u201d Yetkili Kullan\u0131c\u0131lar\u0131n eri\u015fimini sa\u011flayacakt\u0131r.<\/p><p><strong>Madde 9. L\u0130SANSLI MATERYALLERE ER\u0130\u015e\u0130M\u0130N KES\u0130LMES\u0130\u00a0<\/strong><\/p><p><strong>9.1\u00a0<\/strong>A\u015fa\u011f\u0131daki hallerde Kullan\u0131c\u0131 Kurumun Lisansl\u0131 Materyallere eri\u015fimi kesilir:<\/p><p><strong>9.1.1\u00a0<\/strong>Kullan\u0131c\u0131 Kurum, bu s\u00f6zle\u015fmede ge\u00e7en ko\u015fullar\u0131 kabul etmez ve ayr\u0131ca bu s\u00f6zle\u015fme kurum yetkilisi taraf\u0131ndan imzalan\u0131p T\u00dcB\u0130TAK ULAKB\u0130M\u2019e g\u00f6nderilmezse, 6<\/p><p>\u00a0<\/p><p><strong>9.1.2\u00a0<\/strong>Kullan\u0131c\u0131 Kurum ve onun b\u00fct\u00fcn Yetkili Kullan\u0131c\u0131lar\u0131, Eser Sahibi veya Hak Sahibinin telif haklar\u0131n\u0131 veya di\u011fer Fikri M\u00fclkiyet Haklar\u0131n\u0131 veya bu s\u00f6zle\u015fmede ge\u00e7en h\u00fck\u00fcmleri ihlal eder ve Eser Sahibi veya Hak Sahibi ya da T\u00dcB\u0130TAK ULAKB\u0130M taraf\u0131ndan yaz\u0131l\u0131 olarak uyar\u0131lmas\u0131ndan itibaren on be\u015f (15) g\u00fcn i\u00e7inde bunu telafi etmezse,<\/p><p><strong>9.1.3\u00a0<\/strong>Kullan\u0131c\u0131 Kurumun, y\u0131ll\u0131k abonelik d\u00f6nemleri i\u00e7inde kullan\u0131m istatistiklerinin d\u00fc\u015f\u00fckl\u00fc\u011f\u00fcnden kaynaklanan kurum baz\u0131ndaki birim maliyetin y\u00fckselmesi durumunda, Lisansl\u0131 Materyallere eri\u015fimi iptal edilebilir,<\/p><p><strong>9.1.4\u00a0<\/strong>ULAKBIM, Kullan\u0131c\u0131 Kuruma 15 g\u00fcn \u00f6ncesinden sebeplerini bildirmek ko\u015fuluyla, bu s\u00f6zle\u015fme uyar\u0131nca sa\u011flad\u0131\u011f\u0131 eri\u015fimi kesebilir.<\/p><p><strong>Madde 10. GENEL\u00a0<\/strong><\/p><p><strong>10.1\u00a0<\/strong>Bu S\u00f6zle\u015fmede yap\u0131lacak de\u011fi\u015fiklikler ancak yaz\u0131l\u0131 olarak haz\u0131rlan\u0131p her iki taraf\u0131n da imzalanmas\u0131 halinde ge\u00e7erli say\u0131l\u0131rlar,<\/p><p><strong>10.2\u00a0<\/strong>Bu S\u00f6zle\u015fme\u2019nin h\u00fck\u00fcmlerinden herhangi birinin ge\u00e7ersiz ve uygulama d\u0131\u015f\u0131 kalmas\u0131, geri kalan k\u0131sm\u0131n\u0131n devaml\u0131l\u0131\u011f\u0131n\u0131 ve ge\u00e7erlili\u011fini etkilemez,<\/p><p><strong>10.3\u00a0<\/strong>E\u011fer taraflar, bu S\u00f6zle\u015fmenin yorumlanmas\u0131 \u00fczerinde veya bir taraf\u0131n ya da Kullan\u0131c\u0131 Kurumun S\u00f6zle\u015fmenin herhangi bir k\u0131sm\u0131n\u0131 ihlal etti\u011fi konusunda ihtilafa d\u00fc\u015ferlerse, taraflar g\u00f6r\u00fc\u015fmelere ba\u015flayacak ve hukuki veya idari s\u00fcre\u00e7leri ba\u015flatmadan \u00f6nce anla\u015fma yoluyla sorunu \u00e7\u00f6z\u00fcmlemeye \u00e7al\u0131\u015facaklard\u0131r,<\/p><p><strong>10.4\u00a0<\/strong>Taraflar, bu S\u00f6zle\u015fmeyle ilgili ortaya \u00e7\u0131kabilecek b\u00fct\u00fcn anla\u015fmazl\u0131klar\u0131n \u00e7\u00f6z\u00fcmlenmesinde Ankara Mahkemelerinin yetkili oldu\u011funu kabul ve beyan ederler.<\/p><p><strong>Madde 11. SORUMLULUK\u00a0<\/strong><\/p><p><strong>11.1\u00a0<\/strong>\u0130\u015fbu s\u00f6zle\u015fmenin hi\u00e7bir h\u00fckm\u00fc, T\u00dcB\u0130TAK ULAKB\u0130M\u2019in bu s\u00f6zle\u015fme uyar\u0131nca Kullan\u0131c\u0131 Kurumlara veya Yetkili Kullan\u0131c\u0131lara kar\u015f\u0131 sorumlu tutulabilece\u011fi \u015feklinde yorumlanamaz. Lisansl\u0131 Materyalin ve s\u00f6zle\u015fme kapsam\u0131nda eri\u015fime a\u00e7\u0131lan materyalin kullan\u0131m\u0131ndan do\u011fabilecek b\u00fct\u00fcn sorumluluk s\u00f6z konusu materyali kullanan ki\u015fi veya kurumlara aittir.<\/p><p><strong>11.2\u00a0<\/strong>T\u00dcB\u0130TAK ULAKB\u0130M, Lisansl\u0131 Materyalin ve s\u00f6zle\u015fme kapsam\u0131nda eri\u015fim olana\u011f\u0131 sa\u011flanan materyalin do\u011frulu\u011fu, kullan\u0131ld\u0131\u011f\u0131 alana ve amaca uygunlu\u011fu konusunda hi\u00e7bir taahh\u00fcd\u00fc veya garantisi bulunmamaktad\u0131r.<\/p><p><strong>11.3\u00a0<\/strong>Kullan\u0131c\u0131 Kurum arac\u0131l\u0131\u011f\u0131yla veri taban\u0131ndan faydalanan veya Kullan\u0131c\u0131 Kurumun kas\u0131t veya ihmali neticesinde veri taban\u0131na eri\u015fim sa\u011flayan 3. ki\u015filerin, bu eri\u015fimleri ile eser sahiplerinin mevzuattan do\u011fan haklar\u0131n\u0131 ihlal etmesi ve bu durumdan T\u00dcB\u0130TAK ULAKB\u0130M\u2019in sorumlu tutulmas\u0131 halinde, bundan do\u011fan her t\u00fcrl\u00fc zarar, Kullan\u0131c\u0131 Kurum taraf\u0131ndan herhangi bir dava veya takip neticesi beklenmeksizin, T\u00dcB\u0130TAK ULAKB\u0130M\u2019in bildirimi \u00fczerine kar\u015f\u0131lan\u0131r. Bu s\u00f6zle\u015fme 7<\/p><p>\u00a0<\/p><p>kapsam\u0131ndaki y\u00fck\u00fcml\u00fcl\u00fcklerini yerine getirmeyen Kullan\u0131c\u0131 Kurum, bu ki\u015fi ve kurulu\u015flarla birlikte m\u00fc\u015ftereken ve m\u00fcteselsilen sorumludur.<\/p><p><strong>Madde 12. Y\u00dcR\u00dcRL\u00dcK VE S\u00dcRE\u00a0<\/strong><\/p><p><strong>12.1\u00a0<\/strong>\u0130\u015fbu S\u00f6zle\u015fme imzaland\u0131\u011f\u0131 tarihte y\u00fcr\u00fcrl\u00fc\u011fe girer.<\/p><p><strong>12.2\u00a0<\/strong>Bu s\u00f6zle\u015fme, Lisansl\u0131 Materyale eri\u015fim hakk\u0131 oldu\u011fu s\u00fcrece y\u00fcr\u00fcrl\u00fckte kal\u0131r. Ancak, bir ihlal olmas\u0131 durumunda, T\u00dcB\u0130TAK ULAKB\u0130M taraf\u0131ndan S\u00f6zle\u015fmenin 9. maddesi uyar\u0131nca Kullan\u0131c\u0131 Kurumun Lisansl\u0131 Materyale eri\u015fiminin kesilmesine kadar y\u00fcr\u00fcrl\u00fckte kal\u0131r.<\/p><p>T\u00dcB\u0130TAK ULAKB\u0130M Ad\u0131na \u2026\u2026\u2026\u2026\u2026\u2026 \u00dcniversitesi Ad\u0131na<\/p><p>Dr. Ahmet KAPLAN<\/p><p>ULAKB\u0130M M\u00fcd\u00fcr V.<\/p>\t\t\t\t\t\t\t\t<\/div>\n\t\t\t\t<\/div>\n\t\t\t\t\t<\/div>\n\t\t<\/div>\n\t\t\t\t\t<\/div>\n\t\t<\/section>\n\t\t\t\t<\/div>\n\t\t","protected":false},"excerpt":{"rendered":"<p>\u00a0T\u00dcB\u0130TAK ELEKTRON\u0130K KAYNAKLAR ULUSAL AKADEM\u0130K L\u0130SANS \u2013 EKUAL\u00a0KULLANIM HAKLARI S\u00d6ZLE\u015eMES\u0130\u00a0 Bu Kullan\u0131m Haklar\u0131 S\u00f6zle\u015fmesi; T\u00fcrkiye Bilimsel ve Teknolojik Ara\u015ft\u0131rma Kurumu\u2019na (T\u00dcB\u0130TAK) ba\u011fl\u0131 bir AR-GE Kolayl\u0131k Birimi olan, Ulusal Akademik A\u011f ve Bilgi Merkezi (ULAKBIM) ile \u2026\u2026\u2026\u2026\u2026\u2026\u2026\u2026\u2026\u2026\u2026\u2026\u2026. Rekt\u00f6rl\u00fc\u011f\u00fc aras\u0131nda \u2026\u2026..\/\u2026\u2026..\/ \u2026\u2026.. tarihinde imzalanm\u0131\u015ft\u0131r. Madde 1. AMA\u00c7\u00a0 Bu Kullan\u0131m Haklar\u0131 S\u00f6zle\u015fmesi; T\u00fcrkiye Bilimsel ve Teknolojik Ara\u015ft\u0131rma Kurumu\u2019na [&hellip;]<\/p>\n","protected":false},"author":594,"featured_media":0,"parent":0,"menu_order":0,"comment_status":"closed","ping_status":"closed","template":"","meta":{"footnotes":""},"class_list":["post-6373","page","type-page","status-publish","hentry"],"_links":{"self":[{"href":"http:\/\/atauni.edu.tr\/kutuphane-ve-dokumantasyon-daire-baskanligi\/wp-json\/wp\/v2\/pages\/6373","targetHints":{"allow":["GET"]}}],"collection":[{"href":"http:\/\/atauni.edu.tr\/kutuphane-ve-dokumantasyon-daire-baskanligi\/wp-json\/wp\/v2\/pages"}],"about":[{"href":"http:\/\/atauni.edu.tr\/kutuphane-ve-dokumantasyon-daire-baskanligi\/wp-json\/wp\/v2\/types\/page"}],"author":[{"embeddable":true,"href":"http:\/\/atauni.edu.tr\/kutuphane-ve-dokumantasyon-daire-baskanligi\/wp-json\/wp\/v2\/users\/594"}],"replies":[{"embeddable":true,"href":"http:\/\/atauni.edu.tr\/kutuphane-ve-dokumantasyon-daire-baskanligi\/wp-json\/wp\/v2\/comments?post=6373"}],"version-history":[{"count":4,"href":"http:\/\/atauni.edu.tr\/kutuphane-ve-dokumantasyon-daire-baskanligi\/wp-json\/wp\/v2\/pages\/6373\/revisions"}],"predecessor-version":[{"id":6377,"href":"http:\/\/atauni.edu.tr\/kutuphane-ve-dokumantasyon-daire-baskanligi\/wp-json\/wp\/v2\/pages\/6373\/revisions\/6377"}],"wp:attachment":[{"href":"http:\/\/atauni.edu.tr\/kutuphane-ve-dokumantasyon-daire-baskanligi\/wp-json\/wp\/v2\/media?parent=6373"}],"curies":[{"name":"wp","href":"https:\/\/api.w.org\/{rel}","templated":true}]}}