{"id":5898,"date":"2021-07-13T15:20:50","date_gmt":"2021-07-13T12:20:50","guid":{"rendered":"https:\/\/portaltest.atauni.edu.tr\/muhendislik-fakultesi\/?page_id=5898"},"modified":"2021-09-13T10:18:58","modified_gmt":"2021-09-13T07:18:58","slug":"ogrenciler","status":"publish","type":"page","link":"https:\/\/atauni.edu.tr\/acikogretim-fakultesi\/ogrenciler\/","title":{"rendered":"\u00d6\u011frenciler"},"content":{"rendered":"\t\t<div data-elementor-type=\"wp-page\" data-elementor-id=\"5898\" class=\"elementor elementor-5898\" data-elementor-post-type=\"page\">\n\t\t\t\t\t\t<section class=\"elementor-section elementor-top-section elementor-element elementor-element-46c2cb5d elementor-section-boxed elementor-section-height-default elementor-section-height-default\" data-id=\"46c2cb5d\" data-element_type=\"section\">\n\t\t\t\t\t\t<div class=\"elementor-container elementor-column-gap-default\">\n\t\t\t\t\t<div class=\"elementor-column elementor-col-100 elementor-top-column elementor-element elementor-element-299813e7\" data-id=\"299813e7\" data-element_type=\"column\">\n\t\t\t<div class=\"elementor-widget-wrap elementor-element-populated\">\n\t\t\t\t\t\t<div class=\"elementor-element elementor-element-3ec495a9 elementor-widget elementor-widget-heading\" data-id=\"3ec495a9\" data-element_type=\"widget\" data-widget_type=\"heading.default\">\n\t\t\t\t<div class=\"elementor-widget-container\">\n\t\t\t\t\t<h2 class=\"elementor-heading-title elementor-size-default\">\u00d6\u011frenciler<\/h2>\t\t\t\t<\/div>\n\t\t\t\t<\/div>\n\t\t\t\t<div class=\"elementor-element elementor-element-2092e3b3 elementor-widget-divider--view-line elementor-widget elementor-widget-divider\" data-id=\"2092e3b3\" data-element_type=\"widget\" data-widget_type=\"divider.default\">\n\t\t\t\t<div class=\"elementor-widget-container\">\n\t\t\t\t\t\t\t<div class=\"elementor-divider\">\n\t\t\t<span class=\"elementor-divider-separator\">\n\t\t\t\t\t\t<\/span>\n\t\t<\/div>\n\t\t\t\t\t\t<\/div>\n\t\t\t\t<\/div>\n\t\t\t\t\t<\/div>\n\t\t<\/div>\n\t\t\t\t\t<\/div>\n\t\t<\/section>\n\t\t\t\t<section class=\"elementor-section elementor-top-section elementor-element elementor-element-e1e5404 elementor-section-boxed elementor-section-height-default elementor-section-height-default\" data-id=\"e1e5404\" data-element_type=\"section\">\n\t\t\t\t\t\t<div class=\"elementor-container elementor-column-gap-default\">\n\t\t\t\t\t<div class=\"elementor-column elementor-col-100 elementor-top-column elementor-element elementor-element-afbb91a\" data-id=\"afbb91a\" data-element_type=\"column\">\n\t\t\t<div class=\"elementor-widget-wrap elementor-element-populated\">\n\t\t\t\t\t\t<div class=\"elementor-element elementor-element-b66209f elementor-widget elementor-widget-text-editor\" data-id=\"b66209f\" data-element_type=\"widget\" data-widget_type=\"text-editor.default\">\n\t\t\t\t<div class=\"elementor-widget-container\">\n\t\t\t\t\t\t\t\t\t<h2>\u00d6\u011frenciler<\/h2>\n<p>A\u00e7\u0131k\u00f6\u011fretim Fak\u00fcltesi, \u00f6\u011frencilerine zengin bir \u00f6\u011frenim deneyimi sunar. \u00d6\u011frencilerimiz, kendi \u00f6\u011frenme h\u0131zlar\u0131na uygun bir \u015fekilde dersleri tamamlayabilirler. A\u00e7\u0131k\u00f6\u011fretim sistemi, esneklik ve \u00f6zg\u00fcrl\u00fck sa\u011flar.<\/p>\n<h3>\u00d6\u011frenci Kaynaklar\u0131<\/h3>\n<ul>\n  <li>Ders materyalleri ve kaynaklar<\/li>\n  <li>\u00d6dev ve s\u0131nav bilgileri<\/li>\n  <li>\u00d6\u011frenci destek hizmetleri<\/li>\n  <li>Toplumsal faaliyetler ve kul\u00fcpler<\/li>\n<\/ul>\n<h3>\u00d6\u011frenci Hizmetleri<\/h3>\n<p>A\u00e7\u0131k\u00f6\u011fretim Fak\u00fcltesi, \u00f6\u011frencilerinin akademik ve ki\u015fisel geli\u015fimlerini desteklemek i\u00e7in \u00e7e\u015fitli hizmetler sunar. Bunlar aras\u0131nda dan\u0131\u015fmanl\u0131k, kariyer planlama, psikolojik destek gibi hizmetler bulunur.<\/p>\n<h3>\u0130leti\u015fim Kanallar\u0131<\/h3>\n<p>\u00d6\u011frenciler, Fak\u00fclte ile ileti\u015fim kurmak i\u00e7in verschill lien kanallar\u0131 kullanabilirler. \u00d6\u011frenci i\u015fleri b\u00f6l\u00fcm\u00fc, \u00f6\u011frencilerin sorunlar\u0131n\u0131 \u00e7\u00f6zmek ve gereksinimlerini kar\u015f\u0131lamak i\u00e7in her zaman haz\u0131rd\u0131r.<\/p>\t\t\t\t\t\t\t\t<\/div>\n\t\t\t\t<\/div>\n\t\t\t\t\t<\/div>\n\t\t<\/div>\n\t\t\t\t\t<\/div>\n\t\t<\/section>\n\t\t\t\t<\/div>\n\t\t","protected":false},"excerpt":{"rendered":"<p>\u00d6\u011frenciler A\u00e7\u0131k\u00f6\u011fretim Fak\u00fcltesi olarak \u00f6\u011frencilerimizin akademik ve ki\u015fisel geli\u015fimlerine \u00f6nem veriyoruz. \u00d6\u011frencilerimizle g\u00fc\u00e7l\u00fc bir ba\u011f kurmak ve onlar\u0131n \u00fcniversite ya\u015fant\u0131lar\u0131n\u0131 zenginle\u015ftirmek i\u00e7in \u00e7e\u015fitli faaliyetler d\u00fczenl\u0131yoruz. \u00d6\u011frenci Kul\u00fcpleri Farkl\u0131 ilgi alanlar\u0131na sahip \u00f6\u011frencilerin bir araya gelerek ortak paydalar\u0131nda bulu\u015fabilecekleri kul\u00fcplerimiz var. Bu kul\u00fcpler sayesinde \u00f6\u011frencilerimiz new skills kazan\u0131p, yeni arkada\u015flar edinebiliyor ve sosyal sorumluluk projelerine kat\u0131lma [&hellip;]<\/p>\n","protected":false},"author":1,"featured_media":0,"parent":0,"menu_order":0,"comment_status":"closed","ping_status":"closed","template":"elementor_header_footer","meta":{"footnotes":""},"class_list":["post-5898","page","type-page","status-publish","hentry"],"_links":{"self":[{"href":"https:\/\/atauni.edu.tr\/acikogretim-fakultesi\/wp-json\/wp\/v2\/pages\/5898","targetHints":{"allow":["GET"]}}],"collection":[{"href":"https:\/\/atauni.edu.tr\/acikogretim-fakultesi\/wp-json\/wp\/v2\/pages"}],"about":[{"href":"https:\/\/atauni.edu.tr\/acikogretim-fakultesi\/wp-json\/wp\/v2\/types\/page"}],"author":[{"embeddable":true,"href":"https:\/\/atauni.edu.tr\/acikogretim-fakultesi\/wp-json\/wp\/v2\/users\/1"}],"replies":[{"embeddable":true,"href":"https:\/\/atauni.edu.tr\/acikogretim-fakultesi\/wp-json\/wp\/v2\/comments?post=5898"}],"version-history":[{"count":20,"href":"https:\/\/atauni.edu.tr\/acikogretim-fakultesi\/wp-json\/wp\/v2\/pages\/5898\/revisions"}],"predecessor-version":[{"id":6547,"href":"https:\/\/atauni.edu.tr\/acikogretim-fakultesi\/wp-json\/wp\/v2\/pages\/5898\/revisions\/6547"}],"wp:attachment":[{"href":"https:\/\/atauni.edu.tr\/acikogretim-fakultesi\/wp-json\/wp\/v2\/media?parent=5898"}],"curies":[{"name":"wp","href":"https:\/\/api.w.org\/{rel}","templated":true}]}}