{"id":5682,"date":"2021-07-13T10:10:01","date_gmt":"2021-07-13T07:10:01","guid":{"rendered":"https:\/\/portaltest.atauni.edu.tr\/bilgisayar-muhendisligi\/?page_id=5682"},"modified":"2021-12-14T15:20:34","modified_gmt":"2021-12-14T12:20:34","slug":"misyon-vizyon-ve-temel-degerler","status":"publish","type":"page","link":"https:\/\/atauni.edu.tr\/alman-dili-ve-edebiyati\/misyon-vizyon-ve-temel-degerler\/","title":{"rendered":"Misyon, Vizyon ve Temel De\u011ferler"},"content":{"rendered":"\t\t<div data-elementor-type=\"wp-page\" data-elementor-id=\"5682\" class=\"elementor elementor-5682\" data-elementor-post-type=\"page\">\n\t\t\t\t\t\t<section class=\"elementor-section elementor-top-section elementor-element elementor-element-730d320 elementor-section-boxed elementor-section-height-default elementor-section-height-default\" data-id=\"730d320\" data-element_type=\"section\">\n\t\t\t\t\t\t<div class=\"elementor-container elementor-column-gap-default\">\n\t\t\t\t\t<div class=\"elementor-column elementor-col-100 elementor-top-column elementor-element elementor-element-753d0860\" data-id=\"753d0860\" data-element_type=\"column\">\n\t\t\t<div class=\"elementor-widget-wrap\">\n\t\t\t\t\t\t\t<\/div>\n\t\t<\/div>\n\t\t\t\t\t<\/div>\n\t\t<\/section>\n\t\t\t\t<section class=\"elementor-section elementor-top-section elementor-element elementor-element-9be811a elementor-section-boxed elementor-section-height-default elementor-section-height-default\" data-id=\"9be811a\" data-element_type=\"section\">\n\t\t\t\t\t\t<div class=\"elementor-container elementor-column-gap-default\">\n\t\t\t\t\t<div class=\"elementor-column elementor-col-100 elementor-top-column elementor-element elementor-element-1ed847b7\" data-id=\"1ed847b7\" data-element_type=\"column\">\n\t\t\t<div class=\"elementor-widget-wrap elementor-element-populated\">\n\t\t\t\t\t\t<div class=\"elementor-element elementor-element-4ce0d07f elementor-widget elementor-widget-heading\" data-id=\"4ce0d07f\" data-element_type=\"widget\" data-widget_type=\"heading.default\">\n\t\t\t\t<div class=\"elementor-widget-container\">\n\t\t\t\t\t<h2 class=\"elementor-heading-title elementor-size-default\">Misyon, Vizyon ve Temel De\u011ferler<\/h2>\t\t\t\t<\/div>\n\t\t\t\t<\/div>\n\t\t\t\t<div class=\"elementor-element elementor-element-63260862 elementor-widget-divider--view-line elementor-widget elementor-widget-divider\" data-id=\"63260862\" data-element_type=\"widget\" data-widget_type=\"divider.default\">\n\t\t\t\t<div class=\"elementor-widget-container\">\n\t\t\t\t\t\t\t<div class=\"elementor-divider\">\n\t\t\t<span class=\"elementor-divider-separator\">\n\t\t\t\t\t\t<\/span>\n\t\t<\/div>\n\t\t\t\t\t\t<\/div>\n\t\t\t\t<\/div>\n\t\t\t\t\t<\/div>\n\t\t<\/div>\n\t\t\t\t\t<\/div>\n\t\t<\/section>\n\t\t\t\t<section class=\"elementor-section elementor-top-section elementor-element elementor-element-681db8b elementor-section-boxed elementor-section-height-default elementor-section-height-default\" data-id=\"681db8b\" data-element_type=\"section\">\n\t\t\t\t\t\t<div class=\"elementor-container elementor-column-gap-default\">\n\t\t\t\t\t<div class=\"elementor-column elementor-col-100 elementor-top-column elementor-element elementor-element-ad4dac5\" data-id=\"ad4dac5\" data-element_type=\"column\">\n\t\t\t<div class=\"elementor-widget-wrap elementor-element-populated\">\n\t\t\t\t\t\t<div class=\"elementor-element elementor-element-2f96b3d elementor-widget elementor-widget-text-editor\" data-id=\"2f96b3d\" data-element_type=\"widget\" data-widget_type=\"text-editor.default\">\n\t\t\t\t<div class=\"elementor-widget-container\">\n\t\t\t\t\t\t\t\t\t<p class=\"MsoNormal\">D\u00fcnya s\u00fcrekli bir de\u011fi\u015fim arz etmektedir. Bu de\u011fi\u015fime ayak\nuyduramayanlar zaman i\u00e7inde ya silinir gider ya da \u00f6nemini yitirirler. Bu\ny\u00fczden yeniliklerden yana olmak, onlardan yana tav\u0131r koymak ya\u015famsal zorunluluk\nhaline gelmi\u015ftir. Bilginin \u00e7ok h\u0131zl\u0131 bir bi\u00e7imde \u00e7e\u015fitlendi\u011fi, \u00e7o\u011fald\u0131\u011f\u0131 ve de\neskidi\u011fi g\u00fcn\u00fcm\u00fczde bu ger\u00e7ekler bizi yeni bir tav\u0131r, yeni bir konum almaya\ng\u00f6t\u00fcrmelidir. Gen\u00e7leri gelece\u011fe haz\u0131rlamak, onlar\u0131n g\u00fcvenle ya\u015fama\nsar\u0131lmalar\u0131n\u0131 sa\u011flamak, \u00e7a\u011f\u0131n beklentilerine yan\u0131t verecek bilgi ve beceri donan\u0131mlar\u0131na\nsahip olmalar\u0131 i\u00e7in ortamlar yaratmak, e\u011fitim kurumlar\u0131ndan, daha do\u011frusu t\u00fcm\nyeti\u015fkinlerden beklenmelidir. E\u011fitim kurumlar\u0131n\u0131n amac\u0131 \u00fcst\u00fcn nitelikli insan\nyeti\u015ftirmek, insan kaynaklar\u0131n\u0131 verimli bir \u015fekilde kullanmak, toplumsal huzuru,\nkalk\u0131nmay\u0131 sa\u011flamakt\u0131r.<\/p><p class=\"MsoNormal\">\u00c7a\u011fda\u015f e\u011fitim imk\u00e2nlar\u0131ndan yararlanarak \u00fclkenin\nkaynaklar\u0131n\u0131 en verimli \u015fekilde kullan\u0131p \u00e7a\u011fda\u015f insan\u0131 yaratmak \u00e7a\u011fda\u015f toplumun\nen \u00f6ncelikli g\u00f6revi haline gelmi\u015ftir. Nitelikli insan yeti\u015ftirmek i\u00e7in\n\u00f6ncelikle eskimi\u015f basmakal\u0131p bilgilerle gen\u00e7lerimizi oyalamaktan, ezbercili\u011fi\nbir e\u011fitim y\u00f6ntemi olmaktan \u00e7\u0131kararak i\u015fe ba\u015flamal\u0131y\u0131z. Bu y\u00f6ntemlerle\nyarat\u0131c\u0131, \u00fcretici insan yeti\u015ftirme imk\u00e2n\u0131 olmad\u0131\u011f\u0131n\u0131 bug\u00fcne kadar hep g\u00f6rd\u00fck;\nolumsuzluklar\u0131n yaratt\u0131\u011f\u0131 \u00e7at\u0131\u015fmalar beraberinde irdelemeyi, sorgulamay\u0131\ngetirdi, bir \u015feylerin yanl\u0131\u015f gitti\u011fini anlamam\u0131z\u0131 sa\u011flad\u0131. \u015eimdi s\u0131ra sa\u011fl\u0131kl\u0131\nyakla\u015f\u0131mlar, tav\u0131rlar sergilemektedir.<\/p><p>\n\n\n\n<\/p><p class=\"MsoNormal\">Gen\u00e7lere yap\u0131lan her t\u00fcrl\u00fc yat\u0131r\u0131m\u0131n \u00fclkenin gelece\u011fine,\ninsanl\u0131\u011f\u0131n gelece\u011fine, bar\u0131\u015f ve huzurun egemen olaca\u011f\u0131 bir d\u00fcnyan\u0131n kurulmas\u0131na\nyat\u0131r\u0131m olaca\u011f\u0131na inan\u0131yoruz. B\u00f6l\u00fcm\u00fcm\u00fczde verilen e\u011fitimin temel ilkelerinden\nbiri, bunun ya\u015fama ge\u00e7irilmesi i\u00e7in \u00fczerimize d\u00fc\u015fen g\u00f6revi yerine getirmektir.<\/p>\t\t\t\t\t\t\t\t<\/div>\n\t\t\t\t<\/div>\n\t\t\t\t\t<\/div>\n\t\t<\/div>\n\t\t\t\t\t<\/div>\n\t\t<\/section>\n\t\t\t\t<\/div>\n\t\t","protected":false},"excerpt":{"rendered":"<p>Misyon, Vizyon ve Temel De\u011ferler D\u00fcnya s\u00fcrekli bir de\u011fi\u015fim arz etmektedir. Bu de\u011fi\u015fime ayak uyduramayanlar zaman i\u00e7inde ya silinir gider ya da \u00f6nemini yitirirler. Bu y\u00fczden yeniliklerden yana olmak, onlardan yana tav\u0131r koymak ya\u015famsal zorunluluk haline gelmi\u015ftir. Bilginin \u00e7ok h\u0131zl\u0131 bir bi\u00e7imde \u00e7e\u015fitlendi\u011fi, \u00e7o\u011fald\u0131\u011f\u0131 ve de eskidi\u011fi g\u00fcn\u00fcm\u00fczde bu ger\u00e7ekler bizi yeni bir tav\u0131r, yeni [&hellip;]<\/p>\n","protected":false},"author":1,"featured_media":0,"parent":0,"menu_order":0,"comment_status":"closed","ping_status":"closed","template":"elementor_header_footer","meta":{"footnotes":""},"class_list":["post-5682","page","type-page","status-publish","hentry"],"_links":{"self":[{"href":"https:\/\/atauni.edu.tr\/alman-dili-ve-edebiyati\/wp-json\/wp\/v2\/pages\/5682","targetHints":{"allow":["GET"]}}],"collection":[{"href":"https:\/\/atauni.edu.tr\/alman-dili-ve-edebiyati\/wp-json\/wp\/v2\/pages"}],"about":[{"href":"https:\/\/atauni.edu.tr\/alman-dili-ve-edebiyati\/wp-json\/wp\/v2\/types\/page"}],"author":[{"embeddable":true,"href":"https:\/\/atauni.edu.tr\/alman-dili-ve-edebiyati\/wp-json\/wp\/v2\/users\/1"}],"replies":[{"embeddable":true,"href":"https:\/\/atauni.edu.tr\/alman-dili-ve-edebiyati\/wp-json\/wp\/v2\/comments?post=5682"}],"version-history":[{"count":11,"href":"https:\/\/atauni.edu.tr\/alman-dili-ve-edebiyati\/wp-json\/wp\/v2\/pages\/5682\/revisions"}],"predecessor-version":[{"id":6170,"href":"https:\/\/atauni.edu.tr\/alman-dili-ve-edebiyati\/wp-json\/wp\/v2\/pages\/5682\/revisions\/6170"}],"wp:attachment":[{"href":"https:\/\/atauni.edu.tr\/alman-dili-ve-edebiyati\/wp-json\/wp\/v2\/media?parent=5682"}],"curies":[{"name":"wp","href":"https:\/\/api.w.org\/{rel}","templated":true}]}}