{"id":7991,"date":"2023-06-19T13:34:35","date_gmt":"2023-06-19T10:34:35","guid":{"rendered":"https:\/\/birimler.atauni.edu.tr\/alman-dili-ve-edebiyati\/?page_id=7991"},"modified":"2023-06-19T14:05:47","modified_gmt":"2023-06-19T11:05:47","slug":"program","status":"publish","type":"page","link":"https:\/\/atauni.edu.tr\/alman-dili-ve-edebiyati\/program\/","title":{"rendered":"Program"},"content":{"rendered":"\t\t<div data-elementor-type=\"wp-page\" data-elementor-id=\"7991\" class=\"elementor elementor-7991\" data-elementor-post-type=\"page\">\n\t\t\t\t\t\t<section class=\"elementor-section elementor-top-section elementor-element elementor-element-3660c2c elementor-section-boxed elementor-section-height-default elementor-section-height-default\" data-id=\"3660c2c\" data-element_type=\"section\">\n\t\t\t\t\t\t<div class=\"elementor-container elementor-column-gap-default\">\n\t\t\t\t\t<div class=\"elementor-column elementor-col-100 elementor-top-column elementor-element elementor-element-2f0a252\" data-id=\"2f0a252\" data-element_type=\"column\">\n\t\t\t<div class=\"elementor-widget-wrap elementor-element-populated\">\n\t\t\t\t\t\t<div class=\"elementor-element elementor-element-2b04b90 elementor-widget elementor-widget-text-editor\" data-id=\"2b04b90\" data-element_type=\"widget\" data-widget_type=\"text-editor.default\">\n\t\t\t\t<div class=\"elementor-widget-container\">\n\t\t\t\t\t\t\t\t\t<p><span style=\"text-align: justify\">FEDEK, farkl\u0131 disiplinlerdeki Fen, Edebiyat, Fen-Edebiyat, Dil ve Tarih-Co\u011frafya Fak\u00fclteleri (Bundan sonra FEF olarak an\u0131lacakt\u0131r) \u00f6\u011fretim programlar\u0131 i\u00e7in akreditasyon, de\u011ferlendirme ve bilgilendirme \u00e7al\u0131\u015fmalar\u0131 yaparak, T\u00fcrkiye\u2019de FEF \u00f6\u011fretiminin kalitesinin y\u00fckseltilmesine katk\u0131da bulunacakt\u0131r. FEDEK, FEF b\u00f6l\u00fcmlerinde e\u011fitim-\u00f6\u011fretim, bilimsel ara\u015ft\u0131rma ve topluma hizmeti ilerletmek amac\u0131yla kurulmu\u015ftur.<\/span><br><\/p>\t\t\t\t\t\t\t\t<\/div>\n\t\t\t\t<\/div>\n\t\t\t\t<div class=\"elementor-element elementor-element-552eaa9 elementor-widget elementor-widget-text-editor\" data-id=\"552eaa9\" data-element_type=\"widget\" data-widget_type=\"text-editor.default\">\n\t\t\t\t<div class=\"elementor-widget-container\">\n\t\t\t\t\t\t\t\t\t<p><a href=\"https:\/\/birimler.atauni.edu.tr\/alman-dili-ve-edebiyati\/program-ogretim-amaclari\/\" rel=\"attachment wp-att-7998\">Program \u00d6\u011fretim Ama\u00e7lar\u0131<\/a><\/p>\t\t\t\t\t\t\t\t<\/div>\n\t\t\t\t<\/div>\n\t\t\t\t\t<\/div>\n\t\t<\/div>\n\t\t\t\t\t<\/div>\n\t\t<\/section>\n\t\t\t\t<\/div>\n\t\t","protected":false},"excerpt":{"rendered":"<p>FEDEK, farkl\u0131 disiplinlerdeki Fen, Edebiyat, Fen-Edebiyat, Dil ve Tarih-Co\u011frafya Fak\u00fclteleri (Bundan sonra FEF olarak an\u0131lacakt\u0131r) \u00f6\u011fretim programlar\u0131 i\u00e7in akreditasyon, de\u011ferlendirme ve bilgilendirme \u00e7al\u0131\u015fmalar\u0131 yaparak, T\u00fcrkiye\u2019de FEF \u00f6\u011fretiminin kalitesinin y\u00fckseltilmesine katk\u0131da bulunacakt\u0131r. FEDEK, FEF b\u00f6l\u00fcmlerinde e\u011fitim-\u00f6\u011fretim, bilimsel ara\u015ft\u0131rma ve topluma hizmeti ilerletmek amac\u0131yla kurulmu\u015ftur. Program \u00d6\u011fretim Ama\u00e7lar\u0131<\/p>\n","protected":false},"author":446,"featured_media":0,"parent":0,"menu_order":0,"comment_status":"closed","ping_status":"closed","template":"","meta":{"footnotes":""},"class_list":["post-7991","page","type-page","status-publish","hentry"],"_links":{"self":[{"href":"https:\/\/atauni.edu.tr\/alman-dili-ve-edebiyati\/wp-json\/wp\/v2\/pages\/7991","targetHints":{"allow":["GET"]}}],"collection":[{"href":"https:\/\/atauni.edu.tr\/alman-dili-ve-edebiyati\/wp-json\/wp\/v2\/pages"}],"about":[{"href":"https:\/\/atauni.edu.tr\/alman-dili-ve-edebiyati\/wp-json\/wp\/v2\/types\/page"}],"author":[{"embeddable":true,"href":"https:\/\/atauni.edu.tr\/alman-dili-ve-edebiyati\/wp-json\/wp\/v2\/users\/446"}],"replies":[{"embeddable":true,"href":"https:\/\/atauni.edu.tr\/alman-dili-ve-edebiyati\/wp-json\/wp\/v2\/comments?post=7991"}],"version-history":[{"count":10,"href":"https:\/\/atauni.edu.tr\/alman-dili-ve-edebiyati\/wp-json\/wp\/v2\/pages\/7991\/revisions"}],"predecessor-version":[{"id":8007,"href":"https:\/\/atauni.edu.tr\/alman-dili-ve-edebiyati\/wp-json\/wp\/v2\/pages\/7991\/revisions\/8007"}],"wp:attachment":[{"href":"https:\/\/atauni.edu.tr\/alman-dili-ve-edebiyati\/wp-json\/wp\/v2\/media?parent=7991"}],"curies":[{"name":"wp","href":"https:\/\/api.w.org\/{rel}","templated":true}]}}