{"id":8709,"date":"2024-04-05T11:20:49","date_gmt":"2024-04-05T08:20:49","guid":{"rendered":"https:\/\/birimler.atauni.edu.tr\/alman-dili-ve-edebiyati\/?page_id=8709"},"modified":"2026-01-14T10:35:44","modified_gmt":"2026-01-14T07:35:44","slug":"iletisim-ve-tanitim-komisyonu","status":"publish","type":"page","link":"https:\/\/atauni.edu.tr\/alman-dili-ve-edebiyati\/iletisim-ve-tanitim-komisyonu\/","title":{"rendered":"\u0130leti\u015fim ve Tan\u0131t\u0131m Komisyonu"},"content":{"rendered":"\t\t<div data-elementor-type=\"wp-page\" data-elementor-id=\"8709\" class=\"elementor elementor-8709\" data-elementor-post-type=\"page\">\n\t\t\t\t\t\t<section class=\"elementor-section elementor-top-section elementor-element elementor-element-ffefac8 elementor-section-boxed elementor-section-height-default elementor-section-height-default\" data-id=\"ffefac8\" data-element_type=\"section\">\n\t\t\t\t\t\t<div class=\"elementor-container elementor-column-gap-default\">\n\t\t\t\t\t<div class=\"elementor-column elementor-col-100 elementor-top-column elementor-element elementor-element-10f3232\" data-id=\"10f3232\" data-element_type=\"column\">\n\t\t\t<div class=\"elementor-widget-wrap elementor-element-populated\">\n\t\t\t\t\t\t<div class=\"elementor-element elementor-element-e434c4f elementor-widget elementor-widget-text-editor\" data-id=\"e434c4f\" data-element_type=\"widget\" data-widget_type=\"text-editor.default\">\n\t\t\t\t<div class=\"elementor-widget-container\">\n\t\t\t\t\t\t\t\t\t<p><strong>Alman Dili ve Edebiyat\u0131 B\u00f6l\u00fcm\u00fc \u0130leti\u015fim ve Tan\u0131t\u0131m Komisyonu:<\/strong><\/p><ul><li>Prof. Dr. Cemile AKYILDIZ (Ba\u015fkan)<\/li><li>Prof. Dr. \u015eenay KAY\u011eIN<\/li><li>Prof. Dr. Zennube \u015eAH\u0130N YILMAZ<\/li><li>Ar\u015f. G\u00f6r. Ebrar K\u00d6SEO\u011eLU<\/li><\/ul>\t\t\t\t\t\t\t\t<\/div>\n\t\t\t\t<\/div>\n\t\t\t\t\t<\/div>\n\t\t<\/div>\n\t\t\t\t\t<\/div>\n\t\t<\/section>\n\t\t\t\t<\/div>\n\t\t","protected":false},"excerpt":{"rendered":"<p>Alman Dili ve Edebiyat\u0131 B\u00f6l\u00fcm\u00fc \u0130leti\u015fim ve Tan\u0131t\u0131m Komisyonu: Prof. Dr. Cemile AKYILDIZ (Ba\u015fkan) Prof. Dr. \u015eenay KAY\u011eIN Prof. Dr. Zennube \u015eAH\u0130N YILMAZ Ar\u015f. G\u00f6r. Ebrar K\u00d6SEO\u011eLU<\/p>\n","protected":false},"author":568,"featured_media":0,"parent":0,"menu_order":0,"comment_status":"closed","ping_status":"closed","template":"","meta":{"footnotes":""},"class_list":["post-8709","page","type-page","status-publish","hentry"],"_links":{"self":[{"href":"https:\/\/atauni.edu.tr\/alman-dili-ve-edebiyati\/wp-json\/wp\/v2\/pages\/8709","targetHints":{"allow":["GET"]}}],"collection":[{"href":"https:\/\/atauni.edu.tr\/alman-dili-ve-edebiyati\/wp-json\/wp\/v2\/pages"}],"about":[{"href":"https:\/\/atauni.edu.tr\/alman-dili-ve-edebiyati\/wp-json\/wp\/v2\/types\/page"}],"author":[{"embeddable":true,"href":"https:\/\/atauni.edu.tr\/alman-dili-ve-edebiyati\/wp-json\/wp\/v2\/users\/568"}],"replies":[{"embeddable":true,"href":"https:\/\/atauni.edu.tr\/alman-dili-ve-edebiyati\/wp-json\/wp\/v2\/comments?post=8709"}],"version-history":[{"count":13,"href":"https:\/\/atauni.edu.tr\/alman-dili-ve-edebiyati\/wp-json\/wp\/v2\/pages\/8709\/revisions"}],"predecessor-version":[{"id":10184,"href":"https:\/\/atauni.edu.tr\/alman-dili-ve-edebiyati\/wp-json\/wp\/v2\/pages\/8709\/revisions\/10184"}],"wp:attachment":[{"href":"https:\/\/atauni.edu.tr\/alman-dili-ve-edebiyati\/wp-json\/wp\/v2\/media?parent=8709"}],"curies":[{"name":"wp","href":"https:\/\/api.w.org\/{rel}","templated":true}]}}