{"id":9879,"date":"2025-07-29T15:52:34","date_gmt":"2025-07-29T12:52:34","guid":{"rendered":"https:\/\/birimler.atauni.edu.tr\/alman-dili-ve-edebiyati\/?page_id=9879"},"modified":"2025-07-29T15:52:34","modified_gmt":"2025-07-29T12:52:34","slug":"haberler","status":"publish","type":"page","link":"https:\/\/atauni.edu.tr\/alman-dili-ve-edebiyati\/haberler\/","title":{"rendered":"Haberler"},"content":{"rendered":"<form method=\"get\" class=\"row g-3\" style=\"margin-bottom: 20px;\"><div class=\"col-md-3\"><input type=\"text\" name=\"haber_ara\" class=\"form-control\" placeholder=\"Haber ara...\" value=\"\"><\/div><div class=\"col-md-3\"><input type=\"date\" name=\"baslangic_tarihi\" class=\"form-control\" value=\"\"><\/div><div class=\"col-md-3\"><input type=\"date\" name=\"bitis_tarihi\" class=\"form-control\" value=\"\"><\/div><div class=\"col-md-3\"><button type=\"submit\" class=\"btn btn-secondary w-50\">Filtrele<\/button><\/div><\/form><ul class=\"kategori-yazilari-liste\"><li style=\"display: flex; margin-bottom: 10px; align-items: center;\"><div class=\"post-thumbnail\" style=\"margin-right: 15px;\"><a href=\"https:\/\/atauni.edu.tr\/alman-dili-ve-edebiyati\/2026\/04\/14\/metinle-temas-unutulmaz-bir-edebiyat-bulusmasi-adli-etkinlik\/\"><img decoding=\"async\" width=\"150\" height=\"150\" src=\"https:\/\/atauni.edu.tr\/alman-dili-ve-edebiyati\/wp-content\/uploads\/sites\/78\/2026\/04\/Screenshot_20260405_225948_WhatsApp-e1776172480802-150x150.jpg\" class=\"attachment-thumbnail size-thumbnail wp-post-image\" alt=\"\" \/><\/a><\/div><div class=\"post-content\" style=\"flex-grow: 1;\"><span class=\"post-date habertarih\" style=\"display: block; font-weight: bold; margin-bottom: 5px;\">14 Nisan 2026<\/span><a class=\"haberbaslik\" href=\"https:\/\/atauni.edu.tr\/alman-dili-ve-edebiyati\/2026\/04\/14\/metinle-temas-unutulmaz-bir-edebiyat-bulusmasi-adli-etkinlik\/\">&#8220;Metinle Temas: Unutulmaz Bir Edebiyat Bulu\u015fmas\u0131&#8221; Adl\u0131 Etkinlik<\/a><\/div><\/li><li style=\"display: flex; margin-bottom: 10px; align-items: center;\"><div class=\"post-thumbnail\" style=\"margin-right: 15px;\"><a href=\"https:\/\/atauni.edu.tr\/alman-dili-ve-edebiyati\/2026\/04\/08\/helezon-tiyatro-gosterisi\/\"><img decoding=\"async\" width=\"150\" height=\"150\" src=\"https:\/\/atauni.edu.tr\/alman-dili-ve-edebiyati\/wp-content\/uploads\/sites\/78\/2026\/04\/IMG-20260407-WA0001-e1775652432956-150x150.jpg\" class=\"attachment-thumbnail size-thumbnail wp-post-image\" alt=\"\" srcset=\"https:\/\/atauni.edu.tr\/alman-dili-ve-edebiyati\/wp-content\/uploads\/sites\/78\/2026\/04\/IMG-20260407-WA0001-e1775652432956-150x150.jpg 150w, https:\/\/atauni.edu.tr\/alman-dili-ve-edebiyati\/wp-content\/uploads\/sites\/78\/2026\/04\/IMG-20260407-WA0001-e1775652432956-300x300.jpg 300w, https:\/\/atauni.edu.tr\/alman-dili-ve-edebiyati\/wp-content\/uploads\/sites\/78\/2026\/04\/IMG-20260407-WA0001-e1775652432956-1024x1024.jpg 1024w, https:\/\/atauni.edu.tr\/alman-dili-ve-edebiyati\/wp-content\/uploads\/sites\/78\/2026\/04\/IMG-20260407-WA0001-e1775652432956-768x769.jpg 768w, https:\/\/atauni.edu.tr\/alman-dili-ve-edebiyati\/wp-content\/uploads\/sites\/78\/2026\/04\/IMG-20260407-WA0001-e1775652432956-600x600.jpg 600w, https:\/\/atauni.edu.tr\/alman-dili-ve-edebiyati\/wp-content\/uploads\/sites\/78\/2026\/04\/IMG-20260407-WA0001-e1775652432956-560x560.jpg 560w, https:\/\/atauni.edu.tr\/alman-dili-ve-edebiyati\/wp-content\/uploads\/sites\/78\/2026\/04\/IMG-20260407-WA0001-e1775652432956.jpg 1179w\" sizes=\"(max-width: 150px) 100vw, 150px\" \/><\/a><\/div><div class=\"post-content\" style=\"flex-grow: 1;\"><span class=\"post-date habertarih\" style=\"display: block; font-weight: bold; margin-bottom: 5px;\">8 Nisan 2026<\/span><a class=\"haberbaslik\" href=\"https:\/\/atauni.edu.tr\/alman-dili-ve-edebiyati\/2026\/04\/08\/helezon-tiyatro-gosterisi\/\">&#8220;Helezon&#8221; Tiyatro G\u00f6sterisi<\/a><\/div><\/li><li style=\"display: flex; margin-bottom: 10px; align-items: center;\"><div class=\"post-thumbnail\" style=\"margin-right: 15px;\"><a href=\"https:\/\/atauni.edu.tr\/alman-dili-ve-edebiyati\/2026\/03\/09\/alman-kulturune-ilk-adim-kitap-hirsizi-ile-tanisma-adli-sinema-ve-perdenin-ardindaki-almanya-tek-film-buyuk-sinav-adli-quiz-etkinligi\/\"><img decoding=\"async\" width=\"150\" height=\"150\" src=\"https:\/\/atauni.edu.tr\/alman-dili-ve-edebiyati\/wp-content\/uploads\/sites\/78\/2026\/03\/Ekran-goruntusu-2026-03-09-130135-e1773050816880-150x150.png\" class=\"attachment-thumbnail size-thumbnail wp-post-image\" alt=\"\" \/><\/a><\/div><div class=\"post-content\" style=\"flex-grow: 1;\"><span class=\"post-date habertarih\" style=\"display: block; font-weight: bold; margin-bottom: 5px;\">9 Mart 2026<\/span><a class=\"haberbaslik\" href=\"https:\/\/atauni.edu.tr\/alman-dili-ve-edebiyati\/2026\/03\/09\/alman-kulturune-ilk-adim-kitap-hirsizi-ile-tanisma-adli-sinema-ve-perdenin-ardindaki-almanya-tek-film-buyuk-sinav-adli-quiz-etkinligi\/\">&#8220;Alman K\u00fclt\u00fcr\u00fcne \u0130lk Ad\u0131m: Kitap H\u0131rs\u0131z\u0131 ile Tan\u0131\u015fma&#8221; Adl\u0131 Sinema ve &#8220;Perdenin Ard\u0131ndaki Almanya: Tek Film, B\u00fcy\u00fck S\u0131nav&#8221; Adl\u0131 Quiz Etkinli\u011fi<\/a><\/div><\/li><li style=\"display: flex; margin-bottom: 10px; align-items: center;\"><div class=\"post-thumbnail\" style=\"margin-right: 15px;\"><a href=\"https:\/\/atauni.edu.tr\/alman-dili-ve-edebiyati\/2026\/02\/25\/fedek-toplantisi\/\"><img loading=\"lazy\" decoding=\"async\" width=\"150\" height=\"150\" src=\"https:\/\/atauni.edu.tr\/alman-dili-ve-edebiyati\/wp-content\/uploads\/sites\/78\/2026\/02\/IMG-20260225-WA0031-150x150.jpg\" class=\"attachment-thumbnail size-thumbnail wp-post-image\" alt=\"\" \/><\/a><\/div><div class=\"post-content\" style=\"flex-grow: 1;\"><span class=\"post-date habertarih\" style=\"display: block; font-weight: bold; margin-bottom: 5px;\">25 \u015eubat 2026<\/span><a class=\"haberbaslik\" href=\"https:\/\/atauni.edu.tr\/alman-dili-ve-edebiyati\/2026\/02\/25\/fedek-toplantisi\/\">FEDEK Toplant\u0131s\u0131<\/a><\/div><\/li><li style=\"display: flex; margin-bottom: 10px; align-items: center;\"><div class=\"post-thumbnail\" style=\"margin-right: 15px;\"><a href=\"https:\/\/atauni.edu.tr\/alman-dili-ve-edebiyati\/2026\/02\/19\/almanya-avrupa-birligi-ve-turkiye-kulturlerarasi-etkilesim-ve-diplomaside-erzurumdan-almanyaya-kopruler-adli-konferans\/\"><img loading=\"lazy\" decoding=\"async\" width=\"150\" height=\"150\" src=\"https:\/\/atauni.edu.tr\/alman-dili-ve-edebiyati\/wp-content\/uploads\/sites\/78\/2026\/03\/IMG-20260220-WA0070-scaled-e1772783674900-150x150.jpg\" class=\"attachment-thumbnail size-thumbnail wp-post-image\" alt=\"\" \/><\/a><\/div><div class=\"post-content\" style=\"flex-grow: 1;\"><span class=\"post-date habertarih\" style=\"display: block; font-weight: bold; margin-bottom: 5px;\">19 \u015eubat 2026<\/span><a class=\"haberbaslik\" href=\"https:\/\/atauni.edu.tr\/alman-dili-ve-edebiyati\/2026\/02\/19\/almanya-avrupa-birligi-ve-turkiye-kulturlerarasi-etkilesim-ve-diplomaside-erzurumdan-almanyaya-kopruler-adli-konferans\/\">\u201cAlmanya, Avrupa Birli\u011fi ve T\u00fcrkiye: K\u00fclt\u00fcrleraras\u0131 Etkile\u015fim ve Diplomaside Erzurum&#8217;dan Almanya&#8217;ya K\u00f6pr\u00fcler\u201d Adl\u0131 Konferans<\/a><\/div><\/li><li style=\"display: flex; margin-bottom: 10px; align-items: center;\"><div class=\"post-thumbnail\" style=\"margin-right: 15px;\"><a href=\"https:\/\/atauni.edu.tr\/alman-dili-ve-edebiyati\/2026\/01\/22\/prof-dr-zennube-sahin-yilmazin-yeni-kitabi-yayimlanmistir\/\"><img loading=\"lazy\" decoding=\"async\" width=\"150\" height=\"150\" src=\"https:\/\/atauni.edu.tr\/alman-dili-ve-edebiyati\/wp-content\/uploads\/sites\/78\/2026\/01\/IMG-20260120-WA0016-150x150.jpg\" class=\"attachment-thumbnail size-thumbnail wp-post-image\" alt=\"\" \/><\/a><\/div><div class=\"post-content\" style=\"flex-grow: 1;\"><span class=\"post-date habertarih\" style=\"display: block; font-weight: bold; margin-bottom: 5px;\">22 Ocak 2026<\/span><a class=\"haberbaslik\" href=\"https:\/\/atauni.edu.tr\/alman-dili-ve-edebiyati\/2026\/01\/22\/prof-dr-zennube-sahin-yilmazin-yeni-kitabi-yayimlanmistir\/\">Prof. Dr. Zennube \u015eAH\u0130N YILMAZ&#8217;\u0131n Yeni Kitab\u0131 Yay\u0131mlanm\u0131\u015ft\u0131r<\/a><\/div><\/li><li style=\"display: flex; margin-bottom: 10px; align-items: center;\"><div class=\"post-thumbnail\" style=\"margin-right: 15px;\"><a href=\"https:\/\/atauni.edu.tr\/alman-dili-ve-edebiyati\/2026\/01\/21\/germanistik-kulubunden-bolum-baskanina-hayirli-olsun-ziyareti\/\"><img loading=\"lazy\" decoding=\"async\" width=\"150\" height=\"150\" src=\"https:\/\/atauni.edu.tr\/alman-dili-ve-edebiyati\/wp-content\/uploads\/sites\/78\/2026\/01\/IMG-20260120-WA0017-e1768990863204-150x150.jpg\" class=\"attachment-thumbnail size-thumbnail wp-post-image\" alt=\"\" \/><\/a><\/div><div class=\"post-content\" style=\"flex-grow: 1;\"><span class=\"post-date habertarih\" style=\"display: block; font-weight: bold; margin-bottom: 5px;\">21 Ocak 2026<\/span><a class=\"haberbaslik\" href=\"https:\/\/atauni.edu.tr\/alman-dili-ve-edebiyati\/2026\/01\/21\/germanistik-kulubunden-bolum-baskanina-hayirli-olsun-ziyareti\/\">Germanistik Kul\u00fcb\u00fc\u2019nden B\u00f6l\u00fcm Ba\u015fkan\u0131na Hay\u0131rl\u0131 Olsun Ziyareti<\/a><\/div><\/li><li style=\"display: flex; margin-bottom: 10px; align-items: center;\"><div class=\"post-thumbnail\" style=\"margin-right: 15px;\"><a href=\"https:\/\/atauni.edu.tr\/alman-dili-ve-edebiyati\/2026\/01\/16\/patent-odul-toreni\/\"><img loading=\"lazy\" decoding=\"async\" width=\"150\" height=\"150\" src=\"https:\/\/atauni.edu.tr\/alman-dili-ve-edebiyati\/wp-content\/uploads\/sites\/78\/2026\/01\/1-150x150.jpg\" class=\"attachment-thumbnail size-thumbnail wp-post-image\" alt=\"\" \/><\/a><\/div><div class=\"post-content\" style=\"flex-grow: 1;\"><span class=\"post-date habertarih\" style=\"display: block; font-weight: bold; margin-bottom: 5px;\">16 Ocak 2026<\/span><a class=\"haberbaslik\" href=\"https:\/\/atauni.edu.tr\/alman-dili-ve-edebiyati\/2026\/01\/16\/patent-odul-toreni\/\">Patent \u00d6d\u00fcl T\u00f6reni<\/a><\/div><\/li><li style=\"display: flex; margin-bottom: 10px; align-items: center;\"><div class=\"post-content\" style=\"flex-grow: 1;\"><span class=\"post-date habertarih\" style=\"display: block; font-weight: bold; margin-bottom: 5px;\">16 Ocak 2026<\/span><a class=\"haberbaslik\" href=\"https:\/\/atauni.edu.tr\/alman-dili-ve-edebiyati\/2026\/01\/16\/prof-dr-gursel-uyanika-tesekkurler\/\">Prof. Dr. G\u00fcrsel UYANIK&#8217;a Te\u015fekk\u00fcrler<\/a><\/div><\/li><li style=\"display: flex; margin-bottom: 10px; align-items: center;\"><div class=\"post-thumbnail\" style=\"margin-right: 15px;\"><a href=\"https:\/\/atauni.edu.tr\/alman-dili-ve-edebiyati\/2026\/01\/13\/butunlesik-yuksek-lisans-tanitimi\/\"><img loading=\"lazy\" decoding=\"async\" width=\"150\" height=\"150\" src=\"https:\/\/atauni.edu.tr\/alman-dili-ve-edebiyati\/wp-content\/uploads\/sites\/78\/2024\/12\/duyuru-gorseli-150x150.jpeg\" class=\"attachment-thumbnail size-thumbnail wp-post-image\" alt=\"\" \/><\/a><\/div><div class=\"post-content\" style=\"flex-grow: 1;\"><span class=\"post-date habertarih\" style=\"display: block; font-weight: bold; margin-bottom: 5px;\">13 Ocak 2026<\/span><a class=\"haberbaslik\" href=\"https:\/\/atauni.edu.tr\/alman-dili-ve-edebiyati\/2026\/01\/13\/butunlesik-yuksek-lisans-tanitimi\/\">B\u00fct\u00fcnle\u015fik Y\u00fcksek Lisans Tan\u0131t\u0131m\u0131<\/a><\/div><\/li><\/ul><nav class=\"pagination\" style=\"margin-top: 20px;\"><ul class='page-numbers'>\n\t<li><span aria-current=\"page\" class=\"page-numbers current\">1<\/span><\/li>\n\t<li><a class=\"page-numbers\" href=\"https:\/\/atauni.edu.tr\/alman-dili-ve-edebiyati\/wp-json\/wp\/v2\/pages\/9879\/page\/2\/\">2<\/a><\/li>\n\t<li><a class=\"page-numbers\" href=\"https:\/\/atauni.edu.tr\/alman-dili-ve-edebiyati\/wp-json\/wp\/v2\/pages\/9879\/page\/3\/\">3<\/a><\/li>\n\t<li><a class=\"next page-numbers\" href=\"https:\/\/atauni.edu.tr\/alman-dili-ve-edebiyati\/wp-json\/wp\/v2\/pages\/9879\/page\/2\/\">Sonraki &raquo;<\/a><\/li>\n<\/ul>\n<\/nav>\n\n\n\n<p><\/p>\n","protected":false},"excerpt":{"rendered":"","protected":false},"author":1,"featured_media":0,"parent":0,"menu_order":0,"comment_status":"closed","ping_status":"closed","template":"","meta":{"footnotes":""},"class_list":["post-9879","page","type-page","status-publish","hentry"],"_links":{"self":[{"href":"https:\/\/atauni.edu.tr\/alman-dili-ve-edebiyati\/wp-json\/wp\/v2\/pages\/9879","targetHints":{"allow":["GET"]}}],"collection":[{"href":"https:\/\/atauni.edu.tr\/alman-dili-ve-edebiyati\/wp-json\/wp\/v2\/pages"}],"about":[{"href":"https:\/\/atauni.edu.tr\/alman-dili-ve-edebiyati\/wp-json\/wp\/v2\/types\/page"}],"author":[{"embeddable":true,"href":"https:\/\/atauni.edu.tr\/alman-dili-ve-edebiyati\/wp-json\/wp\/v2\/users\/1"}],"replies":[{"embeddable":true,"href":"https:\/\/atauni.edu.tr\/alman-dili-ve-edebiyati\/wp-json\/wp\/v2\/comments?post=9879"}],"version-history":[{"count":1,"href":"https:\/\/atauni.edu.tr\/alman-dili-ve-edebiyati\/wp-json\/wp\/v2\/pages\/9879\/revisions"}],"predecessor-version":[{"id":9882,"href":"https:\/\/atauni.edu.tr\/alman-dili-ve-edebiyati\/wp-json\/wp\/v2\/pages\/9879\/revisions\/9882"}],"wp:attachment":[{"href":"https:\/\/atauni.edu.tr\/alman-dili-ve-edebiyati\/wp-json\/wp\/v2\/media?parent=9879"}],"curies":[{"name":"wp","href":"https:\/\/api.w.org\/{rel}","templated":true}]}}