{"id":5682,"date":"2021-07-13T10:10:01","date_gmt":"2021-07-13T07:10:01","guid":{"rendered":"https:\/\/portaltest.atauni.edu.tr\/bilgisayar-muhendisligi\/?page_id=5682"},"modified":"2021-12-13T10:13:19","modified_gmt":"2021-12-13T07:13:19","slug":"misyon-vizyon-ve-temel-degerler","status":"publish","type":"page","link":"https:\/\/atauni.edu.tr\/amerikan-kulturu-ve-edebiyati\/misyon-vizyon-ve-temel-degerler\/","title":{"rendered":"Misyon, Vizyon ve Temel De\u011ferler"},"content":{"rendered":"\t\t<div data-elementor-type=\"wp-page\" data-elementor-id=\"5682\" class=\"elementor elementor-5682\" data-elementor-post-type=\"page\">\n\t\t\t\t\t\t<section class=\"elementor-section elementor-top-section elementor-element elementor-element-730d320 elementor-section-boxed elementor-section-height-default elementor-section-height-default\" data-id=\"730d320\" data-element_type=\"section\">\n\t\t\t\t\t\t<div class=\"elementor-container elementor-column-gap-default\">\n\t\t\t\t\t<div class=\"elementor-column elementor-col-100 elementor-top-column elementor-element elementor-element-753d0860\" data-id=\"753d0860\" data-element_type=\"column\">\n\t\t\t<div class=\"elementor-widget-wrap\">\n\t\t\t\t\t\t\t<\/div>\n\t\t<\/div>\n\t\t\t\t\t<\/div>\n\t\t<\/section>\n\t\t\t\t<section class=\"elementor-section elementor-top-section elementor-element elementor-element-9be811a elementor-section-boxed elementor-section-height-default elementor-section-height-default\" data-id=\"9be811a\" data-element_type=\"section\">\n\t\t\t\t\t\t<div class=\"elementor-container elementor-column-gap-default\">\n\t\t\t\t\t<div class=\"elementor-column elementor-col-100 elementor-top-column elementor-element elementor-element-1ed847b7\" data-id=\"1ed847b7\" data-element_type=\"column\">\n\t\t\t<div class=\"elementor-widget-wrap elementor-element-populated\">\n\t\t\t\t\t\t<div class=\"elementor-element elementor-element-4ce0d07f elementor-widget elementor-widget-heading\" data-id=\"4ce0d07f\" data-element_type=\"widget\" data-widget_type=\"heading.default\">\n\t\t\t\t<div class=\"elementor-widget-container\">\n\t\t\t\t\t<h2 class=\"elementor-heading-title elementor-size-default\">Misyon, Vizyon ve Temel De\u011ferler<\/h2>\t\t\t\t<\/div>\n\t\t\t\t<\/div>\n\t\t\t\t<div class=\"elementor-element elementor-element-63260862 elementor-widget-divider--view-line elementor-widget elementor-widget-divider\" data-id=\"63260862\" data-element_type=\"widget\" data-widget_type=\"divider.default\">\n\t\t\t\t<div class=\"elementor-widget-container\">\n\t\t\t\t\t\t\t<div class=\"elementor-divider\">\n\t\t\t<span class=\"elementor-divider-separator\">\n\t\t\t\t\t\t<\/span>\n\t\t<\/div>\n\t\t\t\t\t\t<\/div>\n\t\t\t\t<\/div>\n\t\t\t\t\t<\/div>\n\t\t<\/div>\n\t\t\t\t\t<\/div>\n\t\t<\/section>\n\t\t\t\t<section class=\"elementor-section elementor-top-section elementor-element elementor-element-681db8b elementor-section-boxed elementor-section-height-default elementor-section-height-default\" data-id=\"681db8b\" data-element_type=\"section\">\n\t\t\t\t\t\t<div class=\"elementor-container elementor-column-gap-default\">\n\t\t\t\t\t<div class=\"elementor-column elementor-col-100 elementor-top-column elementor-element elementor-element-ad4dac5\" data-id=\"ad4dac5\" data-element_type=\"column\">\n\t\t\t<div class=\"elementor-widget-wrap elementor-element-populated\">\n\t\t\t\t\t\t<div class=\"elementor-element elementor-element-2f96b3d elementor-widget elementor-widget-text-editor\" data-id=\"2f96b3d\" data-element_type=\"widget\" data-widget_type=\"text-editor.default\">\n\t\t\t\t<div class=\"elementor-widget-container\">\n\t\t\t\t\t\t\t\t\t<p><span lang=\"TR\" style=\", sans-serif;font-size: 14px;text-align: start\">Amerikan K\u00fclt\u00fcr\u00fc ve Edebiyat\u0131 B\u00f6l\u00fcm\u00fc\u2019n\u00fcn&nbsp;<\/span><span lang=\"TR\" style=\", sans-serif;font-size: 14px;text-align: start\">&nbsp;<\/span><span lang=\"TR\" style=\", sans-serif;font-size: 14px;text-align: start\">vizyonu, uluslararas\u0131 d\u00fczeyde faaliyet g\u00f6steren, donan\u0131ml\u0131, gelece\u011fe iz b\u0131rakan bir b\u00f6l\u00fcm olmakt\u0131r<span>.&nbsp;<\/span>Program\u0131n misyonu sosyal bilimler alan\u0131nda, bilimsel ilke ve i\u015fleyi\u015fi kavram\u0131\u015f, problem \u00e7\u00f6zme y\u00f6ntemlerine vak\u0131f, sosyal bilimlerle hayat\u0131n di\u011fer alanlar\u0131 aras\u0131nda ba\u011flant\u0131 kurabilen; ele\u015ftirel d\u00fc\u015f\u00fcnceye sahip, beceri ve motivasyonu g\u00fc\u00e7l\u00fc; bilimsel anlay\u0131\u015fa ba\u011fl\u0131, \u00e7a\u011fda\u015f, sorgulay\u0131c\u0131, insan haklar\u0131na ve etik de\u011ferlere sayg\u0131l\u0131, sosyal ili\u015fkilerde aktif, demokratik, ho\u015fg\u00f6r\u00fc sahibi, farkl\u0131 k\u00fclt\u00fcrler ve de\u011ferler kar\u015f\u0131s\u0131nda objektif, k\u00fclt\u00fcr de\u011ferlerinin ara\u015ft\u0131r\u0131lmas\u0131na ve ortaya \u00e7\u0131kar\u0131lmas\u0131na katk\u0131 sa\u011flayan, bilgi ve tecr\u00fcbelerini t\u00fcm d\u00fcnya ile payla\u015fmay\u0131 benimseyen bireyler yeti\u015ftirmektir.<\/span><br><\/p>\t\t\t\t\t\t\t\t<\/div>\n\t\t\t\t<\/div>\n\t\t\t\t\t<\/div>\n\t\t<\/div>\n\t\t\t\t\t<\/div>\n\t\t<\/section>\n\t\t\t\t<\/div>\n\t\t","protected":false},"excerpt":{"rendered":"<p>Misyon, Vizyon ve Temel De\u011ferler Amerikan K\u00fclt\u00fcr\u00fc ve Edebiyat\u0131 B\u00f6l\u00fcm\u00fc\u2019n\u00fcn&nbsp;&nbsp;vizyonu, uluslararas\u0131 d\u00fczeyde faaliyet g\u00f6steren, donan\u0131ml\u0131, gelece\u011fe iz b\u0131rakan bir b\u00f6l\u00fcm olmakt\u0131r.&nbsp;Program\u0131n misyonu sosyal bilimler alan\u0131nda, bilimsel ilke ve i\u015fleyi\u015fi kavram\u0131\u015f, problem \u00e7\u00f6zme y\u00f6ntemlerine vak\u0131f, sosyal bilimlerle hayat\u0131n di\u011fer alanlar\u0131 aras\u0131nda ba\u011flant\u0131 kurabilen; ele\u015ftirel d\u00fc\u015f\u00fcnceye sahip, beceri ve motivasyonu g\u00fc\u00e7l\u00fc; bilimsel anlay\u0131\u015fa ba\u011fl\u0131, \u00e7a\u011fda\u015f, sorgulay\u0131c\u0131, insan [&hellip;]<\/p>\n","protected":false},"author":1,"featured_media":0,"parent":0,"menu_order":0,"comment_status":"closed","ping_status":"closed","template":"elementor_header_footer","meta":{"footnotes":""},"class_list":["post-5682","page","type-page","status-publish","hentry"],"_links":{"self":[{"href":"https:\/\/atauni.edu.tr\/amerikan-kulturu-ve-edebiyati\/wp-json\/wp\/v2\/pages\/5682","targetHints":{"allow":["GET"]}}],"collection":[{"href":"https:\/\/atauni.edu.tr\/amerikan-kulturu-ve-edebiyati\/wp-json\/wp\/v2\/pages"}],"about":[{"href":"https:\/\/atauni.edu.tr\/amerikan-kulturu-ve-edebiyati\/wp-json\/wp\/v2\/types\/page"}],"author":[{"embeddable":true,"href":"https:\/\/atauni.edu.tr\/amerikan-kulturu-ve-edebiyati\/wp-json\/wp\/v2\/users\/1"}],"replies":[{"embeddable":true,"href":"https:\/\/atauni.edu.tr\/amerikan-kulturu-ve-edebiyati\/wp-json\/wp\/v2\/comments?post=5682"}],"version-history":[{"count":11,"href":"https:\/\/atauni.edu.tr\/amerikan-kulturu-ve-edebiyati\/wp-json\/wp\/v2\/pages\/5682\/revisions"}],"predecessor-version":[{"id":6147,"href":"https:\/\/atauni.edu.tr\/amerikan-kulturu-ve-edebiyati\/wp-json\/wp\/v2\/pages\/5682\/revisions\/6147"}],"wp:attachment":[{"href":"https:\/\/atauni.edu.tr\/amerikan-kulturu-ve-edebiyati\/wp-json\/wp\/v2\/media?parent=5682"}],"curies":[{"name":"wp","href":"https:\/\/api.w.org\/{rel}","templated":true}]}}