{"id":6450,"date":"2022-03-11T10:23:46","date_gmt":"2022-03-11T07:23:46","guid":{"rendered":"https:\/\/birimler.atauni.edu.tr\/amerikan-kulturu-ve-edebiyati\/?page_id=6450"},"modified":"2022-03-12T16:11:32","modified_gmt":"2022-03-12T13:11:32","slug":"formlar","status":"publish","type":"page","link":"https:\/\/atauni.edu.tr\/amerikan-kulturu-ve-edebiyati\/formlar\/","title":{"rendered":"Formlar"},"content":{"rendered":"\t\t<div data-elementor-type=\"wp-page\" data-elementor-id=\"6450\" class=\"elementor elementor-6450\" data-elementor-post-type=\"page\">\n\t\t\t\t\t\t<section class=\"elementor-section elementor-top-section elementor-element elementor-element-79f4750 elementor-section-boxed elementor-section-height-default elementor-section-height-default\" data-id=\"79f4750\" data-element_type=\"section\">\n\t\t\t\t\t\t<div class=\"elementor-container elementor-column-gap-default\">\n\t\t\t\t\t<div class=\"elementor-column elementor-col-100 elementor-top-column elementor-element elementor-element-c2b23a0\" data-id=\"c2b23a0\" data-element_type=\"column\">\n\t\t\t<div class=\"elementor-widget-wrap elementor-element-populated\">\n\t\t\t\t\t\t<div class=\"elementor-element elementor-element-50a5ffd elementor-widget elementor-widget-text-editor\" data-id=\"50a5ffd\" data-element_type=\"widget\" data-widget_type=\"text-editor.default\">\n\t\t\t\t<div class=\"elementor-widget-container\">\n\t\t\t\t\t\t\t\t\t<p>Mazeret s\u0131nav\u0131 ba\u015fvuru dilek\u00e7esine ula\u015fmak i\u00e7in <a href=\"https:\/\/www.atauni.edu.tr\/yuklemeler\/86b602426762bff1fe4467ba8d96a5e7.pdf\">t\u0131klay\u0131n\u0131z<\/a><\/p><p>Mezuniyet tek ders s\u0131nav\u0131 ba\u015fvuru dilek\u00e7esine ula\u015fmak i\u00e7in <a href=\"https:\/\/www.atauni.edu.tr\/yuklemeler\/3ac02270a6fe4ebef189c335a7622e7f.pdf\">t\u0131klay\u0131n\u0131z\u00a0<\/a><\/p><p>Kay\u0131t dondurma ba\u015fvuru dilek\u00e7esine ula\u015fmak i\u00e7in <a href=\"https:\/\/www.atauni.edu.tr\/yuklemeler\/60a4b1213a264af2786cc1ef850de60b.pdf\">t\u0131klay\u0131n\u0131z<\/a>\u00a0<\/p><p>S\u0131nav notu itiraz dilek\u00e7esine ula\u015fmak i\u00e7in <a href=\"https:\/\/www.atauni.edu.tr\/yuklemeler\/8fc9e29de854e577c3a2d720000bd8eb.pdf\">t\u0131klay\u0131n\u0131z\u00a0<\/a><\/p><p>Ders muafiyet ba\u015fvuru dilek\u00e7esine ula\u015fmak i\u00e7in <a href=\"https:\/\/www.atauni.edu.tr\/yuklemeler\/1c4af55a25c0fce022678d66a807db65.pdf\">t\u0131klay\u0131n\u0131z\u00a0<\/a><\/p><p><span style=\"font-family: Ubuntu\">Se\u00e7meli ders de\u011fi\u015ftirme ba\u015fvuru dilek\u00e7esine ula\u015fmak i\u00e7in<a href=\"https:\/\/www.atauni.edu.tr\/yuklemeler\/8b6e5efa7adfb700092dd6bf687cf887.pdf\"> t\u0131klay\u0131n\u0131z<\/a><\/span><\/p>\t\t\t\t\t\t\t\t<\/div>\n\t\t\t\t<\/div>\n\t\t\t\t\t<\/div>\n\t\t<\/div>\n\t\t\t\t\t<\/div>\n\t\t<\/section>\n\t\t\t\t<\/div>\n\t\t","protected":false},"excerpt":{"rendered":"<p>Mazeret s\u0131nav\u0131 ba\u015fvuru dilek\u00e7esine ula\u015fmak i\u00e7in t\u0131klay\u0131n\u0131z Mezuniyet tek ders s\u0131nav\u0131 ba\u015fvuru dilek\u00e7esine ula\u015fmak i\u00e7in t\u0131klay\u0131n\u0131z\u00a0 Kay\u0131t dondurma ba\u015fvuru dilek\u00e7esine ula\u015fmak i\u00e7in t\u0131klay\u0131n\u0131z\u00a0 S\u0131nav notu itiraz dilek\u00e7esine ula\u015fmak i\u00e7in t\u0131klay\u0131n\u0131z\u00a0 Ders muafiyet ba\u015fvuru dilek\u00e7esine ula\u015fmak i\u00e7in t\u0131klay\u0131n\u0131z\u00a0 Se\u00e7meli ders de\u011fi\u015ftirme ba\u015fvuru dilek\u00e7esine ula\u015fmak i\u00e7in t\u0131klay\u0131n\u0131z<\/p>\n","protected":false},"author":68,"featured_media":0,"parent":0,"menu_order":0,"comment_status":"closed","ping_status":"closed","template":"","meta":{"footnotes":""},"class_list":["post-6450","page","type-page","status-publish","hentry"],"_links":{"self":[{"href":"https:\/\/atauni.edu.tr\/amerikan-kulturu-ve-edebiyati\/wp-json\/wp\/v2\/pages\/6450","targetHints":{"allow":["GET"]}}],"collection":[{"href":"https:\/\/atauni.edu.tr\/amerikan-kulturu-ve-edebiyati\/wp-json\/wp\/v2\/pages"}],"about":[{"href":"https:\/\/atauni.edu.tr\/amerikan-kulturu-ve-edebiyati\/wp-json\/wp\/v2\/types\/page"}],"author":[{"embeddable":true,"href":"https:\/\/atauni.edu.tr\/amerikan-kulturu-ve-edebiyati\/wp-json\/wp\/v2\/users\/68"}],"replies":[{"embeddable":true,"href":"https:\/\/atauni.edu.tr\/amerikan-kulturu-ve-edebiyati\/wp-json\/wp\/v2\/comments?post=6450"}],"version-history":[{"count":19,"href":"https:\/\/atauni.edu.tr\/amerikan-kulturu-ve-edebiyati\/wp-json\/wp\/v2\/pages\/6450\/revisions"}],"predecessor-version":[{"id":6472,"href":"https:\/\/atauni.edu.tr\/amerikan-kulturu-ve-edebiyati\/wp-json\/wp\/v2\/pages\/6450\/revisions\/6472"}],"wp:attachment":[{"href":"https:\/\/atauni.edu.tr\/amerikan-kulturu-ve-edebiyati\/wp-json\/wp\/v2\/media?parent=6450"}],"curies":[{"name":"wp","href":"https:\/\/api.w.org\/{rel}","templated":true}]}}