{"id":5638,"date":"2021-07-13T09:49:25","date_gmt":"2021-07-13T06:49:25","guid":{"rendered":"https:\/\/portaltest.atauni.edu.tr\/bilgisayar-muhendisligi\/?page_id=5638"},"modified":"2023-01-26T10:42:17","modified_gmt":"2023-01-26T07:42:17","slug":"tarihce","status":"publish","type":"page","link":"https:\/\/atauni.edu.tr\/arap-dili-ve-edebiyati\/tarihce\/","title":{"rendered":"Tarih\u00e7e"},"content":{"rendered":"\t\t<div data-elementor-type=\"wp-page\" data-elementor-id=\"5638\" class=\"elementor elementor-5638\" data-elementor-post-type=\"page\">\n\t\t\t\t\t\t<section class=\"elementor-section elementor-top-section elementor-element elementor-element-730d320 elementor-section-boxed elementor-section-height-default elementor-section-height-default\" data-id=\"730d320\" data-element_type=\"section\">\n\t\t\t\t\t\t<div class=\"elementor-container elementor-column-gap-default\">\n\t\t\t\t\t<div class=\"elementor-column elementor-col-100 elementor-top-column elementor-element elementor-element-753d0860\" data-id=\"753d0860\" data-element_type=\"column\">\n\t\t\t<div class=\"elementor-widget-wrap\">\n\t\t\t\t\t\t\t<\/div>\n\t\t<\/div>\n\t\t\t\t\t<\/div>\n\t\t<\/section>\n\t\t\t\t<section class=\"elementor-section elementor-top-section elementor-element elementor-element-9be811a elementor-section-boxed elementor-section-height-default elementor-section-height-default\" data-id=\"9be811a\" data-element_type=\"section\">\n\t\t\t\t\t\t<div class=\"elementor-container elementor-column-gap-default\">\n\t\t\t\t\t<div class=\"elementor-column elementor-col-100 elementor-top-column elementor-element elementor-element-1ed847b7\" data-id=\"1ed847b7\" data-element_type=\"column\">\n\t\t\t<div class=\"elementor-widget-wrap elementor-element-populated\">\n\t\t\t\t\t\t<div class=\"elementor-element elementor-element-4ce0d07f elementor-widget elementor-widget-heading\" data-id=\"4ce0d07f\" data-element_type=\"widget\" data-widget_type=\"heading.default\">\n\t\t\t\t<div class=\"elementor-widget-container\">\n\t\t\t\t\t<h2 class=\"elementor-heading-title elementor-size-default\">Tarih\u00e7e<\/h2>\t\t\t\t<\/div>\n\t\t\t\t<\/div>\n\t\t\t\t<div class=\"elementor-element elementor-element-63260862 elementor-widget-divider--view-line elementor-widget elementor-widget-divider\" data-id=\"63260862\" data-element_type=\"widget\" data-widget_type=\"divider.default\">\n\t\t\t\t<div class=\"elementor-widget-container\">\n\t\t\t\t\t\t\t<div class=\"elementor-divider\">\n\t\t\t<span class=\"elementor-divider-separator\">\n\t\t\t\t\t\t<\/span>\n\t\t<\/div>\n\t\t\t\t\t\t<\/div>\n\t\t\t\t<\/div>\n\t\t\t\t\t<\/div>\n\t\t<\/div>\n\t\t\t\t\t<\/div>\n\t\t<\/section>\n\t\t\t\t<section class=\"elementor-section elementor-top-section elementor-element elementor-element-681db8b elementor-section-boxed elementor-section-height-default elementor-section-height-default\" data-id=\"681db8b\" data-element_type=\"section\">\n\t\t\t\t\t\t<div class=\"elementor-container elementor-column-gap-default\">\n\t\t\t\t\t<div class=\"elementor-column elementor-col-100 elementor-top-column elementor-element elementor-element-ad4dac5\" data-id=\"ad4dac5\" data-element_type=\"column\">\n\t\t\t<div class=\"elementor-widget-wrap elementor-element-populated\">\n\t\t\t\t\t\t<div class=\"elementor-element elementor-element-2f96b3d elementor-widget elementor-widget-text-editor\" data-id=\"2f96b3d\" data-element_type=\"widget\" data-widget_type=\"text-editor.default\">\n\t\t\t\t<div class=\"elementor-widget-container\">\n\t\t\t\t\t\t\t\t\t<p>B\u00f6l\u00fcm\u00fcm\u00fcz Atat\u00fcrk \u00dcniversitesi Edebiyat Fak\u00fcltesi b\u00fcnyesinde 1968\u2019de Arap-Fars Dilleri ve Edebiyatlar\u0131 B\u00f6l\u00fcm\u00fc ad\u0131 ile kurulmu\u015ftur. Lisans d\u00fczeyindeki \u00f6\u011fretimine 1974-1975 \u00f6\u011fretim y\u0131l\u0131nda ba\u015flam\u0131\u015ft\u0131r. 1983 y\u0131l\u0131nda Do\u011fu Dilleri ve Edebiyatlar\u0131 B\u00f6l\u00fcm\u00fc ad\u0131n\u0131 alarak Arap Dili ve Edebiyat\u0131 Anabilim Dal\u0131 ile Fars Dili ve Edebiyat\u0131 Anabilim Dal\u0131 olmak \u00fczere iki ayr\u0131 program uygulamaya ve ayr\u0131 diploma vermeye ba\u015flam\u0131\u015ft\u0131r. 14 Ocak 2014 tarihinde Do\u011fu Dilleri ve Edebiyatlar\u0131 b\u00fcnyesinden ayr\u0131l\u0131p Arap Dili ve Edebiyat\u0131 b\u00f6l\u00fcm\u00fc olarak \u00f6\u011fretime devam etmektedir. <span style=\"letter-spacing: 0px\">B\u00f6l\u00fcm\u00fcm\u00fcz\u00fcn e\u011fitim ve \u00f6\u011fretimdeki amac\u0131, lisans ve lisans\u00fcst\u00fc d\u00fczeyde bilimsel d\u00fc\u015f\u00fcnceye ve ara\u015ft\u0131rma yetene\u011fine sahip eleman yeti\u015ftirmek, Arap dilinin edebiyat\u0131n\u0131 \u00f6\u011fretmektir. Ayr\u0131ca Arap k\u00fclt\u00fcr\u00fcn\u00fcn, klasik ve modern devreleri ile ilgili ara\u015ft\u0131rmalar yapmak, bu dildeki kaynaklarda yer alan T\u00fcrk &nbsp;tarihine ve k\u00fclt\u00fcr\u00fcne ait bilgileri derleyip inceleyerek yay\u0131nlamakt\u0131r. Buna ek olarak, \u00f6ncelikle bulundu\u011fu \u015fehrin insanlar\u0131na k\u00fclt\u00fcrel olarak hizmet etmek; k\u00fct\u00fcphanelerdeki Arap\u00e7a ve Osmanl\u0131ca eserleri g\u00fcn\u00fcm\u00fcz insan\u0131na cevap verecek \u015fekilde terc\u00fcme etmek ve yeniden d\u00fczenlemek; b\u00fcnyesinde bulundu\u011fu Atat\u00fcrk \u00dcniversitesi`nin \u00e7a\u011fda\u015f normlarda bilimsel geli\u015fimine ve uluslararas\u0131 d\u00fczeyde sayg\u0131nl\u0131\u011f\u0131na katk\u0131da bulunmak b\u00f6l\u00fcm\u00fcn ama\u00e7lar\u0131 aras\u0131ndad\u0131r. B\u00f6l\u00fcm\u00fcm\u00fcz \u00f6\u011frencilerine, Pedagojik Formasyon dersleri, belli kriterler dahilinde S\u00fcrekli E\u011fitim Merkezi taraf\u0131ndan verilmektedir. B\u00f6l\u00fcmden mezun olanlar, Milli E\u011fitim Bakanl\u0131\u011f\u0131`na ba\u011fl\u0131 okullarda \u00f6\u011fretmen olarak g\u00f6rev ald\u0131klar\u0131 gibi, Ortado\u011fu \u00fclkeleri ile geli\u015fen temaslar sayesinde \u00f6zel sekt\u00f6rde \u00e7al\u0131\u015fma imk\u00e2n\u0131na sahip olmakta, de\u011fi\u015fik \u00fclkelerdeki b\u00fcy\u00fckel\u00e7ilikler, konsolosluklar, g\u00fcmr\u00fckler, k\u00fct\u00fcphaneler, ar\u015fivler ba\u015fta olmak \u00fczere di\u011fer resmi kurumlarda terc\u00fcmanl\u0131k, uzmanl\u0131k vb. dallarda g\u00f6rev alabilmekte, Arap\u00e7a yazma eserlerin bulundu\u011fu zengin k\u00fct\u00fcphanelerimizde \u00e7al\u0131\u015fma imk\u00e2nlar\u0131 elde etmekte ve tabii olarak \u00fcniversitelerimizin ilgili b\u00f6l\u00fcmlerinde akademisyen olarak \u00e7al\u0131\u015fabilmektedirler. Arap dili ve edebiyat\u0131 b\u00f6l\u00fcm\u00fc 6 \u00d6\u011fretim \u00dcyesi ve 2 Ara\u015ft\u0131rma G\u00f6revlisi, yeni m\u00fcfredat program\u0131 ve teknolojik imkanlar\u0131yla \u00f6\u011fretimini s\u00fcrd\u00fcrmektedir.<\/span><\/p>\n<p><\/p>\t\t\t\t\t\t\t\t<\/div>\n\t\t\t\t<\/div>\n\t\t\t\t\t<\/div>\n\t\t<\/div>\n\t\t\t\t\t<\/div>\n\t\t<\/section>\n\t\t\t\t<\/div>\n\t\t","protected":false},"excerpt":{"rendered":"<p>Tarih\u00e7e B\u00f6l\u00fcm\u00fcm\u00fcz Atat\u00fcrk \u00dcniversitesi Edebiyat Fak\u00fcltesi b\u00fcnyesinde 1968\u2019de Arap-Fars Dilleri ve Edebiyatlar\u0131 B\u00f6l\u00fcm\u00fc ad\u0131 ile kurulmu\u015ftur. Lisans d\u00fczeyindeki \u00f6\u011fretimine 1974-1975 \u00f6\u011fretim y\u0131l\u0131nda ba\u015flam\u0131\u015ft\u0131r. 1983 y\u0131l\u0131nda Do\u011fu Dilleri ve Edebiyatlar\u0131 B\u00f6l\u00fcm\u00fc ad\u0131n\u0131 alarak Arap Dili ve Edebiyat\u0131 Anabilim Dal\u0131 ile Fars Dili ve Edebiyat\u0131 Anabilim Dal\u0131 olmak \u00fczere iki ayr\u0131 program uygulamaya ve ayr\u0131 diploma vermeye [&hellip;]<\/p>\n","protected":false},"author":1,"featured_media":0,"parent":0,"menu_order":0,"comment_status":"closed","ping_status":"closed","template":"","meta":{"footnotes":""},"class_list":["post-5638","page","type-page","status-publish","hentry"],"_links":{"self":[{"href":"https:\/\/atauni.edu.tr\/arap-dili-ve-edebiyati\/wp-json\/wp\/v2\/pages\/5638","targetHints":{"allow":["GET"]}}],"collection":[{"href":"https:\/\/atauni.edu.tr\/arap-dili-ve-edebiyati\/wp-json\/wp\/v2\/pages"}],"about":[{"href":"https:\/\/atauni.edu.tr\/arap-dili-ve-edebiyati\/wp-json\/wp\/v2\/types\/page"}],"author":[{"embeddable":true,"href":"https:\/\/atauni.edu.tr\/arap-dili-ve-edebiyati\/wp-json\/wp\/v2\/users\/1"}],"replies":[{"embeddable":true,"href":"https:\/\/atauni.edu.tr\/arap-dili-ve-edebiyati\/wp-json\/wp\/v2\/comments?post=5638"}],"version-history":[{"count":43,"href":"https:\/\/atauni.edu.tr\/arap-dili-ve-edebiyati\/wp-json\/wp\/v2\/pages\/5638\/revisions"}],"predecessor-version":[{"id":6870,"href":"https:\/\/atauni.edu.tr\/arap-dili-ve-edebiyati\/wp-json\/wp\/v2\/pages\/5638\/revisions\/6870"}],"wp:attachment":[{"href":"https:\/\/atauni.edu.tr\/arap-dili-ve-edebiyati\/wp-json\/wp\/v2\/media?parent=5638"}],"curies":[{"name":"wp","href":"https:\/\/api.w.org\/{rel}","templated":true}]}}