{"id":6209,"date":"2022-03-02T14:49:20","date_gmt":"2022-03-02T11:49:20","guid":{"rendered":"https:\/\/birimler.atauni.edu.tr\/metodoloji-destek-ofisi\/?page_id=6209"},"modified":"2025-03-04T14:25:44","modified_gmt":"2025-03-04T11:25:44","slug":"danisma","status":"publish","type":"page","link":"https:\/\/atauni.edu.tr\/arastirma-metodolojisi-egitim-ve-uygulama-ofisi\/danisma\/","title":{"rendered":"Dan\u0131\u015fma"},"content":{"rendered":"\t\t<div data-elementor-type=\"wp-page\" data-elementor-id=\"6209\" class=\"elementor elementor-6209\" data-elementor-post-type=\"page\">\n\t\t\t\t\t\t<section class=\"elementor-section elementor-top-section elementor-element elementor-element-24378fa elementor-section-boxed elementor-section-height-default elementor-section-height-default\" data-id=\"24378fa\" data-element_type=\"section\">\n\t\t\t\t\t\t<div class=\"elementor-container elementor-column-gap-default\">\n\t\t\t\t\t<div class=\"elementor-column elementor-col-100 elementor-top-column elementor-element elementor-element-9c596b1\" data-id=\"9c596b1\" data-element_type=\"column\">\n\t\t\t<div class=\"elementor-widget-wrap elementor-element-populated\">\n\t\t\t\t\t\t<div class=\"elementor-element elementor-element-e715e0a elementor-widget elementor-widget-text-editor\" data-id=\"e715e0a\" data-element_type=\"widget\" data-widget_type=\"text-editor.default\">\n\t\t\t\t<div class=\"elementor-widget-container\">\n\t\t\t\t\t\t\t\t\t<h4>Dan\u0131\u015fma<\/h4><p align=\"justify\">\u00dcniversitemizin \u00f6\u011fretim elemanlar\u0131na ve lisans\u00fcst\u00fc \u00f6\u011frencilerine bilimsel ara\u015ft\u0131rmalar\u0131nda, hem nicel hem de nitel yakla\u015f\u0131m itibar\u0131yla, ara\u015ft\u0131rma metodolojisi, veri analizi ve akademik yaz\u0131m konular\u0131nda, her a\u015famada, dan\u0131\u015fmanl\u0131k hizmeti veriyoruz. Ayr\u0131ca yap\u0131lacak protokoller \u00e7er\u00e7evesinde kamu kurumlar\u0131 ve \u00f6zel kurulu\u015flar i\u00e7in de bu dan\u0131\u015fmanl\u0131k hizmetini \u00f6neriyoruz.<\/p><p><strong>\u0130ki Tip Dan\u0131\u015fmanl\u0131k Hizmeti Veriyoruz\u00a0<\/strong><\/p><p align=\"justify\"><strong>Dan\u0131\u015fma\u00a0<\/strong><br \/>Dan\u0131\u015fmanlar\u0131m\u0131z ile 1 saatlik bedelsiz g\u00f6r\u00fc\u015fme \u00f6neriyoruz. Bu tip bir dan\u0131\u015fma hizmeti almak isteyen ara\u015ft\u0131rmac\u0131n\u0131n<a href=\"https:\/\/birimler.atauni.edu.tr\/arastirma-metodolojisi-egitim-ve-uygulama-ofisi\/danisma-talep-formu\/\" target=\"_blank\" rel=\"noopener\">\u00a0<u>Dan\u0131\u015fma Talep Formu<\/u><\/a>\u2019nu doldurmas\u0131 gerekiyor. Al\u0131nan dan\u0131\u015fma talepleri Metodoloji Destek Ofisi Y\u00fcr\u00fctme Kurulunun ilk toplant\u0131s\u0131nda de\u011ferlendirilip, konunun uzman\u0131 bir dan\u0131\u015fman ile ara\u015ft\u0131rmac\u0131n\u0131n yapaca\u011f\u0131 g\u00f6r\u00fc\u015fmenin zaman\u0131 ayarlanarak, ara\u015ft\u0131rmac\u0131ya bildirilir. G\u00f6r\u00fc\u015fmeler Metodoloji Destek Ofisi&#8217;nde ger\u00e7ekle\u015ftirilir. Dan\u0131\u015fma hizmeti alan bir ara\u015ft\u0131rmac\u0131 ihtiya\u00e7 duydu\u011fu taktirde yeniden bir dan\u0131\u015fma talebinde bulunabilir. \u015eu hususlarda size dan\u0131\u015fmanl\u0131k teklif ediyoruz: Ara\u015ft\u0131rma sorusunun ve ara\u015ft\u0131rma hipotezinin spesifikasyonu | Ara\u015ft\u0131rma dizayn\u0131 (deneyler ve yoklamalar), \u00f6rnekleme dizayn\u0131, anket dizayn\u0131 (mesela sorular\u0131n ifadesi, sorular\u0131n s\u0131ras\u0131) ve veri toplama metodu | \u00d6rnek hacmi hesaplama | Veri giri\u015fi, veri kalitesi ve veri idaresi | \u0130statistiksel modelleme | Testin g\u00fcc\u00fc | Veri analizi | Analiz sonu\u00e7lar\u0131n\u0131n interpretasyonu | Raporlama<\/p><p align=\"justify\"><strong>\u0130\u015fbirli\u011fi\u00a0<\/strong><br \/>Bir saatlik g\u00f6r\u00fc\u015fmelerin yeterli olamayaca\u011f\u0131 daha karma\u015f\u0131k veya daha fazla ortak \u00e7al\u0131\u015fma zaman\u0131 gerektiren durumlarda, dan\u0131\u015fmanlar\u0131m\u0131z ile uzun s\u00fcreli ortak yay\u0131n \u00e7al\u0131\u015fmas\u0131 \u00f6neriyoruz. Bu halde\u00a0<a href=\"https:\/\/birimler.atauni.edu.tr\/arastirma-metodolojisi-egitim-ve-uygulama-ofisi\/isbirligi-talep-formu\/\" target=\"_blank\" rel=\"noopener\"><u>\u0130\u015fbirli\u011fi Talep Formu<\/u>\u2019<\/a>nun doldurulmas\u0131 gerekiyor.<\/p>\t\t\t\t\t\t\t\t<\/div>\n\t\t\t\t<\/div>\n\t\t\t\t\t<\/div>\n\t\t<\/div>\n\t\t\t\t\t<\/div>\n\t\t<\/section>\n\t\t\t\t<section class=\"elementor-section elementor-top-section elementor-element elementor-element-85735d0 elementor-section-boxed elementor-section-height-default elementor-section-height-default\" data-id=\"85735d0\" data-element_type=\"section\">\n\t\t\t\t\t\t<div class=\"elementor-container elementor-column-gap-default\">\n\t\t\t\t\t<div class=\"elementor-column elementor-col-33 elementor-top-column elementor-element elementor-element-bdd3d67\" data-id=\"bdd3d67\" data-element_type=\"column\">\n\t\t\t<div class=\"elementor-widget-wrap elementor-element-populated\">\n\t\t\t\t\t\t<div class=\"elementor-element elementor-element-01e97f8 elementor-widget elementor-widget-text-editor\" data-id=\"01e97f8\" data-element_type=\"widget\" data-widget_type=\"text-editor.default\">\n\t\t\t\t<div class=\"elementor-widget-container\">\n\t\t\t\t\t\t\t\t\t<strong>Ne Yapm\u0131yoruz<\/strong>\n<ul>\n \t<li>Ara\u015ft\u0131rma konusu veya veri bulmuyoruz.<\/li>\n \t<li>Veri giri\u015fi yapm\u0131yoruz.<\/li>\n \t<li>Veri analizi s\u00fcrecini tamamen \u00fcstlenmiyoruz.<\/li>\n \t<li>Tezinizi veya makalenizi yazm\u0131yoruz ve ba\u015fka bir dile \u00e7evirmiyoruz.<\/li>\n \t<li>Tezlerinizde ikinci dan\u0131\u015fman rol\u00fc oynam\u0131yoruz.<\/li>\n<\/ul>\t\t\t\t\t\t\t\t<\/div>\n\t\t\t\t<\/div>\n\t\t\t\t\t<\/div>\n\t\t<\/div>\n\t\t\t\t<div class=\"elementor-column elementor-col-33 elementor-top-column elementor-element elementor-element-7c3ada8\" data-id=\"7c3ada8\" data-element_type=\"column\">\n\t\t\t<div class=\"elementor-widget-wrap elementor-element-populated\">\n\t\t\t\t\t\t<div class=\"elementor-element elementor-element-4a11b44 elementor-widget elementor-widget-text-editor\" data-id=\"4a11b44\" data-element_type=\"widget\" data-widget_type=\"text-editor.default\">\n\t\t\t\t<div class=\"elementor-widget-container\">\n\t\t\t\t\t\t\t\t\t<p><strong>Sizden Beklentimiz<\/strong><\/p>\n<ul>\n<li>Arzulad\u0131\u011f\u0131n\u0131z g\u00f6r\u00fc\u015fme tarihinden en az bir hafta \u00f6nce talep formu doldurman\u0131z.<\/li>\n<li>Lisans\u00fcst\u00fc tezler i\u00e7in&nbsp;<a href=\"https:\/\/birimler.atauni.edu.tr\/arastirma-metodolojisi-egitim-ve-uygulama-ofisi\/wp-content\/uploads\/sites\/474\/2020\/07\/Form.F-Tez.Danismani.Onay_.Formu_.docx\" target=\"_blank\" rel=\"noopener\"><u>tez dan\u0131\u015fman\u0131 onay formu<\/u><\/a>&nbsp;ve proje kapsam\u0131ndaki ara\u015ft\u0131rmalar i\u00e7in&nbsp;<a href=\"https:\/\/birimler.atauni.edu.tr\/arastirma-metodolojisi-egitim-ve-uygulama-ofisi\/wp-content\/uploads\/sites\/474\/2020\/07\/Form.G-Proje.Yurutucusu.Onay_.Formu_.docx\" target=\"_blank\" rel=\"noopener\"><u>proje y\u00fcr\u00fct\u00fcc\u00fcs\u00fc onay formu<\/u><\/a>&nbsp;doldurman\u0131z.<\/li>\n<li>L\u00fctfen alm\u0131\u015f oldu\u011funuz dan\u0131\u015fmanl\u0131k i\u00e7in&nbsp;<a href=\"https:\/\/docs.google.com\/forms\/d\/1FAV42mxLPZw-z5r81-vOGw5rp5JVoW3NbE3CwLJnPgQ\/viewform?pli=1&amp;pli=1&amp;edit_requested=true\" target=\"_blank\"><u>memnuniyet formunu<\/u><\/a>&nbsp;doldurunuz.&nbsp;<\/li>\n<\/ul>\t\t\t\t\t\t\t\t<\/div>\n\t\t\t\t<\/div>\n\t\t\t\t\t<\/div>\n\t\t<\/div>\n\t\t\t\t<div class=\"elementor-column elementor-col-33 elementor-top-column elementor-element elementor-element-ddd4e83\" data-id=\"ddd4e83\" data-element_type=\"column\">\n\t\t\t<div class=\"elementor-widget-wrap elementor-element-populated\">\n\t\t\t\t\t\t<div class=\"elementor-element elementor-element-981fb9e elementor-widget elementor-widget-text-editor\" data-id=\"981fb9e\" data-element_type=\"widget\" data-widget_type=\"text-editor.default\">\n\t\t\t\t<div class=\"elementor-widget-container\">\n\t\t\t\t\t\t\t\t\t<strong>Mahremiyet<\/strong><br class=\"blank\" \/>\nKi\u015fisel enformasyonunuzun, ara\u015ft\u0131rman\u0131z\u0131n ve verinizin mahremiyetine, etik kurallar \u00e7er\u00e7evesinde, dan\u0131\u015fmanlar\u0131m\u0131z ve ofis birimimiz taraf\u0131ndan gerekli hassasiyet g\u00f6sterilir ve bunlar katiyen \u00fc\u00e7\u00fcnc\u00fc ki\u015filerle payla\u015f\u0131lmaz.\t\t\t\t\t\t\t\t<\/div>\n\t\t\t\t<\/div>\n\t\t\t\t\t<\/div>\n\t\t<\/div>\n\t\t\t\t\t<\/div>\n\t\t<\/section>\n\t\t\t\t<\/div>\n\t\t","protected":false},"excerpt":{"rendered":"<p>Dan\u0131\u015fma \u00dcniversitemizin \u00f6\u011fretim elemanlar\u0131na ve lisans\u00fcst\u00fc \u00f6\u011frencilerine bilimsel ara\u015ft\u0131rmalar\u0131nda, hem nicel hem de nitel yakla\u015f\u0131m itibar\u0131yla, ara\u015ft\u0131rma metodolojisi, veri analizi ve akademik yaz\u0131m konular\u0131nda, her a\u015famada, dan\u0131\u015fmanl\u0131k hizmeti veriyoruz. Ayr\u0131ca yap\u0131lacak protokoller \u00e7er\u00e7evesinde kamu kurumlar\u0131 ve \u00f6zel kurulu\u015flar i\u00e7in de bu dan\u0131\u015fmanl\u0131k hizmetini \u00f6neriyoruz. \u0130ki Tip Dan\u0131\u015fmanl\u0131k Hizmeti Veriyoruz\u00a0 Dan\u0131\u015fma\u00a0Dan\u0131\u015fmanlar\u0131m\u0131z ile 1 saatlik bedelsiz g\u00f6r\u00fc\u015fme [&hellip;]<\/p>\n","protected":false},"author":8,"featured_media":0,"parent":0,"menu_order":0,"comment_status":"closed","ping_status":"closed","template":"","meta":{"footnotes":""},"class_list":["post-6209","page","type-page","status-publish","hentry"],"_links":{"self":[{"href":"https:\/\/atauni.edu.tr\/arastirma-metodolojisi-egitim-ve-uygulama-ofisi\/wp-json\/wp\/v2\/pages\/6209","targetHints":{"allow":["GET"]}}],"collection":[{"href":"https:\/\/atauni.edu.tr\/arastirma-metodolojisi-egitim-ve-uygulama-ofisi\/wp-json\/wp\/v2\/pages"}],"about":[{"href":"https:\/\/atauni.edu.tr\/arastirma-metodolojisi-egitim-ve-uygulama-ofisi\/wp-json\/wp\/v2\/types\/page"}],"author":[{"embeddable":true,"href":"https:\/\/atauni.edu.tr\/arastirma-metodolojisi-egitim-ve-uygulama-ofisi\/wp-json\/wp\/v2\/users\/8"}],"replies":[{"embeddable":true,"href":"https:\/\/atauni.edu.tr\/arastirma-metodolojisi-egitim-ve-uygulama-ofisi\/wp-json\/wp\/v2\/comments?post=6209"}],"version-history":[{"count":206,"href":"https:\/\/atauni.edu.tr\/arastirma-metodolojisi-egitim-ve-uygulama-ofisi\/wp-json\/wp\/v2\/pages\/6209\/revisions"}],"predecessor-version":[{"id":9956,"href":"https:\/\/atauni.edu.tr\/arastirma-metodolojisi-egitim-ve-uygulama-ofisi\/wp-json\/wp\/v2\/pages\/6209\/revisions\/9956"}],"wp:attachment":[{"href":"https:\/\/atauni.edu.tr\/arastirma-metodolojisi-egitim-ve-uygulama-ofisi\/wp-json\/wp\/v2\/media?parent=6209"}],"curies":[{"name":"wp","href":"https:\/\/api.w.org\/{rel}","templated":true}]}}