{"id":6644,"date":"2022-05-09T12:32:08","date_gmt":"2022-05-09T09:32:08","guid":{"rendered":"https:\/\/birimler.atauni.edu.tr\/arkeoloji\/?page_id=6644"},"modified":"2022-05-09T12:44:07","modified_gmt":"2022-05-09T09:44:07","slug":"ogrenci-kulupleri-2","status":"publish","type":"page","link":"https:\/\/atauni.edu.tr\/arkeoloji\/ogrenci-kulupleri-2\/","title":{"rendered":"\u00d6\u011frenci Kul\u00fcpleri"},"content":{"rendered":"\t\t<div data-elementor-type=\"wp-page\" data-elementor-id=\"6644\" class=\"elementor elementor-6644\" data-elementor-post-type=\"page\">\n\t\t\t\t\t\t<section class=\"elementor-section elementor-top-section elementor-element elementor-element-2da4458 elementor-section-boxed elementor-section-height-default elementor-section-height-default\" data-id=\"2da4458\" data-element_type=\"section\">\n\t\t\t\t\t\t<div class=\"elementor-container elementor-column-gap-default\">\n\t\t\t\t\t<div class=\"elementor-column elementor-col-100 elementor-top-column elementor-element elementor-element-5597026\" data-id=\"5597026\" data-element_type=\"column\">\n\t\t\t<div class=\"elementor-widget-wrap elementor-element-populated\">\n\t\t\t\t\t\t<div class=\"elementor-element elementor-element-32cf8c9 elementor-widget elementor-widget-text-editor\" data-id=\"32cf8c9\" data-element_type=\"widget\" data-widget_type=\"text-editor.default\">\n\t\t\t\t<div class=\"elementor-widget-container\">\n\t\t\t\t\t\t\t\t\t<ul>\n<li>Atat\u00fcrk \u00dcniversitesinde fak\u00fclte ve y\u00fcksekokullar\u0131nda 83\u2019\u00fc Bilim ve Sosyal Faaliyetler, 26\u2019s\u0131 &nbsp;K\u00fclt\u00fcr, Sanat ve &nbsp;Spor, 20\u2019si Sa\u011fl\u0131k ile ilgili olmak \u00fczere toplam 129 \u00f6\u011frenci kul\u00fcb\u00fc bulunmaktad\u0131r. \u00dcniversiteye ba\u011fl\u0131 b\u00fct\u00fcn kul\u00fclerde oldu\u011fu gibi Arkeoloji Kul\u00fcb\u00fc&#8217;nde de \u00f6\u011frenciler aras\u0131nda dostluk ve payla\u015fma duygular\u0131 geli\u015fmektedir. Kul\u00fcb\u00fcn amac\u0131 do\u011frultusunda bir araya gelen \u00f6\u011frenciler \u00e7e\u015fitli etkinlikler d\u00fczenlemekte ve ba\u015far\u0131l\u0131 organizasyonlarla kaliteli vakit ge\u00e7irmektedir. Ayr\u0131ca kul\u00fcp taraf\u0131ndan, Erzurum ba\u015fta olmak \u00fczere T\u00fcrkiye&#8217;de bulunan arkeoloji a\u00e7\u0131s\u0131ndan \u00f6nemli yap\u0131 ve antik kentlere aral\u0131kl\u0131 olarak geziler d\u00fczlenmektedir. Kul\u00fcplerin ger\u00e7ekle\u015ftirdikleri faaliyetler d\u0131\u015f\u0131nda ortakla\u015fa geli\u015ftirilen projelerle, \u00f6\u011frenciler akademik hayatlar\u0131n\u0131 renklendirmektedir.<\/li>\n<li><a href=\"https:\/\/instagram.com\/ata.arkeoloji?utm_medium=copy_link\">https:\/\/instagram.com\/ata.arkeoloji?utm_medium=copy_link&nbsp;&nbsp;<\/a><\/li>\n<\/ul>\t\t\t\t\t\t\t\t<\/div>\n\t\t\t\t<\/div>\n\t\t\t\t\t<\/div>\n\t\t<\/div>\n\t\t\t\t\t<\/div>\n\t\t<\/section>\n\t\t\t\t<\/div>\n\t\t","protected":false},"excerpt":{"rendered":"<p>Atat\u00fcrk \u00dcniversitesinde fak\u00fclte ve y\u00fcksekokullar\u0131nda 83\u2019\u00fc Bilim ve Sosyal Faaliyetler, 26\u2019s\u0131 &nbsp;K\u00fclt\u00fcr, Sanat ve &nbsp;Spor, 20\u2019si Sa\u011fl\u0131k ile ilgili olmak \u00fczere toplam 129 \u00f6\u011frenci kul\u00fcb\u00fc bulunmaktad\u0131r. \u00dcniversiteye ba\u011fl\u0131 b\u00fct\u00fcn kul\u00fclerde oldu\u011fu gibi Arkeoloji Kul\u00fcb\u00fc&#8217;nde de \u00f6\u011frenciler aras\u0131nda dostluk ve payla\u015fma duygular\u0131 geli\u015fmektedir. Kul\u00fcb\u00fcn amac\u0131 do\u011frultusunda bir araya gelen \u00f6\u011frenciler \u00e7e\u015fitli etkinlikler d\u00fczenlemekte ve ba\u015far\u0131l\u0131 organizasyonlarla [&hellip;]<\/p>\n","protected":false},"author":444,"featured_media":0,"parent":0,"menu_order":0,"comment_status":"closed","ping_status":"closed","template":"","meta":{"footnotes":""},"class_list":["post-6644","page","type-page","status-publish","hentry"],"_links":{"self":[{"href":"https:\/\/atauni.edu.tr\/arkeoloji\/wp-json\/wp\/v2\/pages\/6644","targetHints":{"allow":["GET"]}}],"collection":[{"href":"https:\/\/atauni.edu.tr\/arkeoloji\/wp-json\/wp\/v2\/pages"}],"about":[{"href":"https:\/\/atauni.edu.tr\/arkeoloji\/wp-json\/wp\/v2\/types\/page"}],"author":[{"embeddable":true,"href":"https:\/\/atauni.edu.tr\/arkeoloji\/wp-json\/wp\/v2\/users\/444"}],"replies":[{"embeddable":true,"href":"https:\/\/atauni.edu.tr\/arkeoloji\/wp-json\/wp\/v2\/comments?post=6644"}],"version-history":[{"count":10,"href":"https:\/\/atauni.edu.tr\/arkeoloji\/wp-json\/wp\/v2\/pages\/6644\/revisions"}],"predecessor-version":[{"id":6656,"href":"https:\/\/atauni.edu.tr\/arkeoloji\/wp-json\/wp\/v2\/pages\/6644\/revisions\/6656"}],"wp:attachment":[{"href":"https:\/\/atauni.edu.tr\/arkeoloji\/wp-json\/wp\/v2\/media?parent=6644"}],"curies":[{"name":"wp","href":"https:\/\/api.w.org\/{rel}","templated":true}]}}