{"id":6594,"date":"2022-02-14T10:30:40","date_gmt":"2022-02-14T07:30:40","guid":{"rendered":"https:\/\/birimler.atauni.edu.tr\/astronomi-ve-astrofizik\/?page_id=6594"},"modified":"2023-10-02T10:14:45","modified_gmt":"2023-10-02T07:14:45","slug":"tamamlanan-tezler","status":"publish","type":"page","link":"https:\/\/atauni.edu.tr\/astronomi-ve-astrofizik\/tamamlanan-tezler\/","title":{"rendered":"Tamamlanan Y\u00fcksek Lisans ve Doktora Tezleri"},"content":{"rendered":"\n<p><\/p>\n\n\n\n<figure class=\"wp-block-table\"><table><tbody><tr><td><strong>No<\/strong><\/td><td><strong>Tez Ad\u0131<\/strong><\/td><td><strong>Yay\u0131n Y\u0131l\u0131<\/strong><\/td><td><strong>Enstit\u00fc<\/strong><\/td><td><strong>Yazar<\/strong><\/td><td><strong>Dan\u0131\u015fman<\/strong><\/td><\/tr><tr><td>1<\/td><td>Yerel evrende d\u00fc\u015f\u00fck \u0131\u015f\u0131n\u0131m g\u00fcc\u00fcne sahip aktif galaktik \u00e7ekirdekler (DR)<\/td><td>10.08.2018<\/td><td>Fen Bilimleri Enstit\u00fcs\u00fc<\/td><td>Dr. Tuba \u0130K\u0130Z<\/td><td>Do\u00e7. Dr. Cahit YE\u015e\u0130LYAPRAK<\/td><\/tr><tr><td>2<\/td><td>C\u00fcce eliptik galaksilerin y\u0131ld\u0131zlararas\u0131 pop\u00fclasyonlar\u0131 (DR)<\/td><td>19.07.2019<\/td><td>Fen Bilimleri Enstit\u00fcs\u00fc<\/td><td>Dr. \u015eeyda \u015eEN AYDEM\u0130R<\/td><td>Do\u00e7. Dr. Cahit YE\u015e\u0130LYAPRAK<\/td><\/tr><tr><td>3<\/td><td>Grup \u0131\u015f\u0131k \u00f6l\u00e7\u00fcm y\u00f6nteminin IRAF temelli yaz\u0131l\u0131ma uygulanmas\u0131 (YL)<\/td><td>19.07.2019<\/td><td>Fen Bilimleri Enstit\u00fcs\u00fc<\/td><td>Mohammad SHAMEONI NIAEI<\/td><td>Do\u00e7. Dr. Cahit YE\u015e\u0130LYAPRAK<\/td><\/tr><tr><td>4<\/td><td>Erzurum ve \u00e7evresinin astronomi g\u00f6zlemleri a\u00e7\u0131s\u0131ndan atmosferik \u00f6zellikleri (YL)<\/td><td>22.06.2017<\/td><td>Fen Bilimleri Enstit\u00fcs\u00fc<\/td><td>Funda Y\u00dcZL\u00dcKO\u011eLU<\/td><td>Do\u00e7. Dr. Cahit YE\u015e\u0130LYAPRAK<\/td><\/tr><tr><td>5<\/td><td>Se\u00e7ilmi\u015f baz\u0131 \u00f6rten yak\u0131n \u00e7ift y\u0131ld\u0131z sistemlerinde gezegen ara\u015ft\u0131r\u0131lmas\u0131 (YL)<\/td><td>26.06.2018<\/td><td>Fen Bilimleri Enstit\u00fcs\u00fc<\/td><td>H\u00fcseyin ER<\/td><td>Dr. \u00d6\u011fr. \u00dcyesi \u0130lham NASIRO\u011eLU<\/td><\/tr><tr><td>6<\/td><td>K\u0131rm\u0131z\u0131ya kaymas\u0131 bilinen gama-\u0131\u015f\u0131n patlamalar\u0131n\u0131n tayfsal gecikme ve karakteristik zaman \u00f6l\u00e7ekleri (YL)<\/td><td>20.07.2020<\/td><td>Fen Bilimleri Enstit\u00fcs\u00fc<\/td><td>Dilem G\u00d6KTA\u015e<\/td><td>Dr. \u00d6\u011fr. \u00dcyesi \u0130lham NASIRO\u011eLU<\/td><\/tr><tr><td>7<\/td><td>G\u00fcne\u015f benzeri baz\u0131 y\u0131ld\u0131zlar etraf\u0131nda ge\u00e7i\u015f y\u00f6ntemiyle gezegen ara\u015ft\u0131r\u0131lmas\u0131 (YL)<\/td><td>20.07.2020<\/td><td>Fen Bilimleri Enstit\u00fcs\u00fc<\/td><td>Pakize AYDIN<\/td><td>Dr. \u00d6\u011fr. \u00dcyesi \u0130lham NASIRO\u011eLU<\/td><\/tr><tr><td>8<\/td><td>Do\u011fu Anadolu G\u00f6zlemevi yerle\u015fkesi atmosferik g\u00f6r\u00fc\u015f \u00f6l\u00e7\u00fcmleri (DR)<\/td><td>17.06.2021<\/td><td>Fen Bilimleri Enstit\u00fcs\u00fc<\/td><td>Dr. Yavuz G\u00dcNEY<\/td><td>Prof. Dr. Cahit YE\u015e\u0130LYAPRAK<\/td><\/tr><tr><td>9<\/td><td>Ge\u00e7i\u015f zamanlama de\u011fi\u015fimi y\u00f6ntemi ile \u00f6tegezegen ara\u015ft\u0131rmalar\u0131 (YL)<\/td><td>17.09.2021<\/td><td>Fen Bilimleri Enstit\u00fcs\u00fc <\/td><td>Fatma TEZCAN<\/td><td> Prof. Dr. Cahit YE\u015e\u0130LYAPRAK <\/td><\/tr><tr><td>10<\/td><td>Koronograf&#8217;\u0131n Astronomideki Uygulamalar\u0131 (YL)<\/td><td>15.12.2021<\/td><td>Fen Bilimleri Enstit\u00fcs\u00fc <\/td><td>Burak Batuhan G\u00dcRBULAK<\/td><td>Dr. \u00d6\u011fr. \u00dcyesi \u0130lham NASIRO\u011eLU<\/td><\/tr><tr><td>11<\/td><td>S5 1803+784 blazar\u0131n optik de\u011fi\u015fimlerinin incelenmesi\u00a0<\/td><td>07.07.2022<\/td><td>Fen Bilimleri Enstit\u00fcs\u00fc <\/td><td>Volkan KARAKULAK<\/td><td>Dr. \u00d6\u011fr. \u00dcyesi Aykut \u00d6ZD\u00d6NMEZ<\/td><\/tr><tr><td>12<\/td><td>Do\u011fu Anadolu G\u00f6zlemevi (DAG) yerle\u015fkesinin bulut sens\u00f6r\u00fc ile bulutluluk ve atmosferik analizi (YL)<\/td><td>10.09.2022<\/td><td>Fen Bilimleri Enstit\u00fcs\u00fc <\/td><td>Esrag\u00fcl ATALAY<\/td><td>Dr. \u00d6\u011fr. \u00dcyesi \u0130lham NASIRO\u011eLU<\/td><\/tr><tr><td>13<\/td><td>Erzurum ilinin \u0131\u015f\u0131k kirlili\u011fi \u00f6l\u00e7\u00fcm\u00fc (YL)<\/td><td>21.09.2022<\/td><td>Fen Bilimleri Enstit\u00fcs\u00fc <\/td><td>Fuat B\u0130NG\u00d6L<\/td><td>Dr. \u00d6\u011fr. \u00dcyesi \u0130lham NASIRO\u011eLU<\/td><\/tr><tr><td>14<\/td><td>Do\u011fu Anadolu G\u00f6zlemevi (DAG) yerle\u015fkesi&#8217;nde kozmik \u0131\u015f\u0131nlar\u0131n tespiti ve astronomik ayg\u0131tlara etkisi (DR)<\/td><td>24.12.2022<\/td><td>Fen Bilimleri Enstit\u00fcs\u00fc <\/td><td>Dr. Ahmet POLATO\u011eLU<\/td><td>Prof. Dr. Cahit YE\u015e\u0130LYAPRAK <\/td><\/tr><tr><td>15<\/td><td>Ak\u0131ll\u0131, uyarlanabilir dalgaboylu ayd\u0131nlatma sistemi (DR)<\/td><td>01.06.2023<\/td><td>Fen Bilimleri Enstit\u00fcs\u00fc<\/td><td>Dr. Murat KO\u00c7AK<\/td><td>Prof. Dr. Cahit YE\u015e\u0130LYAPRAK <\/td><\/tr><tr><td>16<\/td><td>Y\u0131ld\u0131z sistemlerinde zaman de\u011fi\u015fimi y\u00f6ntemi ile 3. cisim ara\u015ft\u0131r\u0131lmas\u0131<\/td><td>25.09.2023<\/td><td>Fen Bilimleri Enstit\u00fcs\u00fc<\/td><td>Dr. H\u00fcseyin ER<\/td><td>Dr. \u00d6\u011fr. \u00dcyesi \u0130lham NASIRO\u011eLU<\/td><\/tr><\/tbody><\/table><\/figure>\n","protected":false},"excerpt":{"rendered":"<p>No Tez Ad\u0131 Yay\u0131n Y\u0131l\u0131 Enstit\u00fc Yazar Dan\u0131\u015fman 1 Yerel evrende d\u00fc\u015f\u00fck \u0131\u015f\u0131n\u0131m g\u00fcc\u00fcne sahip aktif galaktik \u00e7ekirdekler (DR) 10.08.2018 Fen Bilimleri Enstit\u00fcs\u00fc Dr. Tuba \u0130K\u0130Z Do\u00e7. Dr. Cahit YE\u015e\u0130LYAPRAK 2 C\u00fcce eliptik galaksilerin y\u0131ld\u0131zlararas\u0131 pop\u00fclasyonlar\u0131 (DR) 19.07.2019 Fen Bilimleri Enstit\u00fcs\u00fc Dr. \u015eeyda \u015eEN AYDEM\u0130R Do\u00e7. Dr. Cahit YE\u015e\u0130LYAPRAK 3 Grup \u0131\u015f\u0131k \u00f6l\u00e7\u00fcm y\u00f6nteminin IRAF [&hellip;]<\/p>\n","protected":false},"author":71,"featured_media":0,"parent":0,"menu_order":0,"comment_status":"closed","ping_status":"closed","template":"","meta":{"footnotes":""},"class_list":["post-6594","page","type-page","status-publish","hentry"],"_links":{"self":[{"href":"https:\/\/atauni.edu.tr\/astronomi-ve-astrofizik\/wp-json\/wp\/v2\/pages\/6594","targetHints":{"allow":["GET"]}}],"collection":[{"href":"https:\/\/atauni.edu.tr\/astronomi-ve-astrofizik\/wp-json\/wp\/v2\/pages"}],"about":[{"href":"https:\/\/atauni.edu.tr\/astronomi-ve-astrofizik\/wp-json\/wp\/v2\/types\/page"}],"author":[{"embeddable":true,"href":"https:\/\/atauni.edu.tr\/astronomi-ve-astrofizik\/wp-json\/wp\/v2\/users\/71"}],"replies":[{"embeddable":true,"href":"https:\/\/atauni.edu.tr\/astronomi-ve-astrofizik\/wp-json\/wp\/v2\/comments?post=6594"}],"version-history":[{"count":8,"href":"https:\/\/atauni.edu.tr\/astronomi-ve-astrofizik\/wp-json\/wp\/v2\/pages\/6594\/revisions"}],"predecessor-version":[{"id":7102,"href":"https:\/\/atauni.edu.tr\/astronomi-ve-astrofizik\/wp-json\/wp\/v2\/pages\/6594\/revisions\/7102"}],"wp:attachment":[{"href":"https:\/\/atauni.edu.tr\/astronomi-ve-astrofizik\/wp-json\/wp\/v2\/media?parent=6594"}],"curies":[{"name":"wp","href":"https:\/\/api.w.org\/{rel}","templated":true}]}}