{"id":6644,"date":"2022-05-09T11:05:48","date_gmt":"2022-05-09T08:05:48","guid":{"rendered":"https:\/\/birimler.atauni.edu.tr\/astronomi-ve-astrofizik\/?page_id=6644"},"modified":"2022-05-09T11:08:23","modified_gmt":"2022-05-09T08:08:23","slug":"laboratuvarlar","status":"publish","type":"page","link":"https:\/\/atauni.edu.tr\/astronomi-ve-astrofizik\/laboratuvarlar\/","title":{"rendered":"Laboratuvarlar"},"content":{"rendered":"\n<p>Mekanik Laboratuvar\u0131 (Fizik I Lab)<\/p>\n\n\n\n<p>Elektrik Laboratuvar\u0131 (Fizik II Lab)<\/p>\n\n\n\n<p>Elektronik Laboratuvar\u0131<\/p>\n\n\n\n<p>Optik ve Dalgalar Laboratuvar\u0131<\/p>\n\n\n\n<p>Modern Fizik Laboratuvar\u0131 (\u00c7ekirdek Fizi\u011fi Lab)<\/p>\n\n\n\n<p><\/p>\n\n\n\n<p><em>Laboratuvarlar\u0131m\u0131z Fizik B\u00f6l\u00fcm\u00fc ile ortakla\u015fa kullan\u0131lmaktad\u0131r.<\/em><\/p>\n","protected":false},"excerpt":{"rendered":"<p>Mekanik Laboratuvar\u0131 (Fizik I Lab) Elektrik Laboratuvar\u0131 (Fizik II Lab) Elektronik Laboratuvar\u0131 Optik ve Dalgalar Laboratuvar\u0131 Modern Fizik Laboratuvar\u0131 (\u00c7ekirdek Fizi\u011fi Lab) Laboratuvarlar\u0131m\u0131z Fizik B\u00f6l\u00fcm\u00fc ile ortakla\u015fa kullan\u0131lmaktad\u0131r.<\/p>\n","protected":false},"author":71,"featured_media":0,"parent":0,"menu_order":0,"comment_status":"closed","ping_status":"closed","template":"","meta":{"footnotes":""},"class_list":["post-6644","page","type-page","status-publish","hentry"],"_links":{"self":[{"href":"https:\/\/atauni.edu.tr\/astronomi-ve-astrofizik\/wp-json\/wp\/v2\/pages\/6644","targetHints":{"allow":["GET"]}}],"collection":[{"href":"https:\/\/atauni.edu.tr\/astronomi-ve-astrofizik\/wp-json\/wp\/v2\/pages"}],"about":[{"href":"https:\/\/atauni.edu.tr\/astronomi-ve-astrofizik\/wp-json\/wp\/v2\/types\/page"}],"author":[{"embeddable":true,"href":"https:\/\/atauni.edu.tr\/astronomi-ve-astrofizik\/wp-json\/wp\/v2\/users\/71"}],"replies":[{"embeddable":true,"href":"https:\/\/atauni.edu.tr\/astronomi-ve-astrofizik\/wp-json\/wp\/v2\/comments?post=6644"}],"version-history":[{"count":2,"href":"https:\/\/atauni.edu.tr\/astronomi-ve-astrofizik\/wp-json\/wp\/v2\/pages\/6644\/revisions"}],"predecessor-version":[{"id":6649,"href":"https:\/\/atauni.edu.tr\/astronomi-ve-astrofizik\/wp-json\/wp\/v2\/pages\/6644\/revisions\/6649"}],"wp:attachment":[{"href":"https:\/\/atauni.edu.tr\/astronomi-ve-astrofizik\/wp-json\/wp\/v2\/media?parent=6644"}],"curies":[{"name":"wp","href":"https:\/\/api.w.org\/{rel}","templated":true}]}}