{"id":6793,"date":"2025-04-28T16:24:05","date_gmt":"2025-04-28T13:24:05","guid":{"rendered":"https:\/\/birimler.atauni.edu.tr\/atcilik-ve-antrenorlugu\/?page_id=6793"},"modified":"2025-04-28T16:29:07","modified_gmt":"2025-04-28T13:29:07","slug":"program-egitim-amac-ve-hedefleri","status":"publish","type":"page","link":"https:\/\/atauni.edu.tr\/atcilik-ve-antrenorlugu\/program-egitim-amac-ve-hedefleri\/","title":{"rendered":"E\u011fitimin Ama\u00e7 ve Hedefleri"},"content":{"rendered":"\t\t<div data-elementor-type=\"wp-page\" data-elementor-id=\"6793\" class=\"elementor elementor-6793\" data-elementor-post-type=\"page\">\n\t\t\t\t\t\t<section class=\"elementor-section elementor-top-section elementor-element elementor-element-516e51a elementor-section-boxed elementor-section-height-default elementor-section-height-default\" data-id=\"516e51a\" data-element_type=\"section\">\n\t\t\t\t\t\t<div class=\"elementor-container elementor-column-gap-default\">\n\t\t\t\t\t<div class=\"elementor-column elementor-col-100 elementor-top-column elementor-element elementor-element-1a17353\" data-id=\"1a17353\" data-element_type=\"column\">\n\t\t\t<div class=\"elementor-widget-wrap elementor-element-populated\">\n\t\t\t\t\t\t<div class=\"elementor-element elementor-element-d858be9 elementor-widget elementor-widget-text-editor\" data-id=\"d858be9\" data-element_type=\"widget\" data-widget_type=\"text-editor.default\">\n\t\t\t\t<div class=\"elementor-widget-container\">\n\t\t\t\t\t\t\t\t\t<p><span style=\"color: #000000\">\u00a0<strong>Program\u0131n\u0131n Temel E\u011fitim Amac\u0131<\/strong>; bilim ve teknolojiyi etkin bir \u015fekilde kullanabilen, evrensel de\u011ferler ve etik ilkeler \u00e7er\u00e7evesinde ara\u015ft\u0131rmalar yapabilen, donan\u0131ml\u0131, disiplinli, \u00fcretken, yarat\u0131c\u0131, giri\u015fimci, i\u015f birli\u011fine a\u00e7\u0131k, ho\u015fg\u00f6r\u00fcl\u00fc ve \u00f6zg\u00fcven sahibi bireyler yeti\u015ftirerek bu de\u011ferleri toplumun hizmetine sunmakt\u0131r.<\/span><\/p><p><span style=\"color: #000000\"><strong>Program\u0131n \u00d6zel E\u011fitim Amac\u0131<\/strong>; \u00fclkemiz at\u00e7\u0131l\u0131\u011f\u0131n\u0131 daha y\u00fcksek standartlara ta\u015f\u0131mak amac\u0131yla, mesleki bilgiye sahip, meslek eti\u011fine ba\u011fl\u0131, ho\u015fg\u00f6r\u00fcl\u00fc, at\u00e7\u0131l\u0131k sekt\u00f6r\u00fcn\u00fcn ihtiya\u00e7lar\u0131na cevap verebilecek nitelikte insan kayna\u011f\u0131 yeti\u015ftirmektir.<\/span><\/p><p><strong><span style=\"color: #000000\">Program\u0131n E\u011fitim Hedefleri:<\/span><\/strong><\/p><ul><li><p><span style=\"color: #000000\">Sekt\u00f6r\u00fcn ihtiya\u00e7 duydu\u011fu t\u00fcm s\u00fcre\u00e7lere y\u00f6nelik temel, g\u00fcncel ve uygulamal\u0131 mesleki bilgi ve becerilere sahip bireyler yeti\u015ftirmek.<\/span><\/p><\/li><li><p><span style=\"color: #000000\">At yeti\u015ftiricili\u011fi alan\u0131nda; \u00fcreme, bak\u0131m, beslenme teknikleri ile hastal\u0131k ve zararl\u0131larla m\u00fccadele konular\u0131nda uygulamal\u0131 bilgiye sahip profesyoneller yeti\u015ftirmek.<\/span><\/p><\/li><li><p><span style=\"color: #000000\">At\u00e7\u0131l\u0131k ve Antren\u00f6rl\u00fc\u011f\u00fc meslek tan\u0131m\u0131 kapsam\u0131nda; kamu ve \u00f6zel sekt\u00f6r kurum ve kurulu\u015flar\u0131nda at\u00e7\u0131l\u0131k s\u00fcre\u00e7lerinin planlama, y\u00f6netim, projelendirme ve AR-GE faaliyetlerinde etkin rol alabilecek bireyler yeti\u015ftirmek.<\/span><\/p><\/li><li><p><span style=\"color: #000000\">Ya\u015fam boyu \u00f6\u011frenme bilincine sahip; alan\u0131ndaki g\u00fcncel geli\u015fmeleri takip edebilen, yurt i\u00e7i ve yurt d\u0131\u015f\u0131ndaki ara\u015ft\u0131rma kurumlar\u0131 ve \u00fcniversitelerle i\u015f birli\u011fi yapabilecek donan\u0131ma sahip bireyler yeti\u015ftirmek.<\/span><\/p><\/li><li><p><span style=\"color: #000000\">At\u00e7\u0131l\u0131k sekt\u00f6r\u00fcnde kar\u015f\u0131la\u015f\u0131lan sorunlara y\u00f6nelik kal\u0131c\u0131 ve analitik \u00e7\u00f6z\u00fcmler geli\u015ftirebilen; meslek eti\u011fine ba\u011fl\u0131 ve sosyal sorumluluk bilinci y\u00fcksek bireyler yeti\u015ftirmektir.<\/span><\/p><\/li><\/ul>\t\t\t\t\t\t\t\t<\/div>\n\t\t\t\t<\/div>\n\t\t\t\t\t<\/div>\n\t\t<\/div>\n\t\t\t\t\t<\/div>\n\t\t<\/section>\n\t\t\t\t<\/div>\n\t\t","protected":false},"excerpt":{"rendered":"<p>\u00a0Program\u0131n\u0131n Temel E\u011fitim Amac\u0131; bilim ve teknolojiyi etkin bir \u015fekilde kullanabilen, evrensel de\u011ferler ve etik ilkeler \u00e7er\u00e7evesinde ara\u015ft\u0131rmalar yapabilen, donan\u0131ml\u0131, disiplinli, \u00fcretken, yarat\u0131c\u0131, giri\u015fimci, i\u015f birli\u011fine a\u00e7\u0131k, ho\u015fg\u00f6r\u00fcl\u00fc ve \u00f6zg\u00fcven sahibi bireyler yeti\u015ftirerek bu de\u011ferleri toplumun hizmetine sunmakt\u0131r. Program\u0131n \u00d6zel E\u011fitim Amac\u0131; \u00fclkemiz at\u00e7\u0131l\u0131\u011f\u0131n\u0131 daha y\u00fcksek standartlara ta\u015f\u0131mak amac\u0131yla, mesleki bilgiye sahip, meslek eti\u011fine ba\u011fl\u0131, [&hellip;]<\/p>\n","protected":false},"author":160,"featured_media":0,"parent":0,"menu_order":0,"comment_status":"closed","ping_status":"closed","template":"","meta":{"footnotes":""},"class_list":["post-6793","page","type-page","status-publish","hentry"],"_links":{"self":[{"href":"https:\/\/atauni.edu.tr\/atcilik-ve-antrenorlugu\/wp-json\/wp\/v2\/pages\/6793","targetHints":{"allow":["GET"]}}],"collection":[{"href":"https:\/\/atauni.edu.tr\/atcilik-ve-antrenorlugu\/wp-json\/wp\/v2\/pages"}],"about":[{"href":"https:\/\/atauni.edu.tr\/atcilik-ve-antrenorlugu\/wp-json\/wp\/v2\/types\/page"}],"author":[{"embeddable":true,"href":"https:\/\/atauni.edu.tr\/atcilik-ve-antrenorlugu\/wp-json\/wp\/v2\/users\/160"}],"replies":[{"embeddable":true,"href":"https:\/\/atauni.edu.tr\/atcilik-ve-antrenorlugu\/wp-json\/wp\/v2\/comments?post=6793"}],"version-history":[{"count":5,"href":"https:\/\/atauni.edu.tr\/atcilik-ve-antrenorlugu\/wp-json\/wp\/v2\/pages\/6793\/revisions"}],"predecessor-version":[{"id":6798,"href":"https:\/\/atauni.edu.tr\/atcilik-ve-antrenorlugu\/wp-json\/wp\/v2\/pages\/6793\/revisions\/6798"}],"wp:attachment":[{"href":"https:\/\/atauni.edu.tr\/atcilik-ve-antrenorlugu\/wp-json\/wp\/v2\/media?parent=6793"}],"curies":[{"name":"wp","href":"https:\/\/api.w.org\/{rel}","templated":true}]}}