{"id":6911,"date":"2025-05-27T10:20:43","date_gmt":"2025-05-27T07:20:43","guid":{"rendered":"https:\/\/birimler.atauni.edu.tr\/atcilik-ve-antrenorlugu\/?page_id=6911"},"modified":"2025-05-27T10:21:44","modified_gmt":"2025-05-27T07:21:44","slug":"etkinlikler","status":"publish","type":"page","link":"https:\/\/atauni.edu.tr\/atcilik-ve-antrenorlugu\/etkinlikler\/","title":{"rendered":"Etkinlikler"},"content":{"rendered":"\t\t<div data-elementor-type=\"wp-page\" data-elementor-id=\"6911\" class=\"elementor elementor-6911\" data-elementor-post-type=\"page\">\n\t\t\t\t\t\t<section class=\"elementor-section elementor-top-section elementor-element elementor-element-25ae249 elementor-section-boxed elementor-section-height-default elementor-section-height-default\" data-id=\"25ae249\" data-element_type=\"section\">\n\t\t\t\t\t\t<div class=\"elementor-container elementor-column-gap-default\">\n\t\t\t\t\t<div class=\"elementor-column elementor-col-100 elementor-top-column elementor-element elementor-element-cb89004\" data-id=\"cb89004\" data-element_type=\"column\">\n\t\t\t<div class=\"elementor-widget-wrap elementor-element-populated\">\n\t\t\t\t\t\t<div class=\"elementor-element elementor-element-0df4987 elementor-widget elementor-widget-shortcode\" data-id=\"0df4987\" data-element_type=\"widget\" data-widget_type=\"shortcode.default\">\n\t\t\t\t<div class=\"elementor-widget-container\">\n\t\t\t\t\t\t\t<div class=\"elementor-shortcode\"><form method=\"get\" class=\"row g-3\" style=\"margin-bottom: 20px;\"><div class=\"col-md-3\"><input type=\"text\" name=\"etkinlik_ara\" class=\"form-control\" placeholder=\"Etkinlik ara...\" value=\"\"><\/div><div class=\"col-md-3\"><input type=\"date\" name=\"baslangic_tarihi\" class=\"form-control\" value=\"\"><\/div><div class=\"col-md-3\"><input type=\"date\" name=\"bitis_tarihi\" class=\"form-control\" value=\"\"><\/div><div class=\"col-md-3\"><button type=\"submit\" class=\"btn btn-secondary w-50\">Filtrele<\/button><\/div><\/form><div class=\"etkinlikler-grid-container\" style=\"display: grid; grid-template-columns: repeat(3, 1fr); gap: 20px;\"><div class=\"etkinlik-grid-item\"><div class=\"etkinlik-thumbnail\"><img fetchpriority=\"high\" decoding=\"async\" width=\"300\" height=\"200\" src=\"https:\/\/atauni.edu.tr\/atcilik-ve-antrenorlugu\/wp-content\/uploads\/sites\/246\/2025\/10\/1760943831795.17607566388-300x200.jpeg\" class=\"img-fluid wp-post-image\" alt=\"\" srcset=\"https:\/\/atauni.edu.tr\/atcilik-ve-antrenorlugu\/wp-content\/uploads\/sites\/246\/2025\/10\/1760943831795.17607566388-300x200.jpeg 300w, https:\/\/atauni.edu.tr\/atcilik-ve-antrenorlugu\/wp-content\/uploads\/sites\/246\/2025\/10\/1760943831795.17607566388-600x399.jpeg 600w, https:\/\/atauni.edu.tr\/atcilik-ve-antrenorlugu\/wp-content\/uploads\/sites\/246\/2025\/10\/1760943831795.17607566388-560x373.jpeg 560w, https:\/\/atauni.edu.tr\/atcilik-ve-antrenorlugu\/wp-content\/uploads\/sites\/246\/2025\/10\/1760943831795.17607566388.jpeg 768w\" sizes=\"(max-width: 300px) 100vw, 300px\" \/><\/div><div class=\"etkinlik-datee\"><span class=\"day\">27<\/span><span class=\"month\">Ekim<\/span><span class=\"year\">2025<\/span><\/div><a href=\"https:\/\/atauni.edu.tr\/atcilik-ve-antrenorlugu\/2025\/10\/27\/bolumumuz-ogretim-uyelerinden-ogr-gor-murat-temel-malatya-turgut-ozal-universitesi-tarafindan-duzenlenen-engellilik-ve-hipoterapi-paneline-davetli-konusmaci-olarak-katildi\/\" class=\"etkinlik-titlee\">B\u00f6l\u00fcm\u00fcm\u00fcz \u00d6\u011fretim Elemanlar\u0131ndan \u00d6\u011fr. G\u00f6r. Murat TEMEL Malatya Turgut \u00d6zal \u00dcniversitesi Taraf\u0131ndan D\u00fczenlenen \u201cEngellilik ve Hippoterapi&#8221; Paneline Davetli Konu\u015fmac\u0131 olarak kat\u0131ld\u0131.<\/a><\/div><div class=\"etkinlik-grid-item\"><div class=\"etkinlik-thumbnail\"><img decoding=\"async\" width=\"300\" height=\"231\" src=\"https:\/\/atauni.edu.tr\/atcilik-ve-antrenorlugu\/wp-content\/uploads\/sites\/246\/2025\/05\/radyo-2-300x231.png\" class=\"img-fluid wp-post-image\" alt=\"\" srcset=\"https:\/\/atauni.edu.tr\/atcilik-ve-antrenorlugu\/wp-content\/uploads\/sites\/246\/2025\/05\/radyo-2-300x231.png 300w, https:\/\/atauni.edu.tr\/atcilik-ve-antrenorlugu\/wp-content\/uploads\/sites\/246\/2025\/05\/radyo-2-560x431.png 560w, https:\/\/atauni.edu.tr\/atcilik-ve-antrenorlugu\/wp-content\/uploads\/sites\/246\/2025\/05\/radyo-2.png 600w\" sizes=\"(max-width: 300px) 100vw, 300px\" \/><\/div><div class=\"etkinlik-datee\"><span class=\"day\">29<\/span><span class=\"month\">May\u0131s<\/span><span class=\"year\">2025<\/span><\/div><a href=\"https:\/\/atauni.edu.tr\/atcilik-ve-antrenorlugu\/2025\/05\/29\/ogrencilerimiz-trt-erzurum-radyosunda-genc-yasam-programina-katildi\/\" class=\"etkinlik-titlee\">\u00d6\u011frencilerimiz TRT Erzurum Radyosu\u2019nda \u201cGen\u00e7 Ya\u015fam\u201d Program\u0131na Kat\u0131ld\u0131<\/a><\/div><div class=\"etkinlik-grid-item\"><div class=\"etkinlik-thumbnail\"><img decoding=\"async\" width=\"300\" height=\"225\" src=\"https:\/\/atauni.edu.tr\/atcilik-ve-antrenorlugu\/wp-content\/uploads\/sites\/246\/2025\/04\/III.-Akademik-Calistay-1-300x225.jpeg\" class=\"img-fluid wp-post-image\" alt=\"\" srcset=\"https:\/\/atauni.edu.tr\/atcilik-ve-antrenorlugu\/wp-content\/uploads\/sites\/246\/2025\/04\/III.-Akademik-Calistay-1-300x225.jpeg 300w, https:\/\/atauni.edu.tr\/atcilik-ve-antrenorlugu\/wp-content\/uploads\/sites\/246\/2025\/04\/III.-Akademik-Calistay-1-1024x769.jpeg 1024w, https:\/\/atauni.edu.tr\/atcilik-ve-antrenorlugu\/wp-content\/uploads\/sites\/246\/2025\/04\/III.-Akademik-Calistay-1-768x576.jpeg 768w, https:\/\/atauni.edu.tr\/atcilik-ve-antrenorlugu\/wp-content\/uploads\/sites\/246\/2025\/04\/III.-Akademik-Calistay-1-1536x1153.jpeg 1536w, https:\/\/atauni.edu.tr\/atcilik-ve-antrenorlugu\/wp-content\/uploads\/sites\/246\/2025\/04\/III.-Akademik-Calistay-1-600x450.jpeg 600w, https:\/\/atauni.edu.tr\/atcilik-ve-antrenorlugu\/wp-content\/uploads\/sites\/246\/2025\/04\/III.-Akademik-Calistay-1-560x420.jpeg 560w, https:\/\/atauni.edu.tr\/atcilik-ve-antrenorlugu\/wp-content\/uploads\/sites\/246\/2025\/04\/III.-Akademik-Calistay-1.jpeg 1600w\" sizes=\"(max-width: 300px) 100vw, 300px\" \/><\/div><div class=\"etkinlik-datee\"><span class=\"day\">15<\/span><span class=\"month\">May\u0131s<\/span><span class=\"year\">2025<\/span><\/div><a href=\"https:\/\/atauni.edu.tr\/atcilik-ve-antrenorlugu\/2025\/05\/15\/iii-atcilik-akademik-calistayi\/\" class=\"etkinlik-titlee\">III. At\u00e7\u0131l\u0131k Akademik \u00c7al\u0131\u015ftay\u0131<\/a><\/div><div class=\"etkinlik-grid-item\"><div class=\"etkinlik-thumbnail\"><img loading=\"lazy\" decoding=\"async\" width=\"300\" height=\"231\" src=\"https:\/\/atauni.edu.tr\/atcilik-ve-antrenorlugu\/wp-content\/uploads\/sites\/246\/2025\/04\/erasmus.png\" class=\"img-fluid wp-post-image\" alt=\"\" \/><\/div><div class=\"etkinlik-datee\"><span class=\"day\">26<\/span><span class=\"month\">Nisan<\/span><span class=\"year\">2025<\/span><\/div><a href=\"https:\/\/atauni.edu.tr\/atcilik-ve-antrenorlugu\/2025\/04\/26\/romanya-iasi-universitesi-gida-ve-hayvan-bilimleri-fakultesinden-bolumumuze-ziyaret\/\" class=\"etkinlik-titlee\">Romanya Ia\u015fi \u00dcniversitesi G\u0131da ve Hayvan Bilimleri Fak\u00fcltesi&#8217;nden B\u00f6l\u00fcm\u00fcm\u00fcze Ziyaret<\/a><\/div><div class=\"etkinlik-grid-item\"><div class=\"etkinlik-thumbnail\"><img loading=\"lazy\" decoding=\"async\" width=\"300\" height=\"231\" src=\"https:\/\/atauni.edu.tr\/atcilik-ve-antrenorlugu\/wp-content\/uploads\/sites\/246\/2025\/04\/manas-300x231.png\" class=\"img-fluid wp-post-image\" alt=\"\" srcset=\"https:\/\/atauni.edu.tr\/atcilik-ve-antrenorlugu\/wp-content\/uploads\/sites\/246\/2025\/04\/manas-300x231.png 300w, https:\/\/atauni.edu.tr\/atcilik-ve-antrenorlugu\/wp-content\/uploads\/sites\/246\/2025\/04\/manas-560x431.png 560w, https:\/\/atauni.edu.tr\/atcilik-ve-antrenorlugu\/wp-content\/uploads\/sites\/246\/2025\/04\/manas.png 600w\" sizes=\"(max-width: 300px) 100vw, 300px\" \/><\/div><div class=\"etkinlik-datee\"><span class=\"day\">26<\/span><span class=\"month\">Nisan<\/span><span class=\"year\">2025<\/span><\/div><a href=\"https:\/\/atauni.edu.tr\/atcilik-ve-antrenorlugu\/2025\/04\/26\/turk-2025-1-uluslararasi-manas-bilim-ve-teknoloji-kongresi\/\" class=\"etkinlik-titlee\">TURK 2025: 1. Uluslararas\u0131 Manas Bilim ve Teknoloji Kongresi<\/a><\/div><div class=\"etkinlik-grid-item\"><div class=\"etkinlik-thumbnail\"><img loading=\"lazy\" decoding=\"async\" width=\"300\" height=\"231\" src=\"https:\/\/atauni.edu.tr\/atcilik-ve-antrenorlugu\/wp-content\/uploads\/sites\/246\/2025\/04\/KUDAKAF1-300x231.png\" class=\"img-fluid wp-post-image\" alt=\"\" srcset=\"https:\/\/atauni.edu.tr\/atcilik-ve-antrenorlugu\/wp-content\/uploads\/sites\/246\/2025\/04\/KUDAKAF1-300x231.png 300w, https:\/\/atauni.edu.tr\/atcilik-ve-antrenorlugu\/wp-content\/uploads\/sites\/246\/2025\/04\/KUDAKAF1-560x431.png 560w, https:\/\/atauni.edu.tr\/atcilik-ve-antrenorlugu\/wp-content\/uploads\/sites\/246\/2025\/04\/KUDAKAF1.png 600w\" sizes=\"(max-width: 300px) 100vw, 300px\" \/><\/div><div class=\"etkinlik-datee\"><span class=\"day\">26<\/span><span class=\"month\">Nisan<\/span><span class=\"year\">2025<\/span><\/div><a href=\"https:\/\/atauni.edu.tr\/atcilik-ve-antrenorlugu\/2025\/04\/26\/kudakaf-2025te-gelecegin-yol-haritasi-ciziliyor\/\" class=\"etkinlik-titlee\">KUDAKAF 2025\u2019TE GELECE\u011e\u0130N YOL HAR\u0130TASI \u00c7\u0130Z\u0130L\u0130YOR<\/a><\/div><div class=\"etkinlik-grid-item\"><div class=\"etkinlik-thumbnail\"><img loading=\"lazy\" decoding=\"async\" width=\"300\" height=\"231\" src=\"https:\/\/atauni.edu.tr\/atcilik-ve-antrenorlugu\/wp-content\/uploads\/sites\/246\/2025\/04\/haber3-300x231.png\" class=\"img-fluid wp-post-image\" alt=\"\" srcset=\"https:\/\/atauni.edu.tr\/atcilik-ve-antrenorlugu\/wp-content\/uploads\/sites\/246\/2025\/04\/haber3-300x231.png 300w, https:\/\/atauni.edu.tr\/atcilik-ve-antrenorlugu\/wp-content\/uploads\/sites\/246\/2025\/04\/haber3-560x431.png 560w, https:\/\/atauni.edu.tr\/atcilik-ve-antrenorlugu\/wp-content\/uploads\/sites\/246\/2025\/04\/haber3.png 600w\" sizes=\"(max-width: 300px) 100vw, 300px\" \/><\/div><div class=\"etkinlik-datee\"><span class=\"day\">23<\/span><span class=\"month\">Nisan<\/span><span class=\"year\">2025<\/span><\/div><a href=\"https:\/\/atauni.edu.tr\/atcilik-ve-antrenorlugu\/2025\/04\/23\/ii-atcilik-calistayi\/\" class=\"etkinlik-titlee\">II. At\u00e7\u0131l\u0131k \u00c7al\u0131\u015ftay\u0131<\/a><\/div><div class=\"etkinlik-grid-item\"><div class=\"etkinlik-thumbnail\"><img loading=\"lazy\" decoding=\"async\" width=\"300\" height=\"231\" src=\"https:\/\/atauni.edu.tr\/atcilik-ve-antrenorlugu\/wp-content\/uploads\/sites\/246\/2025\/04\/haber3-300x231.png\" class=\"img-fluid wp-post-image\" alt=\"\" srcset=\"https:\/\/atauni.edu.tr\/atcilik-ve-antrenorlugu\/wp-content\/uploads\/sites\/246\/2025\/04\/haber3-300x231.png 300w, https:\/\/atauni.edu.tr\/atcilik-ve-antrenorlugu\/wp-content\/uploads\/sites\/246\/2025\/04\/haber3-560x431.png 560w, https:\/\/atauni.edu.tr\/atcilik-ve-antrenorlugu\/wp-content\/uploads\/sites\/246\/2025\/04\/haber3.png 600w\" sizes=\"(max-width: 300px) 100vw, 300px\" \/><\/div><div class=\"etkinlik-datee\"><span class=\"day\">22<\/span><span class=\"month\">Nisan<\/span><span class=\"year\">2025<\/span><\/div><a href=\"https:\/\/atauni.edu.tr\/atcilik-ve-antrenorlugu\/2025\/04\/22\/atcilik-ve-antrenorlugu\/\" class=\"etkinlik-titlee\">1. At\u00e7\u0131l\u0131k Akademik \u00c7al\u0131\u015ftay\u0131<\/a><\/div><\/div><div class=\"pagination\" style=\"margin-top: 20px;\"><\/div><\/div>\n\t\t\t\t\t\t<\/div>\n\t\t\t\t<\/div>\n\t\t\t\t\t<\/div>\n\t\t<\/div>\n\t\t\t\t\t<\/div>\n\t\t<\/section>\n\t\t\t\t<\/div>\n\t\t","protected":false},"excerpt":{"rendered":"","protected":false},"author":1,"featured_media":0,"parent":0,"menu_order":0,"comment_status":"closed","ping_status":"closed","template":"","meta":{"footnotes":""},"class_list":["post-6911","page","type-page","status-publish","hentry"],"_links":{"self":[{"href":"https:\/\/atauni.edu.tr\/atcilik-ve-antrenorlugu\/wp-json\/wp\/v2\/pages\/6911","targetHints":{"allow":["GET"]}}],"collection":[{"href":"https:\/\/atauni.edu.tr\/atcilik-ve-antrenorlugu\/wp-json\/wp\/v2\/pages"}],"about":[{"href":"https:\/\/atauni.edu.tr\/atcilik-ve-antrenorlugu\/wp-json\/wp\/v2\/types\/page"}],"author":[{"embeddable":true,"href":"https:\/\/atauni.edu.tr\/atcilik-ve-antrenorlugu\/wp-json\/wp\/v2\/users\/1"}],"replies":[{"embeddable":true,"href":"https:\/\/atauni.edu.tr\/atcilik-ve-antrenorlugu\/wp-json\/wp\/v2\/comments?post=6911"}],"version-history":[{"count":4,"href":"https:\/\/atauni.edu.tr\/atcilik-ve-antrenorlugu\/wp-json\/wp\/v2\/pages\/6911\/revisions"}],"predecessor-version":[{"id":6919,"href":"https:\/\/atauni.edu.tr\/atcilik-ve-antrenorlugu\/wp-json\/wp\/v2\/pages\/6911\/revisions\/6919"}],"wp:attachment":[{"href":"https:\/\/atauni.edu.tr\/atcilik-ve-antrenorlugu\/wp-json\/wp\/v2\/media?parent=6911"}],"curies":[{"name":"wp","href":"https:\/\/api.w.org\/{rel}","templated":true}]}}