{"id":6071,"date":"2021-08-27T15:45:02","date_gmt":"2021-08-27T12:45:02","guid":{"rendered":"http:\/\/birimler.atauni.edu.tr\/beden-egitimi-ve-spor-bolumu\/?page_id=6071"},"modified":"2021-09-13T10:22:11","modified_gmt":"2021-09-13T07:22:11","slug":"bolum-kurulu-kararlari","status":"publish","type":"page","link":"https:\/\/atauni.edu.tr\/beden-egitimi-ve-spor-bolumu\/bolum-kurulu-kararlari\/","title":{"rendered":"B\u00f6l\u00fcm Kurulu Kararlar\u0131"},"content":{"rendered":"\t\t<div data-elementor-type=\"wp-page\" data-elementor-id=\"6071\" class=\"elementor elementor-6071\" data-elementor-post-type=\"page\">\n\t\t\t\t\t\t<section class=\"elementor-section elementor-top-section elementor-element elementor-element-730d320 elementor-section-boxed elementor-section-height-default elementor-section-height-default\" data-id=\"730d320\" data-element_type=\"section\">\n\t\t\t\t\t\t<div class=\"elementor-container elementor-column-gap-default\">\n\t\t\t\t\t<div class=\"elementor-column elementor-col-100 elementor-top-column elementor-element elementor-element-753d0860\" data-id=\"753d0860\" data-element_type=\"column\">\n\t\t\t<div class=\"elementor-widget-wrap\">\n\t\t\t\t\t\t\t<\/div>\n\t\t<\/div>\n\t\t\t\t\t<\/div>\n\t\t<\/section>\n\t\t\t\t<section class=\"elementor-section elementor-top-section elementor-element elementor-element-9be811a elementor-section-boxed elementor-section-height-default elementor-section-height-default\" data-id=\"9be811a\" data-element_type=\"section\">\n\t\t\t\t\t\t<div class=\"elementor-container elementor-column-gap-default\">\n\t\t\t\t\t<div class=\"elementor-column elementor-col-100 elementor-top-column elementor-element elementor-element-1ed847b7\" data-id=\"1ed847b7\" data-element_type=\"column\">\n\t\t\t<div class=\"elementor-widget-wrap elementor-element-populated\">\n\t\t\t\t\t\t<div class=\"elementor-element elementor-element-4ce0d07f elementor-widget elementor-widget-heading\" data-id=\"4ce0d07f\" data-element_type=\"widget\" data-widget_type=\"heading.default\">\n\t\t\t\t<div class=\"elementor-widget-container\">\n\t\t\t\t\t<h2 class=\"elementor-heading-title elementor-size-default\">B\u00f6l\u00fcm Kurulu Kararlar\u0131<\/h2>\t\t\t\t<\/div>\n\t\t\t\t<\/div>\n\t\t\t\t<div class=\"elementor-element elementor-element-63260862 elementor-widget-divider--view-line elementor-widget elementor-widget-divider\" data-id=\"63260862\" data-element_type=\"widget\" data-widget_type=\"divider.default\">\n\t\t\t\t<div class=\"elementor-widget-container\">\n\t\t\t\t\t\t\t<div class=\"elementor-divider\">\n\t\t\t<span class=\"elementor-divider-separator\">\n\t\t\t\t\t\t<\/span>\n\t\t<\/div>\n\t\t\t\t\t\t<\/div>\n\t\t\t\t<\/div>\n\t\t\t\t\t<\/div>\n\t\t<\/div>\n\t\t\t\t\t<\/div>\n\t\t<\/section>\n\t\t\t\t<section class=\"elementor-section elementor-top-section elementor-element elementor-element-681db8b elementor-section-boxed elementor-section-height-default elementor-section-height-default\" data-id=\"681db8b\" data-element_type=\"section\">\n\t\t\t\t\t\t<div class=\"elementor-container elementor-column-gap-default\">\n\t\t\t\t\t<div class=\"elementor-column elementor-col-100 elementor-top-column elementor-element elementor-element-ad4dac5\" data-id=\"ad4dac5\" data-element_type=\"column\">\n\t\t\t<div class=\"elementor-widget-wrap elementor-element-populated\">\n\t\t\t\t\t\t<div class=\"elementor-element elementor-element-2f96b3d elementor-widget elementor-widget-text-editor\" data-id=\"2f96b3d\" data-element_type=\"widget\" data-widget_type=\"text-editor.default\">\n\t\t\t\t<div class=\"elementor-widget-container\">\n\t\t\t\t\t\t\t\t\t<p>Atat\u00fcrk \u00dcniversitesi Beden E\u011fitimi ve Spor B\u00f6l\u00fcm\u00fc, b\u00f6l\u00fcm\u00fcn i\u015fleyi\u015fini ve kararlar\u0131n\u0131 belirlemek amac\u0131yla d\u00fczenli aral\u0131klarla toplanan B\u00f6l\u00fcm Kurulu toplant\u0131lar\u0131 ger\u00e7ekle\u015ftirir. Bu toplant\u0131larda e\u011fitim-\u00f6\u011fretim faaliyetleri, \u00f6\u011frenci ve \u00f6\u011fretim eleman\u0131 konular\u0131, b\u00f6l\u00fcm i\u00e7i organizasyonlar ve di\u011fer \u00f6nemli g\u00fcndem maddeleri g\u00f6r\u00fc\u015f\u00fclerek kararlar al\u0131n\u0131r.<\/p>\n<p>B\u00f6l\u00fcm Kurulu Kararlar\u0131, hem b\u00f6l\u00fcm\u00fcn i\u00e7 i\u015fleyi\u015fini d\u00fczenlemek hem de b\u00f6l\u00fcm\u00fcn genel politikas\u0131n\u0131 belirlemek a\u00e7\u0131s\u0131ndan b\u00fcy\u00fck \u00f6nem ta\u015f\u0131r. \u00d6\u011fretim elemanlar\u0131n\u0131n, idari personelin ve \u00f6\u011frencilerin katk\u0131lar\u0131yla olu\u015fturulan bu kararlar, e\u011fitim kalitesinin art\u0131r\u0131lmas\u0131, b\u00f6l\u00fcm i\u00e7i ileti\u015fimin g\u00fc\u00e7lendirilmesi ve \u00f6\u011frenci memnuniyetinin artt\u0131r\u0131lmas\u0131 i\u00e7in temel olu\u015fturur.<\/p>\n<p>Bu kararlar\u0131n baz\u0131lar\u0131 \u00f6\u011fretim planlar\u0131n\u0131n g\u00fcncellenmesi, yeni derslerin eklenmesi, \u00f6\u011frencilere y\u00f6nelik sosyal ve k\u00fclt\u00fcrel etkinliklerin d\u00fczenlenmesi, b\u00f6l\u00fcm i\u00e7i atamalar ve g\u00f6revlendirmeler, ara\u015ft\u0131rma projelerinin desteklenmesi gibi konular\u0131 i\u00e7erebilir. Ayr\u0131ca, b\u00f6l\u00fcm\u00fcn stratejik planlamas\u0131, b\u00fct\u00e7e da\u011f\u0131l\u0131m\u0131 ve di\u011fer idari konularda da B\u00f6l\u00fcm Kurulu kararlar\u0131 belirleyici olur.<\/p>\n<p>Atat\u00fcrk \u00dcniversitesi Beden E\u011fitimi ve Spor B\u00f6l\u00fcm\u00fc, al\u0131nan bu kararlarla birlikte hem e\u011fitim-\u00f6\u011fretim faaliyetlerini zenginle\u015ftirmeyi hem de \u00f6\u011frencilere daha iyi bir \u00f6\u011frenme ortam\u0131 sunmay\u0131 hedefler. B\u00f6l\u00fcm\u00fcn gelece\u011fi i\u00e7in \u00f6nemli ad\u0131mlar atan bu kurul, b\u00f6l\u00fcm\u00fcn vizyon ve misyonuna uygun olarak hareket eder.<\/p>\t\t\t\t\t\t\t\t<\/div>\n\t\t\t\t<\/div>\n\t\t\t\t\t<\/div>\n\t\t<\/div>\n\t\t\t\t\t<\/div>\n\t\t<\/section>\n\t\t\t\t<\/div>\n\t\t","protected":false},"excerpt":{"rendered":"<p>**B\u00f6l\u00fcm Kurulu Kararlar\u0131** Beden E\u011fitimi ve Spor B\u00f6l\u00fcm\u00fcm\u00fcz\u00fcn akademik ve idari i\u015fleyi\u015fini d\u00fczenlemek amac\u0131yla al\u0131nan kararlar, b\u00f6l\u00fcm\u00fcm\u00fcz\u00fcn y\u00f6netim kurulu taraf\u0131ndan g\u00f6r\u00fc\u015f\u00fclerek karara ba\u011flan\u0131r. Bu kararlar, \u00f6\u011frencilerimizin e\u011fitim s\u00fcre\u00e7lerini iyile\u015ftirmek, \u00f6\u011fretim \u00fcyelerimizin \u00e7al\u0131\u015fmalar\u0131n\u0131 desteklemek ve b\u00f6l\u00fcm\u00fcn genel geli\u015fimini sa\u011flamak amac\u0131yla al\u0131nmaktad\u0131r. B\u00f6l\u00fcm Kurulu Kararlar\u0131, a\u015fa\u011f\u0131daki konular\u0131 i\u00e7erebilir: &#8211; \u00d6\u011fretim planlar\u0131n\u0131n g\u00fcncellenmesi &#8211; Yeni derslerin a\u00e7\u0131lmas\u0131 &#8211; [&hellip;]<\/p>\n","protected":false},"author":1,"featured_media":0,"parent":0,"menu_order":0,"comment_status":"closed","ping_status":"closed","template":"elementor_header_footer","meta":{"footnotes":""},"class_list":["post-6071","page","type-page","status-publish","hentry"],"_links":{"self":[{"href":"https:\/\/atauni.edu.tr\/beden-egitimi-ve-spor-bolumu\/wp-json\/wp\/v2\/pages\/6071","targetHints":{"allow":["GET"]}}],"collection":[{"href":"https:\/\/atauni.edu.tr\/beden-egitimi-ve-spor-bolumu\/wp-json\/wp\/v2\/pages"}],"about":[{"href":"https:\/\/atauni.edu.tr\/beden-egitimi-ve-spor-bolumu\/wp-json\/wp\/v2\/types\/page"}],"author":[{"embeddable":true,"href":"https:\/\/atauni.edu.tr\/beden-egitimi-ve-spor-bolumu\/wp-json\/wp\/v2\/users\/1"}],"replies":[{"embeddable":true,"href":"https:\/\/atauni.edu.tr\/beden-egitimi-ve-spor-bolumu\/wp-json\/wp\/v2\/comments?post=6071"}],"version-history":[{"count":7,"href":"https:\/\/atauni.edu.tr\/beden-egitimi-ve-spor-bolumu\/wp-json\/wp\/v2\/pages\/6071\/revisions"}],"predecessor-version":[{"id":6120,"href":"https:\/\/atauni.edu.tr\/beden-egitimi-ve-spor-bolumu\/wp-json\/wp\/v2\/pages\/6071\/revisions\/6120"}],"wp:attachment":[{"href":"https:\/\/atauni.edu.tr\/beden-egitimi-ve-spor-bolumu\/wp-json\/wp\/v2\/media?parent=6071"}],"curies":[{"name":"wp","href":"https:\/\/api.w.org\/{rel}","templated":true}]}}