{"id":7548,"date":"2025-03-19T09:07:03","date_gmt":"2025-03-19T06:07:03","guid":{"rendered":"https:\/\/birimler.atauni.edu.tr\/beta\/?page_id=7548"},"modified":"2025-03-19T09:07:03","modified_gmt":"2025-03-19T06:07:03","slug":"anasayfa-1","status":"publish","type":"page","link":"https:\/\/atauni.edu.tr\/beta\/anasayfa-1\/","title":{"rendered":"Anasayfa-1"},"content":{"rendered":"\t\t<div data-elementor-type=\"wp-page\" data-elementor-id=\"7548\" class=\"elementor elementor-7548\" data-elementor-post-type=\"page\">\n\t\t\t\t\t\t<section class=\"elementor-section elementor-top-section elementor-element elementor-element-7ddf9600 elementor-section-boxed elementor-section-height-default elementor-section-height-default\" data-id=\"7ddf9600\" data-element_type=\"section\">\n\t\t\t\t\t\t<div class=\"elementor-container elementor-column-gap-no\">\n\t\t\t\t\t<div class=\"elementor-column elementor-col-50 elementor-top-column elementor-element elementor-element-003a8bd\" data-id=\"003a8bd\" data-element_type=\"column\" data-settings=\"{&quot;background_background&quot;:&quot;gradient&quot;}\">\n\t\t\t<div class=\"elementor-widget-wrap elementor-element-populated\">\n\t\t\t\t\t\t<div class=\"elementor-element elementor-element-66afe2e elementor-widget__width-initial elementor-widget elementor-widget-image\" data-id=\"66afe2e\" data-element_type=\"widget\" data-widget_type=\"image.default\">\n\t\t\t\t<div class=\"elementor-widget-container\">\n\t\t\t\t\t\t\t\t\t\t\t\t\t\t\t<img fetchpriority=\"high\" decoding=\"async\" width=\"730\" height=\"1024\" src=\"https:\/\/atauni.edu.tr\/beta\/wp-content\/uploads\/sites\/790\/2025\/03\/20602501_6337380-730x1024.jpg\" class=\"attachment-large size-large wp-image-7504\" alt=\"\" srcset=\"https:\/\/atauni.edu.tr\/beta\/wp-content\/uploads\/sites\/790\/2025\/03\/20602501_6337380-730x1024.jpg 730w, https:\/\/atauni.edu.tr\/beta\/wp-content\/uploads\/sites\/790\/2025\/03\/20602501_6337380-214x300.jpg 214w, https:\/\/atauni.edu.tr\/beta\/wp-content\/uploads\/sites\/790\/2025\/03\/20602501_6337380-768x1077.jpg 768w, https:\/\/atauni.edu.tr\/beta\/wp-content\/uploads\/sites\/790\/2025\/03\/20602501_6337380-1095x1536.jpg 1095w, https:\/\/atauni.edu.tr\/beta\/wp-content\/uploads\/sites\/790\/2025\/03\/20602501_6337380-1460x2048.jpg 1460w, https:\/\/atauni.edu.tr\/beta\/wp-content\/uploads\/sites\/790\/2025\/03\/20602501_6337380-428x600.jpg 428w, https:\/\/atauni.edu.tr\/beta\/wp-content\/uploads\/sites\/790\/2025\/03\/20602501_6337380-399x560.jpg 399w, https:\/\/atauni.edu.tr\/beta\/wp-content\/uploads\/sites\/790\/2025\/03\/20602501_6337380-scaled.jpg 1825w\" sizes=\"(max-width: 730px) 100vw, 730px\" \/>\t\t\t\t\t\t\t\t\t\t\t\t\t\t\t<\/div>\n\t\t\t\t<\/div>\n\t\t\t\t\t<\/div>\n\t\t<\/div>\n\t\t\t\t<div class=\"elementor-column elementor-col-50 elementor-top-column elementor-element elementor-element-a34ddb4\" data-id=\"a34ddb4\" data-element_type=\"column\" data-settings=\"{&quot;background_background&quot;:&quot;gradient&quot;}\">\n\t\t\t<div class=\"elementor-widget-wrap elementor-element-populated\">\n\t\t\t\t\t\t<div class=\"elementor-element elementor-element-dbc641d elementor-widget__width-initial elementor-widget elementor-widget-image\" data-id=\"dbc641d\" data-element_type=\"widget\" data-widget_type=\"image.default\">\n\t\t\t\t<div class=\"elementor-widget-container\">\n\t\t\t\t\t\t\t\t\t\t\t\t\t\t\t<img decoding=\"async\" width=\"731\" height=\"1024\" src=\"https:\/\/atauni.edu.tr\/beta\/wp-content\/uploads\/sites\/790\/2025\/03\/b65444c5a600918a5d7b50d81299a75f-731x1024.jpg\" class=\"attachment-large size-large wp-image-7472\" alt=\"\" srcset=\"https:\/\/atauni.edu.tr\/beta\/wp-content\/uploads\/sites\/790\/2025\/03\/b65444c5a600918a5d7b50d81299a75f-731x1024.jpg 731w, https:\/\/atauni.edu.tr\/beta\/wp-content\/uploads\/sites\/790\/2025\/03\/b65444c5a600918a5d7b50d81299a75f-214x300.jpg 214w, https:\/\/atauni.edu.tr\/beta\/wp-content\/uploads\/sites\/790\/2025\/03\/b65444c5a600918a5d7b50d81299a75f-768x1076.jpg 768w, https:\/\/atauni.edu.tr\/beta\/wp-content\/uploads\/sites\/790\/2025\/03\/b65444c5a600918a5d7b50d81299a75f-1097x1536.jpg 1097w, https:\/\/atauni.edu.tr\/beta\/wp-content\/uploads\/sites\/790\/2025\/03\/b65444c5a600918a5d7b50d81299a75f-1462x2048.jpg 1462w, https:\/\/atauni.edu.tr\/beta\/wp-content\/uploads\/sites\/790\/2025\/03\/b65444c5a600918a5d7b50d81299a75f-428x600.jpg 428w, https:\/\/atauni.edu.tr\/beta\/wp-content\/uploads\/sites\/790\/2025\/03\/b65444c5a600918a5d7b50d81299a75f-400x560.jpg 400w, https:\/\/atauni.edu.tr\/beta\/wp-content\/uploads\/sites\/790\/2025\/03\/b65444c5a600918a5d7b50d81299a75f.jpg 1828w\" sizes=\"(max-width: 731px) 100vw, 731px\" \/>\t\t\t\t\t\t\t\t\t\t\t\t\t\t\t<\/div>\n\t\t\t\t<\/div>\n\t\t\t\t\t<\/div>\n\t\t<\/div>\n\t\t\t\t\t<\/div>\n\t\t<\/section>\n\t\t\t\t<section class=\"elementor-section elementor-top-section elementor-element elementor-element-66029bf elementor-section-boxed elementor-section-height-default elementor-section-height-default\" data-id=\"66029bf\" data-element_type=\"section\">\n\t\t\t\t\t\t<div class=\"elementor-container elementor-column-gap-default\">\n\t\t\t\t\t<div class=\"elementor-column elementor-col-100 elementor-top-column elementor-element elementor-element-8e532fb\" data-id=\"8e532fb\" data-element_type=\"column\">\n\t\t\t<div class=\"elementor-widget-wrap elementor-element-populated\">\n\t\t\t\t\t\t<div class=\"elementor-element elementor-element-5eb8cd6 elementor-widget elementor-widget-heading\" data-id=\"5eb8cd6\" data-element_type=\"widget\" data-widget_type=\"heading.default\">\n\t\t\t\t<div class=\"elementor-widget-container\">\n\t\t\t\t\t<h2 class=\"elementor-heading-title elementor-size-default\">Payda\u015flar\u0131m\u0131z<\/h2>\t\t\t\t<\/div>\n\t\t\t\t<\/div>\n\t\t\t\t<div class=\"elementor-element elementor-element-6f1f697 elementor-widget-divider--view-line elementor-widget elementor-widget-divider\" data-id=\"6f1f697\" data-element_type=\"widget\" data-widget_type=\"divider.default\">\n\t\t\t\t<div class=\"elementor-widget-container\">\n\t\t\t\t\t\t\t<div class=\"elementor-divider\">\n\t\t\t<span class=\"elementor-divider-separator\">\n\t\t\t\t\t\t<\/span>\n\t\t<\/div>\n\t\t\t\t\t\t<\/div>\n\t\t\t\t<\/div>\n\t\t\t\t\t<\/div>\n\t\t<\/div>\n\t\t\t\t\t<\/div>\n\t\t<\/section>\n\t\t\t\t<section class=\"elementor-section elementor-top-section elementor-element elementor-element-a4691c8 elementor-section-boxed elementor-section-height-default elementor-section-height-default\" data-id=\"a4691c8\" data-element_type=\"section\">\n\t\t\t\t\t\t<div class=\"elementor-container elementor-column-gap-default\">\n\t\t\t\t\t<div class=\"elementor-column elementor-col-25 elementor-top-column elementor-element elementor-element-f53d6e9\" data-id=\"f53d6e9\" data-element_type=\"column\">\n\t\t\t<div class=\"elementor-widget-wrap elementor-element-populated\">\n\t\t\t\t\t\t<div class=\"elementor-element elementor-element-3c2758b elementor-widget__width-initial siyah elementor-widget elementor-widget-image\" data-id=\"3c2758b\" data-element_type=\"widget\" data-widget_type=\"image.default\">\n\t\t\t\t<div class=\"elementor-widget-container\">\n\t\t\t\t\t\t\t\t\t\t\t\t\t\t\t<img decoding=\"async\" width=\"466\" height=\"466\" src=\"https:\/\/atauni.edu.tr\/beta\/wp-content\/uploads\/sites\/790\/2020\/10\/logo1.png\" class=\"attachment-large size-large wp-image-6709\" alt=\"\" srcset=\"https:\/\/atauni.edu.tr\/beta\/wp-content\/uploads\/sites\/790\/2020\/10\/logo1.png 466w, https:\/\/atauni.edu.tr\/beta\/wp-content\/uploads\/sites\/790\/2020\/10\/logo1-300x300.png 300w, https:\/\/atauni.edu.tr\/beta\/wp-content\/uploads\/sites\/790\/2020\/10\/logo1-150x150.png 150w\" sizes=\"(max-width: 466px) 100vw, 466px\" \/>\t\t\t\t\t\t\t\t\t\t\t\t\t\t\t<\/div>\n\t\t\t\t<\/div>\n\t\t\t\t\t<\/div>\n\t\t<\/div>\n\t\t\t\t<div class=\"elementor-column elementor-col-25 elementor-top-column elementor-element elementor-element-e0bbd75\" data-id=\"e0bbd75\" data-element_type=\"column\">\n\t\t\t<div class=\"elementor-widget-wrap elementor-element-populated\">\n\t\t\t\t\t\t<div class=\"elementor-element elementor-element-798ef25 elementor-widget__width-initial siyah elementor-widget elementor-widget-image\" data-id=\"798ef25\" data-element_type=\"widget\" data-widget_type=\"image.default\">\n\t\t\t\t<div class=\"elementor-widget-container\">\n\t\t\t\t\t\t\t\t\t\t\t\t\t\t\t<img decoding=\"async\" width=\"466\" height=\"466\" src=\"https:\/\/atauni.edu.tr\/beta\/wp-content\/uploads\/sites\/790\/2020\/10\/logo1.png\" class=\"attachment-large size-large wp-image-6709\" alt=\"\" srcset=\"https:\/\/atauni.edu.tr\/beta\/wp-content\/uploads\/sites\/790\/2020\/10\/logo1.png 466w, https:\/\/atauni.edu.tr\/beta\/wp-content\/uploads\/sites\/790\/2020\/10\/logo1-300x300.png 300w, https:\/\/atauni.edu.tr\/beta\/wp-content\/uploads\/sites\/790\/2020\/10\/logo1-150x150.png 150w\" sizes=\"(max-width: 466px) 100vw, 466px\" \/>\t\t\t\t\t\t\t\t\t\t\t\t\t\t\t<\/div>\n\t\t\t\t<\/div>\n\t\t\t\t\t<\/div>\n\t\t<\/div>\n\t\t\t\t<div class=\"elementor-column elementor-col-25 elementor-top-column elementor-element elementor-element-65193e5\" data-id=\"65193e5\" data-element_type=\"column\">\n\t\t\t<div class=\"elementor-widget-wrap elementor-element-populated\">\n\t\t\t\t\t\t<div class=\"elementor-element elementor-element-0c52431 elementor-widget__width-initial siyah elementor-widget elementor-widget-image\" data-id=\"0c52431\" data-element_type=\"widget\" data-widget_type=\"image.default\">\n\t\t\t\t<div class=\"elementor-widget-container\">\n\t\t\t\t\t\t\t\t\t\t\t\t\t\t\t<img decoding=\"async\" width=\"466\" height=\"466\" src=\"https:\/\/atauni.edu.tr\/beta\/wp-content\/uploads\/sites\/790\/2020\/10\/logo1.png\" class=\"attachment-large size-large wp-image-6709\" alt=\"\" srcset=\"https:\/\/atauni.edu.tr\/beta\/wp-content\/uploads\/sites\/790\/2020\/10\/logo1.png 466w, https:\/\/atauni.edu.tr\/beta\/wp-content\/uploads\/sites\/790\/2020\/10\/logo1-300x300.png 300w, https:\/\/atauni.edu.tr\/beta\/wp-content\/uploads\/sites\/790\/2020\/10\/logo1-150x150.png 150w\" sizes=\"(max-width: 466px) 100vw, 466px\" \/>\t\t\t\t\t\t\t\t\t\t\t\t\t\t\t<\/div>\n\t\t\t\t<\/div>\n\t\t\t\t\t<\/div>\n\t\t<\/div>\n\t\t\t\t<div class=\"elementor-column elementor-col-25 elementor-top-column elementor-element elementor-element-d3b1327\" data-id=\"d3b1327\" data-element_type=\"column\">\n\t\t\t<div class=\"elementor-widget-wrap elementor-element-populated\">\n\t\t\t\t\t\t<div class=\"elementor-element elementor-element-c23cbc1 elementor-widget__width-initial siyah elementor-widget elementor-widget-image\" data-id=\"c23cbc1\" data-element_type=\"widget\" data-widget_type=\"image.default\">\n\t\t\t\t<div class=\"elementor-widget-container\">\n\t\t\t\t\t\t\t\t\t\t\t\t\t\t\t<img decoding=\"async\" width=\"466\" height=\"466\" src=\"https:\/\/atauni.edu.tr\/beta\/wp-content\/uploads\/sites\/790\/2020\/10\/logo1.png\" class=\"attachment-large size-large wp-image-6709\" alt=\"\" srcset=\"https:\/\/atauni.edu.tr\/beta\/wp-content\/uploads\/sites\/790\/2020\/10\/logo1.png 466w, https:\/\/atauni.edu.tr\/beta\/wp-content\/uploads\/sites\/790\/2020\/10\/logo1-300x300.png 300w, https:\/\/atauni.edu.tr\/beta\/wp-content\/uploads\/sites\/790\/2020\/10\/logo1-150x150.png 150w\" sizes=\"(max-width: 466px) 100vw, 466px\" \/>\t\t\t\t\t\t\t\t\t\t\t\t\t\t\t<\/div>\n\t\t\t\t<\/div>\n\t\t\t\t\t<\/div>\n\t\t<\/div>\n\t\t\t\t\t<\/div>\n\t\t<\/section>\n\t\t\t\t<section class=\"elementor-section elementor-top-section elementor-element elementor-element-f8761a6 elementor-section-boxed elementor-section-height-default elementor-section-height-default\" data-id=\"f8761a6\" data-element_type=\"section\">\n\t\t\t\t\t\t<div class=\"elementor-container elementor-column-gap-default\">\n\t\t\t\t\t<div class=\"elementor-column elementor-col-100 elementor-top-column elementor-element elementor-element-82a2cff\" data-id=\"82a2cff\" data-element_type=\"column\">\n\t\t\t<div class=\"elementor-widget-wrap elementor-element-populated\">\n\t\t\t\t\t\t<div class=\"elementor-element elementor-element-1515cbf elementor-countdown--label-block elementor-widget elementor-widget-countdown\" data-id=\"1515cbf\" data-element_type=\"widget\" data-widget_type=\"countdown.default\">\n\t\t\t\t<div class=\"elementor-widget-container\">\n\t\t\t\t\t\t\t<div data-evergreen-interval=\"172740\" class=\"elementor-countdown-wrapper\" data-date=\"\">\n\t\t\t<div class=\"elementor-countdown-item\"><span class=\"elementor-countdown-digits elementor-countdown-days\"><\/span> <span class=\"elementor-countdown-label\">Days<\/span><\/div><div class=\"elementor-countdown-item\"><span class=\"elementor-countdown-digits elementor-countdown-hours\"><\/span> <span class=\"elementor-countdown-label\">Hours<\/span><\/div><div class=\"elementor-countdown-item\"><span class=\"elementor-countdown-digits elementor-countdown-minutes\"><\/span> <span class=\"elementor-countdown-label\">Minutes<\/span><\/div><div class=\"elementor-countdown-item\"><span class=\"elementor-countdown-digits elementor-countdown-seconds\"><\/span> <span class=\"elementor-countdown-label\">Seconds<\/span><\/div>\t\t<\/div>\n\t\t\t\t\t\t<\/div>\n\t\t\t\t<\/div>\n\t\t\t\t\t<\/div>\n\t\t<\/div>\n\t\t\t\t\t<\/div>\n\t\t<\/section>\n\t\t\t\t<section class=\"elementor-section elementor-top-section elementor-element elementor-element-3585faa elementor-section-boxed elementor-section-height-default elementor-section-height-default\" data-id=\"3585faa\" data-element_type=\"section\">\n\t\t\t\t\t\t<div class=\"elementor-container elementor-column-gap-no\">\n\t\t\t\t\t<div class=\"elementor-column elementor-col-50 elementor-top-column elementor-element elementor-element-42feb1e\" data-id=\"42feb1e\" data-element_type=\"column\">\n\t\t\t<div class=\"elementor-widget-wrap elementor-element-populated\">\n\t\t\t\t\t\t<section class=\"elementor-section elementor-inner-section elementor-element elementor-element-1dcb06d elementor-section-boxed elementor-section-height-default elementor-section-height-default\" data-id=\"1dcb06d\" data-element_type=\"section\">\n\t\t\t\t\t\t<div class=\"elementor-container elementor-column-gap-default\">\n\t\t\t\t\t<div class=\"elementor-column elementor-col-50 elementor-inner-column elementor-element elementor-element-b9890fc\" data-id=\"b9890fc\" data-element_type=\"column\">\n\t\t\t<div class=\"elementor-widget-wrap elementor-element-populated\">\n\t\t\t\t\t\t<div class=\"elementor-element elementor-element-900a5e6 elementor-widget elementor-widget-heading\" data-id=\"900a5e6\" data-element_type=\"widget\" data-widget_type=\"heading.default\">\n\t\t\t\t<div class=\"elementor-widget-container\">\n\t\t\t\t\t<h2 class=\"elementor-heading-title elementor-size-default\">Haberler<\/h2>\t\t\t\t<\/div>\n\t\t\t\t<\/div>\n\t\t\t\t\t<\/div>\n\t\t<\/div>\n\t\t\t\t<div class=\"elementor-column elementor-col-50 elementor-inner-column elementor-element elementor-element-6e264c8\" data-id=\"6e264c8\" data-element_type=\"column\">\n\t\t\t<div class=\"elementor-widget-wrap elementor-element-populated\">\n\t\t\t\t\t\t<div class=\"elementor-element elementor-element-d727125 elementor-align-right elementor-widget elementor-widget-button\" data-id=\"d727125\" data-element_type=\"widget\" data-widget_type=\"button.default\">\n\t\t\t\t<div class=\"elementor-widget-container\">\n\t\t\t\t\t\t\t\t\t<div class=\"elementor-button-wrapper\">\n\t\t\t\t\t<a class=\"elementor-button elementor-button-link elementor-size-sm\" href=\"https:\/\/birimler.atauni.edu.tr\/egitim-bilimleri-enstitusu\/haberler\/\">\n\t\t\t\t\t\t<span class=\"elementor-button-content-wrapper\">\n\t\t\t\t\t\t<span class=\"elementor-button-icon\">\n\t\t\t\t<i aria-hidden=\"true\" class=\"fas fa-long-arrow-alt-right\"><\/i>\t\t\t<\/span>\n\t\t\t\t\t\t\t\t\t<span class=\"elementor-button-text\">T\u00fcm\u00fc<\/span>\n\t\t\t\t\t<\/span>\n\t\t\t\t\t<\/a>\n\t\t\t\t<\/div>\n\t\t\t\t\t\t\t\t<\/div>\n\t\t\t\t<\/div>\n\t\t\t\t\t<\/div>\n\t\t<\/div>\n\t\t\t\t\t<\/div>\n\t\t<\/section>\n\t\t\t\t<div class=\"elementor-element elementor-element-91118c5 elementor-widget-divider--view-line elementor-widget elementor-widget-divider\" data-id=\"91118c5\" data-element_type=\"widget\" data-widget_type=\"divider.default\">\n\t\t\t\t<div class=\"elementor-widget-container\">\n\t\t\t\t\t\t\t<div class=\"elementor-divider\">\n\t\t\t<span class=\"elementor-divider-separator\">\n\t\t\t\t\t\t<\/span>\n\t\t<\/div>\n\t\t\t\t\t\t<\/div>\n\t\t\t\t<\/div>\n\t\t\t\t<div class=\"elementor-element elementor-element-7822b27 elementor-widget elementor-widget-shortcode\" data-id=\"7822b27\" data-element_type=\"widget\" data-widget_type=\"shortcode.default\">\n\t\t\t\t<div class=\"elementor-widget-container\">\n\t\t\t\t\t\t\t<div class=\"elementor-shortcode\"><ul class=\"kategori-yazilari-liste\"><li style=\"display: flex; margin-bottom: 10px;\"><div class=\"post-content\" style=\"flex-grow: 1;\"><span class=\"post-date habertarih\" style=\"display: block; font-weight: bold; margin-bottom: 5px;\">18 Aral\u0131k 2024<\/span><a class=\"haberbaslik\" href=\"https:\/\/atauni.edu.tr\/beta\/2024\/12\/18\/ziraat-fakultesinde-5-bolum-daha-akredite-oldu-2\/\" style=\"\">Ziraat Fak\u00fcltesinde 5 B\u00f6l\u00fcm Daha Akredite Oldu<\/a><\/div><\/li><li style=\"display: flex; margin-bottom: 10px;\"><div class=\"post-content\" style=\"flex-grow: 1;\"><span class=\"post-date habertarih\" style=\"display: block; font-weight: bold; margin-bottom: 5px;\">18 Aral\u0131k 2024<\/span><a class=\"haberbaslik\" href=\"https:\/\/atauni.edu.tr\/beta\/2024\/12\/18\/yeni-donem-hazirliklari-kapsaminda-oryantasyon-programlari-bilgilendirme-toplantisi-duzenlendi-2\/\" style=\"\">Yeni D\u00f6nem Haz\u0131rl\u0131klar\u0131 Kapsam\u0131nda \u201cOryantasyon Programlar\u0131 Bilgilendirme Toplant\u0131s\u0131\u201d D\u00fczenlendi<\/a><\/div><\/li><li style=\"display: flex; margin-bottom: 10px;\"><div class=\"post-content\" style=\"flex-grow: 1;\"><span class=\"post-date habertarih\" style=\"display: block; font-weight: bold; margin-bottom: 5px;\">26 Eyl\u00fcl 2024<\/span><a class=\"haberbaslik\" href=\"https:\/\/atauni.edu.tr\/beta\/2024\/09\/26\/ataturk-universitesinde-2024-2025-egitim-ogretim-yili-ders-kayitlari-devam-ediyor\/\" style=\"\">Atat\u00fcrk \u00dcniversitesinde 2024-2025 E\u011fitim-\u00d6\u011fretim Y\u0131l\u0131 Ders Kay\u0131tlar\u0131 Devam Ediyor<\/a><\/div><\/li><\/ul>\n<\/div>\n\t\t\t\t\t\t<\/div>\n\t\t\t\t<\/div>\n\t\t\t\t\t<\/div>\n\t\t<\/div>\n\t\t\t\t<div class=\"elementor-column elementor-col-50 elementor-top-column elementor-element elementor-element-5324f77\" data-id=\"5324f77\" data-element_type=\"column\">\n\t\t\t<div class=\"elementor-widget-wrap elementor-element-populated\">\n\t\t\t\t\t\t<section class=\"elementor-section elementor-inner-section elementor-element elementor-element-a0321b1 elementor-section-boxed elementor-section-height-default elementor-section-height-default\" data-id=\"a0321b1\" data-element_type=\"section\">\n\t\t\t\t\t\t<div class=\"elementor-container elementor-column-gap-default\">\n\t\t\t\t\t<div class=\"elementor-column elementor-col-50 elementor-inner-column elementor-element elementor-element-a9c310b\" data-id=\"a9c310b\" data-element_type=\"column\">\n\t\t\t<div class=\"elementor-widget-wrap elementor-element-populated\">\n\t\t\t\t\t\t<div class=\"elementor-element elementor-element-e23fffd elementor-widget elementor-widget-heading\" data-id=\"e23fffd\" data-element_type=\"widget\" data-widget_type=\"heading.default\">\n\t\t\t\t<div class=\"elementor-widget-container\">\n\t\t\t\t\t<h2 class=\"elementor-heading-title elementor-size-default\">Duyurular<\/h2>\t\t\t\t<\/div>\n\t\t\t\t<\/div>\n\t\t\t\t\t<\/div>\n\t\t<\/div>\n\t\t\t\t<div class=\"elementor-column elementor-col-50 elementor-inner-column elementor-element elementor-element-966229b\" data-id=\"966229b\" data-element_type=\"column\">\n\t\t\t<div class=\"elementor-widget-wrap elementor-element-populated\">\n\t\t\t\t\t\t<div class=\"elementor-element elementor-element-f97ee31 elementor-align-right elementor-widget elementor-widget-button\" data-id=\"f97ee31\" data-element_type=\"widget\" data-widget_type=\"button.default\">\n\t\t\t\t<div class=\"elementor-widget-container\">\n\t\t\t\t\t\t\t\t\t<div class=\"elementor-button-wrapper\">\n\t\t\t\t\t<a class=\"elementor-button elementor-button-link elementor-size-sm\" href=\"https:\/\/birimler.atauni.edu.tr\/egitim-bilimleri-enstitusu\/duyurular\/\">\n\t\t\t\t\t\t<span class=\"elementor-button-content-wrapper\">\n\t\t\t\t\t\t<span class=\"elementor-button-icon\">\n\t\t\t\t<i aria-hidden=\"true\" class=\"fas fa-long-arrow-alt-right\"><\/i>\t\t\t<\/span>\n\t\t\t\t\t\t\t\t\t<span class=\"elementor-button-text\">T\u00fcm\u00fc<\/span>\n\t\t\t\t\t<\/span>\n\t\t\t\t\t<\/a>\n\t\t\t\t<\/div>\n\t\t\t\t\t\t\t\t<\/div>\n\t\t\t\t<\/div>\n\t\t\t\t\t<\/div>\n\t\t<\/div>\n\t\t\t\t\t<\/div>\n\t\t<\/section>\n\t\t\t\t<div class=\"elementor-element elementor-element-cc7c494 elementor-widget-divider--view-line elementor-widget elementor-widget-divider\" data-id=\"cc7c494\" data-element_type=\"widget\" data-widget_type=\"divider.default\">\n\t\t\t\t<div class=\"elementor-widget-container\">\n\t\t\t\t\t\t\t<div class=\"elementor-divider\">\n\t\t\t<span class=\"elementor-divider-separator\">\n\t\t\t\t\t\t<\/span>\n\t\t<\/div>\n\t\t\t\t\t\t<\/div>\n\t\t\t\t<\/div>\n\t\t\t\t<div class=\"elementor-element elementor-element-9b05795 elementor-widget__width-initial elementor-widget elementor-widget-shortcode\" data-id=\"9b05795\" data-element_type=\"widget\" data-widget_type=\"shortcode.default\">\n\t\t\t\t<div class=\"elementor-widget-container\">\n\t\t\t\t\t\t\t<div class=\"elementor-shortcode\"><ul class=\"kategori-yazilari-liste\"><li style=\"display: flex; margin-bottom: 10px;\"><div class=\"post-content\" style=\"flex-grow: 1;\"><span class=\"post-date duyurutarih\" style=\"display: block; font-weight: bold; margin-bottom: 5px;\">18 Aral\u0131k 2024<\/span><a href=\"https:\/\/atauni.edu.tr\/beta\/2024\/12\/18\/tubitak-2218-yurt-ici-doktora-sonrasi-arastirma-burs-programi-2\/\" class=\" duyurubaslik\" >T\u00dcB\u0130TAK 2218 &#8211; Yurt \u0130\u00e7i Doktora Sonras\u0131 Ara\u015ft\u0131rma Burs Program\u0131<\/a><\/div><\/li><li style=\"display: flex; margin-bottom: 10px;\"><div class=\"post-content\" style=\"flex-grow: 1;\"><span class=\"post-date duyurutarih\" style=\"display: block; font-weight: bold; margin-bottom: 5px;\">18 Aral\u0131k 2024<\/span><a href=\"https:\/\/atauni.edu.tr\/beta\/2024\/12\/18\/kasim-2024-uluslararasi-dil-sinavlari-takvimi-2\/\" class=\" duyurubaslik\" >Kas\u0131m 2024 Uluslararas\u0131 Dil S\u0131navlar\u0131 Takvimi<\/a><\/div><\/li><li style=\"display: flex; margin-bottom: 10px;\"><div class=\"post-content\" style=\"flex-grow: 1;\"><span class=\"post-date duyurutarih\" style=\"display: block; font-weight: bold; margin-bottom: 5px;\">18 Aral\u0131k 2024<\/span><a href=\"https:\/\/atauni.edu.tr\/beta\/2024\/12\/18\/tubitak-2209-b-program-duyurusu-2\/\" class=\" duyurubaslik\" >T\u00dcB\u0130TAK 2209-B Program Duyurusu<\/a><\/div><\/li><\/ul>\n<\/div>\n\t\t\t\t\t\t<\/div>\n\t\t\t\t<\/div>\n\t\t\t\t\t<\/div>\n\t\t<\/div>\n\t\t\t\t\t<\/div>\n\t\t<\/section>\n\t\t\t\t<section class=\"elementor-section elementor-top-section elementor-element elementor-element-537a30c elementor-section-boxed elementor-section-height-default elementor-section-height-default\" data-id=\"537a30c\" data-element_type=\"section\">\n\t\t\t\t\t\t<div class=\"elementor-container elementor-column-gap-default\">\n\t\t\t\t\t<div class=\"elementor-column elementor-col-100 elementor-top-column elementor-element elementor-element-1d606ed\" data-id=\"1d606ed\" data-element_type=\"column\">\n\t\t\t<div class=\"elementor-widget-wrap elementor-element-populated\">\n\t\t\t\t\t\t<div class=\"elementor-element elementor-element-6280189 elementor-widget elementor-widget-spacer\" data-id=\"6280189\" data-element_type=\"widget\" data-widget_type=\"spacer.default\">\n\t\t\t\t<div class=\"elementor-widget-container\">\n\t\t\t\t\t\t\t<div class=\"elementor-spacer\">\n\t\t\t<div class=\"elementor-spacer-inner\"><\/div>\n\t\t<\/div>\n\t\t\t\t\t\t<\/div>\n\t\t\t\t<\/div>\n\t\t\t\t\t<\/div>\n\t\t<\/div>\n\t\t\t\t\t<\/div>\n\t\t<\/section>\n\t\t\t\t<\/div>\n\t\t","protected":false},"excerpt":{"rendered":"<p>Payda\u015flar\u0131m\u0131z Days Hours Minutes Seconds Haberler T\u00fcm\u00fc Duyurular T\u00fcm\u00fc<\/p>\n","protected":false},"author":239,"featured_media":0,"parent":0,"menu_order":0,"comment_status":"closed","ping_status":"closed","template":"","meta":{"footnotes":""},"class_list":["post-7548","page","type-page","status-publish","hentry"],"_links":{"self":[{"href":"https:\/\/atauni.edu.tr\/beta\/wp-json\/wp\/v2\/pages\/7548","targetHints":{"allow":["GET"]}}],"collection":[{"href":"https:\/\/atauni.edu.tr\/beta\/wp-json\/wp\/v2\/pages"}],"about":[{"href":"https:\/\/atauni.edu.tr\/beta\/wp-json\/wp\/v2\/types\/page"}],"author":[{"embeddable":true,"href":"https:\/\/atauni.edu.tr\/beta\/wp-json\/wp\/v2\/users\/239"}],"replies":[{"embeddable":true,"href":"https:\/\/atauni.edu.tr\/beta\/wp-json\/wp\/v2\/comments?post=7548"}],"version-history":[{"count":1,"href":"https:\/\/atauni.edu.tr\/beta\/wp-json\/wp\/v2\/pages\/7548\/revisions"}],"predecessor-version":[{"id":7549,"href":"https:\/\/atauni.edu.tr\/beta\/wp-json\/wp\/v2\/pages\/7548\/revisions\/7549"}],"wp:attachment":[{"href":"https:\/\/atauni.edu.tr\/beta\/wp-json\/wp\/v2\/media?parent=7548"}],"curies":[{"name":"wp","href":"https:\/\/api.w.org\/{rel}","templated":true}]}}