{"id":5682,"date":"2021-07-13T10:10:01","date_gmt":"2021-07-13T07:10:01","guid":{"rendered":"https:\/\/portaltest.atauni.edu.tr\/bilgisayar-muhendisligi\/?page_id=5682"},"modified":"2021-12-09T14:37:26","modified_gmt":"2021-12-09T11:37:26","slug":"misyon-vizyon-ve-temel-degerler","status":"publish","type":"page","link":"https:\/\/atauni.edu.tr\/bilgi-islem-daire-baskanligi\/misyon-vizyon-ve-temel-degerler\/","title":{"rendered":"Misyon, Vizyon ve Temel De\u011ferler"},"content":{"rendered":"\t\t<div data-elementor-type=\"wp-page\" data-elementor-id=\"5682\" class=\"elementor elementor-5682\" data-elementor-post-type=\"page\">\n\t\t\t\t\t\t<section class=\"elementor-section elementor-top-section elementor-element elementor-element-730d320 elementor-section-boxed elementor-section-height-default elementor-section-height-default\" data-id=\"730d320\" data-element_type=\"section\">\n\t\t\t\t\t\t<div class=\"elementor-container elementor-column-gap-default\">\n\t\t\t\t\t<div class=\"elementor-column elementor-col-100 elementor-top-column elementor-element elementor-element-753d0860\" data-id=\"753d0860\" data-element_type=\"column\">\n\t\t\t<div class=\"elementor-widget-wrap\">\n\t\t\t\t\t\t\t<\/div>\n\t\t<\/div>\n\t\t\t\t\t<\/div>\n\t\t<\/section>\n\t\t\t\t<section class=\"elementor-section elementor-top-section elementor-element elementor-element-9be811a elementor-section-boxed elementor-section-height-default elementor-section-height-default\" data-id=\"9be811a\" data-element_type=\"section\">\n\t\t\t\t\t\t<div class=\"elementor-container elementor-column-gap-default\">\n\t\t\t\t\t<div class=\"elementor-column elementor-col-100 elementor-top-column elementor-element elementor-element-1ed847b7\" data-id=\"1ed847b7\" data-element_type=\"column\">\n\t\t\t<div class=\"elementor-widget-wrap elementor-element-populated\">\n\t\t\t\t\t\t<div class=\"elementor-element elementor-element-4ce0d07f elementor-widget elementor-widget-heading\" data-id=\"4ce0d07f\" data-element_type=\"widget\" data-widget_type=\"heading.default\">\n\t\t\t\t<div class=\"elementor-widget-container\">\n\t\t\t\t\t<h2 class=\"elementor-heading-title elementor-size-default\">Misyon, Vizyon ve Temel De\u011ferler<\/h2>\t\t\t\t<\/div>\n\t\t\t\t<\/div>\n\t\t\t\t<div class=\"elementor-element elementor-element-63260862 elementor-widget-divider--view-line elementor-widget elementor-widget-divider\" data-id=\"63260862\" data-element_type=\"widget\" data-widget_type=\"divider.default\">\n\t\t\t\t<div class=\"elementor-widget-container\">\n\t\t\t\t\t\t\t<div class=\"elementor-divider\">\n\t\t\t<span class=\"elementor-divider-separator\">\n\t\t\t\t\t\t<\/span>\n\t\t<\/div>\n\t\t\t\t\t\t<\/div>\n\t\t\t\t<\/div>\n\t\t\t\t\t<\/div>\n\t\t<\/div>\n\t\t\t\t\t<\/div>\n\t\t<\/section>\n\t\t\t\t<section class=\"elementor-section elementor-top-section elementor-element elementor-element-681db8b elementor-section-boxed elementor-section-height-default elementor-section-height-default\" data-id=\"681db8b\" data-element_type=\"section\">\n\t\t\t\t\t\t<div class=\"elementor-container elementor-column-gap-default\">\n\t\t\t\t\t<div class=\"elementor-column elementor-col-100 elementor-top-column elementor-element elementor-element-ad4dac5\" data-id=\"ad4dac5\" data-element_type=\"column\">\n\t\t\t<div class=\"elementor-widget-wrap elementor-element-populated\">\n\t\t\t\t\t\t<div class=\"elementor-element elementor-element-2f96b3d elementor-widget elementor-widget-text-editor\" data-id=\"2f96b3d\" data-element_type=\"widget\" data-widget_type=\"text-editor.default\">\n\t\t\t\t<div class=\"elementor-widget-container\">\n\t\t\t\t\t\t\t\t\t<p><strong>Misyon<\/strong><\/p><p>\u00a0\u00dcniversitemizde bilgi ve teknolojiyi \u00fcretecek ve geli\u015ftirecek t\u00fcm faaliyetlere ATABAUM ile birlikte yard\u0131mc\u0131 ve destek olmak, \u00dcniversitemizde akademik e\u011fitim ve ara\u015ft\u0131rma faaliyetleri ile idari i\u015f y\u00fcr\u00fctme ve geli\u015ftirme s\u00fcre\u00e7lerine en geli\u015fmi\u015f teknolojileri, a\u011f, yaz\u0131l\u0131m ve donan\u0131m gereksinimlerini uluslararas\u0131 standartlar\u0131 da kullanmak suretiyle kar\u015f\u0131lamak, Uluslararas\u0131 standartlarda sa\u011flamak olabildi\u011fince h\u0131zl\u0131, kesintisiz ve kaliteli hizmet sunmak.<br \/><br \/><strong>Vizyon<\/strong><\/p><p>\u00a0Bilgi teknolojilerini en \u00fcst seviyede uygulamak, yayg\u0131n bir \u015fekilde kullan\u0131labilirli\u011fini sa\u011flamak, do\u011fru teknolojileri \u00fcniversitemize ta\u015f\u0131mak ve bili\u015fim teknolojilerinin uygulanma seviyesi a\u00e7\u0131s\u0131ndan \u00fclkemizde en \u00f6n s\u0131rada yer almak, ara\u015ft\u0131rma ve idari i\u015f s\u00fcre\u00e7leri a\u00e7\u0131s\u0131ndan toplam kalitesi y\u00fcksek bili\u015fim y\u00f6n\u00fcyle tercih edilen uluslararas\u0131 standartlar\u0131 benimseyen ve uygulayan bir elektronik \u00fcniversitenin \u00f6nemli bir bile\u015feni ve kurum i\u00e7inde kendi alan\u0131nda e-d\u00f6n\u00fc\u015f\u00fcm\u00fcn \u00f6nc\u00fc ve itici g\u00fcc\u00fc olmakt\u0131r.<\/p>\t\t\t\t\t\t\t\t<\/div>\n\t\t\t\t<\/div>\n\t\t\t\t\t<\/div>\n\t\t<\/div>\n\t\t\t\t\t<\/div>\n\t\t<\/section>\n\t\t\t\t<\/div>\n\t\t","protected":false},"excerpt":{"rendered":"<p>Misyon, Vizyon ve Temel De\u011ferler Misyon \u00a0\u00dcniversitemizde bilgi ve teknolojiyi \u00fcretecek ve geli\u015ftirecek t\u00fcm faaliyetlere ATABAUM ile birlikte yard\u0131mc\u0131 ve destek olmak, \u00dcniversitemizde akademik e\u011fitim ve ara\u015ft\u0131rma faaliyetleri ile idari i\u015f y\u00fcr\u00fctme ve geli\u015ftirme s\u00fcre\u00e7lerine en geli\u015fmi\u015f teknolojileri, a\u011f, yaz\u0131l\u0131m ve donan\u0131m gereksinimlerini uluslararas\u0131 standartlar\u0131 da kullanmak suretiyle kar\u015f\u0131lamak, Uluslararas\u0131 standartlarda sa\u011flamak olabildi\u011fince h\u0131zl\u0131, kesintisiz [&hellip;]<\/p>\n","protected":false},"author":1,"featured_media":0,"parent":0,"menu_order":0,"comment_status":"closed","ping_status":"closed","template":"elementor_header_footer","meta":{"footnotes":""},"class_list":["post-5682","page","type-page","status-publish","hentry"],"_links":{"self":[{"href":"https:\/\/atauni.edu.tr\/bilgi-islem-daire-baskanligi\/wp-json\/wp\/v2\/pages\/5682","targetHints":{"allow":["GET"]}}],"collection":[{"href":"https:\/\/atauni.edu.tr\/bilgi-islem-daire-baskanligi\/wp-json\/wp\/v2\/pages"}],"about":[{"href":"https:\/\/atauni.edu.tr\/bilgi-islem-daire-baskanligi\/wp-json\/wp\/v2\/types\/page"}],"author":[{"embeddable":true,"href":"https:\/\/atauni.edu.tr\/bilgi-islem-daire-baskanligi\/wp-json\/wp\/v2\/users\/1"}],"replies":[{"embeddable":true,"href":"https:\/\/atauni.edu.tr\/bilgi-islem-daire-baskanligi\/wp-json\/wp\/v2\/comments?post=5682"}],"version-history":[{"count":14,"href":"https:\/\/atauni.edu.tr\/bilgi-islem-daire-baskanligi\/wp-json\/wp\/v2\/pages\/5682\/revisions"}],"predecessor-version":[{"id":6180,"href":"https:\/\/atauni.edu.tr\/bilgi-islem-daire-baskanligi\/wp-json\/wp\/v2\/pages\/5682\/revisions\/6180"}],"wp:attachment":[{"href":"https:\/\/atauni.edu.tr\/bilgi-islem-daire-baskanligi\/wp-json\/wp\/v2\/media?parent=5682"}],"curies":[{"name":"wp","href":"https:\/\/api.w.org\/{rel}","templated":true}]}}