{"id":7615,"date":"2022-12-26T11:08:15","date_gmt":"2022-12-26T08:08:15","guid":{"rendered":"https:\/\/birimler.atauni.edu.tr\/bilgi-ve-belge-yonetimi\/?page_id=7615"},"modified":"2025-03-25T14:19:58","modified_gmt":"2025-03-25T11:19:58","slug":"akreditasyon","status":"publish","type":"page","link":"https:\/\/atauni.edu.tr\/bilgi-ve-belge-yonetimi\/akreditasyon\/","title":{"rendered":"Akreditasyon"},"content":{"rendered":"\t\t<div data-elementor-type=\"wp-page\" data-elementor-id=\"7615\" class=\"elementor elementor-7615\" data-elementor-post-type=\"page\">\n\t\t\t\t\t\t<section class=\"elementor-section elementor-top-section elementor-element elementor-element-1fcc1e5 elementor-section-boxed elementor-section-height-default elementor-section-height-default\" data-id=\"1fcc1e5\" data-element_type=\"section\">\n\t\t\t\t\t\t<div class=\"elementor-container elementor-column-gap-default\">\n\t\t\t\t\t<div class=\"elementor-column elementor-col-100 elementor-top-column elementor-element elementor-element-de968e5\" data-id=\"de968e5\" data-element_type=\"column\">\n\t\t\t<div class=\"elementor-widget-wrap elementor-element-populated\">\n\t\t\t\t\t\t<div class=\"elementor-element elementor-element-f1b4e70 elementor-widget elementor-widget-image\" data-id=\"f1b4e70\" data-element_type=\"widget\" data-widget_type=\"image.default\">\n\t\t\t\t<div class=\"elementor-widget-container\">\n\t\t\t\t\t\t\t\t\t\t\t\t\t\t\t<img fetchpriority=\"high\" decoding=\"async\" width=\"300\" height=\"224\" src=\"https:\/\/atauni.edu.tr\/bilgi-ve-belge-yonetimi\/wp-content\/uploads\/sites\/86\/2024\/11\/P766qF-300x224.jpg\" class=\"attachment-medium size-medium wp-image-8536\" alt=\"\" srcset=\"https:\/\/atauni.edu.tr\/bilgi-ve-belge-yonetimi\/wp-content\/uploads\/sites\/86\/2024\/11\/P766qF-300x224.jpg 300w, https:\/\/atauni.edu.tr\/bilgi-ve-belge-yonetimi\/wp-content\/uploads\/sites\/86\/2024\/11\/P766qF.jpg 424w\" sizes=\"(max-width: 300px) 100vw, 300px\" \/>\t\t\t\t\t\t\t\t\t\t\t\t\t\t\t<\/div>\n\t\t\t\t<\/div>\n\t\t\t\t\t<\/div>\n\t\t<\/div>\n\t\t\t\t\t<\/div>\n\t\t<\/section>\n\t\t\t\t<section class=\"elementor-section elementor-top-section elementor-element elementor-element-69c82ce1 elementor-section-boxed elementor-section-height-default elementor-section-height-default\" data-id=\"69c82ce1\" data-element_type=\"section\">\n\t\t\t\t\t\t<div class=\"elementor-container elementor-column-gap-default\">\n\t\t\t\t\t<div class=\"elementor-column elementor-col-100 elementor-top-column elementor-element elementor-element-4adae5ae\" data-id=\"4adae5ae\" data-element_type=\"column\">\n\t\t\t<div class=\"elementor-widget-wrap elementor-element-populated\">\n\t\t\t\t\t\t<div class=\"elementor-element elementor-element-69cdbefc elementor-widget elementor-widget-text-editor\" data-id=\"69cdbefc\" data-element_type=\"widget\" data-widget_type=\"text-editor.default\">\n\t\t\t\t<div class=\"elementor-widget-container\">\n\t\t\t\t\t\t\t\t\t<p><strong>FEDEK Akreditasyonu Kazand\u0131k!<\/strong><\/p><p>Atat\u00fcrk \u00dcniversitesi Edebiyat Fak\u00fcltesi Bilgi ve Belge Y\u00f6netimi B\u00f6l\u00fcm\u00fc olarak b\u00fcy\u00fck bir gururla duyuruyoruz: B\u00f6l\u00fcm\u00fcm\u00fcz, FEDEK taraf\u0131ndan Ekim 2029&#8217;a kadar akredite edilmi\u015ftir.<br \/>FEDEK, T\u00fcrkiye&#8217;de akreditasyondan sorumlu ba\u011f\u0131ms\u0131z bir kurulu\u015ftur ve bu akreditasyon, e\u011fitim kalitemizin ulusal standartlara uygun oldu\u011funu belgelemektedir.<br \/>Eme\u011fi ge\u00e7en t\u00fcm akademik kadromuza ve \u00f6\u011frencilerimize te\u015fekk\u00fcr ederiz!<\/p><p>\u00d6z De\u011ferlendirme Raporuna ula\u015fmak i\u00e7in <a href=\"http:\/\/birimler.atauni.edu.tr\/bilgi-ve-belge-yonetimi\/wp-content\/uploads\/sites\/86\/2020\/07\/BBYI.Ogretim_Oz_Degerlendirme_Raporu_18_09_23.pdf\">t\u0131klay\u0131n\u0131z<\/a>.<\/p><p><!-- \/wp:paragraph --><\/p>\t\t\t\t\t\t\t\t<\/div>\n\t\t\t\t<\/div>\n\t\t\t\t\t<\/div>\n\t\t<\/div>\n\t\t\t\t\t<\/div>\n\t\t<\/section>\n\t\t\t\t<section class=\"elementor-section elementor-top-section elementor-element elementor-element-a5d88f0 elementor-section-boxed elementor-section-height-default elementor-section-height-default\" data-id=\"a5d88f0\" data-element_type=\"section\">\n\t\t\t\t\t\t<div class=\"elementor-container elementor-column-gap-default\">\n\t\t\t\t\t<div class=\"elementor-column elementor-col-100 elementor-top-column elementor-element elementor-element-55ae73a\" data-id=\"55ae73a\" data-element_type=\"column\">\n\t\t\t<div class=\"elementor-widget-wrap elementor-element-populated\">\n\t\t\t\t\t\t<div class=\"elementor-element elementor-element-b36fcfd elementor-widget elementor-widget-gallery\" data-id=\"b36fcfd\" data-element_type=\"widget\" data-settings=\"{&quot;columns&quot;:&quot;2&quot;,&quot;lazyload&quot;:&quot;yes&quot;,&quot;gallery_layout&quot;:&quot;grid&quot;,&quot;columns_tablet&quot;:2,&quot;columns_mobile&quot;:1,&quot;gap&quot;:{&quot;unit&quot;:&quot;px&quot;,&quot;size&quot;:10,&quot;sizes&quot;:[]},&quot;gap_tablet&quot;:{&quot;unit&quot;:&quot;px&quot;,&quot;size&quot;:10,&quot;sizes&quot;:[]},&quot;gap_mobile&quot;:{&quot;unit&quot;:&quot;px&quot;,&quot;size&quot;:10,&quot;sizes&quot;:[]},&quot;link_to&quot;:&quot;file&quot;,&quot;aspect_ratio&quot;:&quot;3:2&quot;,&quot;overlay_background&quot;:&quot;yes&quot;,&quot;content_hover_animation&quot;:&quot;fade-in&quot;}\" data-widget_type=\"gallery.default\">\n\t\t\t\t<div class=\"elementor-widget-container\">\n\t\t\t\t\t\t\t<div class=\"elementor-gallery__container\">\n\t\t\t\t\t\t\t<a class=\"e-gallery-item elementor-gallery-item elementor-animated-content\" href=\"https:\/\/atauni.edu.tr\/bilgi-ve-belge-yonetimi\/wp-content\/uploads\/sites\/86\/2025\/03\/WhatsApp-Gorsel-2025-03-25-saat-13.53.17_817debd6-e1742901556566.jpg\" data-elementor-open-lightbox=\"yes\" data-elementor-lightbox-slideshow=\"b36fcfd\" data-elementor-lightbox-title=\"WhatsApp G\u00f6rsel 2025-03-25 saat 13.53.17_817debd6\" data-e-action-hash=\"#elementor-action%3Aaction%3Dlightbox%26settings%3DeyJpZCI6ODgzNywidXJsIjoiaHR0cHM6XC9cL2F0YXVuaS5lZHUudHJcL2JpbGdpLXZlLWJlbGdlLXlvbmV0aW1pXC93cC1jb250ZW50XC91cGxvYWRzXC9zaXRlc1wvODZcLzIwMjVcLzAzXC9XaGF0c0FwcC1Hb3JzZWwtMjAyNS0wMy0yNS1zYWF0LTEzLjUzLjE3XzgxN2RlYmQ2LWUxNzQyOTAxNTU2NTY2LmpwZyIsInNsaWRlc2hvdyI6ImIzNmZjZmQifQ%3D%3D\">\n\t\t\t\t\t<div class=\"e-gallery-image elementor-gallery-item__image\" data-thumbnail=\"https:\/\/atauni.edu.tr\/bilgi-ve-belge-yonetimi\/wp-content\/uploads\/sites\/86\/2025\/03\/WhatsApp-Gorsel-2025-03-25-saat-13.53.17_817debd6-e1742901556566-300x216.jpg\" data-width=\"300\" data-height=\"216\" aria-label=\"\" role=\"img\" ><\/div>\n\t\t\t\t\t\t\t\t\t\t\t<div class=\"elementor-gallery-item__overlay\"><\/div>\n\t\t\t\t\t\t\t\t\t\t\t\t\t\t<\/a>\n\t\t\t\t\t\t\t<a class=\"e-gallery-item elementor-gallery-item elementor-animated-content\" href=\"https:\/\/atauni.edu.tr\/bilgi-ve-belge-yonetimi\/wp-content\/uploads\/sites\/86\/2025\/03\/WhatsApp-Gorsel-2025-03-25-saat-13.53.18_2f8e5c9f-e1742901580324.jpg\" data-elementor-open-lightbox=\"yes\" data-elementor-lightbox-slideshow=\"b36fcfd\" data-elementor-lightbox-title=\"WhatsApp G\u00f6rsel 2025-03-25 saat 13.53.18_2f8e5c9f\" data-e-action-hash=\"#elementor-action%3Aaction%3Dlightbox%26settings%3DeyJpZCI6ODgzOCwidXJsIjoiaHR0cHM6XC9cL2F0YXVuaS5lZHUudHJcL2JpbGdpLXZlLWJlbGdlLXlvbmV0aW1pXC93cC1jb250ZW50XC91cGxvYWRzXC9zaXRlc1wvODZcLzIwMjVcLzAzXC9XaGF0c0FwcC1Hb3JzZWwtMjAyNS0wMy0yNS1zYWF0LTEzLjUzLjE4XzJmOGU1YzlmLWUxNzQyOTAxNTgwMzI0LmpwZyIsInNsaWRlc2hvdyI6ImIzNmZjZmQifQ%3D%3D\">\n\t\t\t\t\t<div class=\"e-gallery-image elementor-gallery-item__image\" data-thumbnail=\"https:\/\/atauni.edu.tr\/bilgi-ve-belge-yonetimi\/wp-content\/uploads\/sites\/86\/2025\/03\/WhatsApp-Gorsel-2025-03-25-saat-13.53.18_2f8e5c9f-e1742901580324-300x215.jpg\" data-width=\"300\" data-height=\"215\" aria-label=\"\" role=\"img\" ><\/div>\n\t\t\t\t\t\t\t\t\t\t\t<div class=\"elementor-gallery-item__overlay\"><\/div>\n\t\t\t\t\t\t\t\t\t\t\t\t\t\t<\/a>\n\t\t\t\t\t<\/div>\n\t\t\t\t\t<\/div>\n\t\t\t\t<\/div>\n\t\t\t\t\t<\/div>\n\t\t<\/div>\n\t\t\t\t\t<\/div>\n\t\t<\/section>\n\t\t\t\t<\/div>\n\t\t","protected":false},"excerpt":{"rendered":"<p>FEDEK Akreditasyonu Kazand\u0131k! Atat\u00fcrk \u00dcniversitesi Edebiyat Fak\u00fcltesi Bilgi ve Belge Y\u00f6netimi B\u00f6l\u00fcm\u00fc olarak b\u00fcy\u00fck bir gururla duyuruyoruz: B\u00f6l\u00fcm\u00fcm\u00fcz, FEDEK taraf\u0131ndan Ekim 2029&#8217;a kadar akredite edilmi\u015ftir.FEDEK, T\u00fcrkiye&#8217;de akreditasyondan sorumlu ba\u011f\u0131ms\u0131z bir kurulu\u015ftur ve bu akreditasyon, e\u011fitim kalitemizin ulusal standartlara uygun oldu\u011funu belgelemektedir.Eme\u011fi ge\u00e7en t\u00fcm akademik kadromuza ve \u00f6\u011frencilerimize te\u015fekk\u00fcr ederiz! \u00d6z De\u011ferlendirme Raporuna ula\u015fmak i\u00e7in t\u0131klay\u0131n\u0131z.<\/p>\n","protected":false},"author":467,"featured_media":0,"parent":0,"menu_order":0,"comment_status":"closed","ping_status":"closed","template":"","meta":{"footnotes":""},"class_list":["post-7615","page","type-page","status-publish","hentry"],"_links":{"self":[{"href":"https:\/\/atauni.edu.tr\/bilgi-ve-belge-yonetimi\/wp-json\/wp\/v2\/pages\/7615","targetHints":{"allow":["GET"]}}],"collection":[{"href":"https:\/\/atauni.edu.tr\/bilgi-ve-belge-yonetimi\/wp-json\/wp\/v2\/pages"}],"about":[{"href":"https:\/\/atauni.edu.tr\/bilgi-ve-belge-yonetimi\/wp-json\/wp\/v2\/types\/page"}],"author":[{"embeddable":true,"href":"https:\/\/atauni.edu.tr\/bilgi-ve-belge-yonetimi\/wp-json\/wp\/v2\/users\/467"}],"replies":[{"embeddable":true,"href":"https:\/\/atauni.edu.tr\/bilgi-ve-belge-yonetimi\/wp-json\/wp\/v2\/comments?post=7615"}],"version-history":[{"count":29,"href":"https:\/\/atauni.edu.tr\/bilgi-ve-belge-yonetimi\/wp-json\/wp\/v2\/pages\/7615\/revisions"}],"predecessor-version":[{"id":8842,"href":"https:\/\/atauni.edu.tr\/bilgi-ve-belge-yonetimi\/wp-json\/wp\/v2\/pages\/7615\/revisions\/8842"}],"wp:attachment":[{"href":"https:\/\/atauni.edu.tr\/bilgi-ve-belge-yonetimi\/wp-json\/wp\/v2\/media?parent=7615"}],"curies":[{"name":"wp","href":"https:\/\/api.w.org\/{rel}","templated":true}]}}