{"id":6909,"date":"2023-05-16T08:05:43","date_gmt":"2023-05-16T05:05:43","guid":{"rendered":"https:\/\/birimler.atauni.edu.tr\/bilgisayar-muhendisligi\/?page_id=6909"},"modified":"2024-12-03T11:10:28","modified_gmt":"2024-12-03T08:10:28","slug":"danismanliklar","status":"publish","type":"page","link":"https:\/\/atauni.edu.tr\/bilgisayar-muhendisligi\/danismanliklar\/","title":{"rendered":"Dan\u0131\u015fmanl\u0131klar"},"content":{"rendered":"\t\t<div data-elementor-type=\"wp-page\" data-elementor-id=\"6909\" class=\"elementor elementor-6909\" data-elementor-post-type=\"page\">\n\t\t\t\t\t\t<section class=\"elementor-section elementor-top-section elementor-element elementor-element-730d320 elementor-section-boxed elementor-section-height-default elementor-section-height-default\" data-id=\"730d320\" data-element_type=\"section\">\n\t\t\t\t\t\t<div class=\"elementor-container elementor-column-gap-default\">\n\t\t\t\t\t<div class=\"elementor-column elementor-col-100 elementor-top-column elementor-element elementor-element-753d0860\" data-id=\"753d0860\" data-element_type=\"column\">\n\t\t\t<div class=\"elementor-widget-wrap\">\n\t\t\t\t\t\t\t<\/div>\n\t\t<\/div>\n\t\t\t\t\t<\/div>\n\t\t<\/section>\n\t\t\t\t<section class=\"elementor-section elementor-top-section elementor-element elementor-element-9be811a elementor-section-boxed elementor-section-height-default elementor-section-height-default\" data-id=\"9be811a\" data-element_type=\"section\">\n\t\t\t\t\t\t<div class=\"elementor-container elementor-column-gap-default\">\n\t\t\t\t\t<div class=\"elementor-column elementor-col-100 elementor-top-column elementor-element elementor-element-1ed847b7\" data-id=\"1ed847b7\" data-element_type=\"column\">\n\t\t\t<div class=\"elementor-widget-wrap elementor-element-populated\">\n\t\t\t\t\t\t<div class=\"elementor-element elementor-element-4ce0d07f elementor-widget elementor-widget-heading\" data-id=\"4ce0d07f\" data-element_type=\"widget\" data-widget_type=\"heading.default\">\n\t\t\t\t<div class=\"elementor-widget-container\">\n\t\t\t\t\t<h2 class=\"elementor-heading-title elementor-size-default\">Dan\u0131\u015fmanl\u0131klar<\/h2>\t\t\t\t<\/div>\n\t\t\t\t<\/div>\n\t\t\t\t<div class=\"elementor-element elementor-element-63260862 elementor-widget-divider--view-line elementor-widget elementor-widget-divider\" data-id=\"63260862\" data-element_type=\"widget\" data-widget_type=\"divider.default\">\n\t\t\t\t<div class=\"elementor-widget-container\">\n\t\t\t\t\t\t\t<div class=\"elementor-divider\">\n\t\t\t<span class=\"elementor-divider-separator\">\n\t\t\t\t\t\t<\/span>\n\t\t<\/div>\n\t\t\t\t\t\t<\/div>\n\t\t\t\t<\/div>\n\t\t\t\t\t<\/div>\n\t\t<\/div>\n\t\t\t\t\t<\/div>\n\t\t<\/section>\n\t\t\t\t<section class=\"elementor-section elementor-top-section elementor-element elementor-element-ae0f9bd elementor-section-boxed elementor-section-height-default elementor-section-height-default\" data-id=\"ae0f9bd\" data-element_type=\"section\">\n\t\t\t\t\t\t<div class=\"elementor-container elementor-column-gap-default\">\n\t\t\t\t\t<div class=\"elementor-column elementor-col-100 elementor-top-column elementor-element elementor-element-1feace1\" data-id=\"1feace1\" data-element_type=\"column\">\n\t\t\t<div class=\"elementor-widget-wrap elementor-element-populated\">\n\t\t\t\t\t\t<div class=\"elementor-element elementor-element-67a5ef5 elementor-widget elementor-widget-html\" data-id=\"67a5ef5\" data-element_type=\"widget\" data-widget_type=\"html.default\">\n\t\t\t\t<div class=\"elementor-widget-container\">\n\t\t\t\t\t<style>\n.table_component {\n    overflow: auto;\n    width: 100%;\n}\n\n.table_component table {\n    border: 1px solid #dededf;\n    height: 100%;\n    width: 100%;\n    table-layout: fixed;\n    border-collapse: collapse;\n    border-spacing: 1px;\n    text-align: left;\n}\n\n.table_component caption {\n    caption-side: top;\n    text-align: left;\n}\n\n.table_component th {\n    border: 1px solid #dededf;\n    background-color: #eceff1;\n    color: #000000;\n    padding: 5px;\n}\n\n.table_component td {\n    border: 1px solid #dededf;\n    background-color: #ffffff;\n    color: #000000;\n    padding: 5px;\n}\n<\/style>\n<div class=\"table_component\" role=\"region\" tabindex=\"0\">\n<table>\n    <thead>\n        <tr>\n            <th>S\u0131n\u0131f<\/th>\n            <th>Dan\u0131\u015fman<\/th>\n            <th>Kariyer Dan\u0131\u015fman\u0131<\/th>\n        <\/tr>\n    <\/thead>\n    <tbody>\n        <tr>\n            <td>1. S\u0131n\u0131f (T\u00fcrk\u00e7e)<\/td>\n            <td>Ar\u015f. G\u00f6r. S\u00fcmeyya \u015euheda Ceylan<\/td>\n            <td>Do\u00e7. Dr. Mete Ya\u011fano\u011flu<\/td>\n        <\/tr>\n        <tr>\n            <td>1. S\u0131n\u0131f (\u0130ngilizce)<\/td>\n            <td>Ar\u015f. G\u00f6r. Mustafa Kaya<\/td>\n            <td>Do\u00e7. Dr. Mete Ya\u011fano\u011flu<\/td>\n        <\/tr>\n        <tr>\n            <td>2. S\u0131n\u0131f<\/td>\n            <td>Ar\u015f. G\u00f6r. Fadime Karada\u015f<\/td>\n            <td>\n                <div>Dr. \u00d6\u011fr. \u00dcyesi Faruk Baturalp G\u00fcnay<\/div>\n            <\/td>\n        <\/tr>\n        <tr>\n            <td>3. S\u0131n\u0131f<\/td>\n            <td>Ar\u015f. G\u00f6r. Rabiye K\u0131l\u0131\u00e7<\/td>\n            <td>\n                <div>Dr. \u00d6\u011fr. \u00dcyesi G\u00fcl\u015fah T\u00fcm\u00fckl\u00fc \u00d6zyer<\/div>\n            <\/td>\n        <\/tr>\n        <tr>\n            <td>4. S\u0131n\u0131f<\/td>\n            <td>Ar\u015f. G\u00f6r. Dilara Candan Karada\u015f<\/td>\n            <td>\n                <div>Do\u00e7. Dr. Ferhat Bozkurt<\/div>\n            <\/td>\n        <\/tr>\n        <tr>\n            <td>8 D\u00f6nem \u00dczeri<\/td>\n            <td>Ar\u015f. G\u00f6r. Ebru Erdem<\/td>\n            <td>\n                <div>Dr. \u00d6\u011fr. \u00dcyesi Bilal Usanmaz<\/div>\n            <\/td>\n        <\/tr>\n    <\/tbody>\n<\/table>\n<\/div>\t\t\t\t<\/div>\n\t\t\t\t<\/div>\n\t\t\t\t\t<\/div>\n\t\t<\/div>\n\t\t\t\t\t<\/div>\n\t\t<\/section>\n\t\t\t\t<\/div>\n\t\t","protected":false},"excerpt":{"rendered":"<p>Dan\u0131\u015fmanl\u0131klar S\u0131n\u0131f Dan\u0131\u015fman Kariyer Dan\u0131\u015fman\u0131 1. S\u0131n\u0131f (T\u00fcrk\u00e7e) Ar\u015f. G\u00f6r. S\u00fcmeyya \u015euheda Ceylan Do\u00e7. Dr. Mete Ya\u011fano\u011flu 1. S\u0131n\u0131f (\u0130ngilizce) Ar\u015f. G\u00f6r. Mustafa Kaya Do\u00e7. Dr. Mete Ya\u011fano\u011flu 2. S\u0131n\u0131f Ar\u015f. G\u00f6r. Fadime Karada\u015f Dr. \u00d6\u011fr. \u00dcyesi Faruk Baturalp G\u00fcnay 3. S\u0131n\u0131f Ar\u015f. G\u00f6r. Rabiye K\u0131l\u0131\u00e7 Dr. \u00d6\u011fr. \u00dcyesi G\u00fcl\u015fah T\u00fcm\u00fckl\u00fc \u00d6zyer 4. S\u0131n\u0131f Ar\u015f. [&hellip;]<\/p>\n","protected":false},"author":7,"featured_media":0,"parent":0,"menu_order":0,"comment_status":"closed","ping_status":"closed","template":"elementor_header_footer","meta":{"footnotes":""},"class_list":["post-6909","page","type-page","status-publish","hentry"],"_links":{"self":[{"href":"https:\/\/atauni.edu.tr\/bilgisayar-muhendisligi\/wp-json\/wp\/v2\/pages\/6909","targetHints":{"allow":["GET"]}}],"collection":[{"href":"https:\/\/atauni.edu.tr\/bilgisayar-muhendisligi\/wp-json\/wp\/v2\/pages"}],"about":[{"href":"https:\/\/atauni.edu.tr\/bilgisayar-muhendisligi\/wp-json\/wp\/v2\/types\/page"}],"author":[{"embeddable":true,"href":"https:\/\/atauni.edu.tr\/bilgisayar-muhendisligi\/wp-json\/wp\/v2\/users\/7"}],"replies":[{"embeddable":true,"href":"https:\/\/atauni.edu.tr\/bilgisayar-muhendisligi\/wp-json\/wp\/v2\/comments?post=6909"}],"version-history":[{"count":13,"href":"https:\/\/atauni.edu.tr\/bilgisayar-muhendisligi\/wp-json\/wp\/v2\/pages\/6909\/revisions"}],"predecessor-version":[{"id":7353,"href":"https:\/\/atauni.edu.tr\/bilgisayar-muhendisligi\/wp-json\/wp\/v2\/pages\/6909\/revisions\/7353"}],"wp:attachment":[{"href":"https:\/\/atauni.edu.tr\/bilgisayar-muhendisligi\/wp-json\/wp\/v2\/media?parent=6909"}],"curies":[{"name":"wp","href":"https:\/\/api.w.org\/{rel}","templated":true}]}}