{"id":5638,"date":"2021-07-13T09:49:25","date_gmt":"2021-07-13T06:49:25","guid":{"rendered":"https:\/\/portaltest.atauni.edu.tr\/bilgisayar-muhendisligi\/?page_id=5638"},"modified":"2021-09-13T10:21:35","modified_gmt":"2021-09-13T07:21:35","slug":"tarihce","status":"publish","type":"page","link":"https:\/\/atauni.edu.tr\/bilgisayar-tabanli-biyolojik-sistemler-modelleme-ve-simulasyon-koordinatoru\/tarihce\/","title":{"rendered":"Tarih\u00e7e"},"content":{"rendered":"\t\t<div data-elementor-type=\"wp-page\" data-elementor-id=\"5638\" class=\"elementor elementor-5638\" data-elementor-post-type=\"page\">\n\t\t\t\t\t\t<section class=\"elementor-section elementor-top-section elementor-element elementor-element-730d320 elementor-section-boxed elementor-section-height-default elementor-section-height-default\" data-id=\"730d320\" data-element_type=\"section\">\n\t\t\t\t\t\t<div class=\"elementor-container elementor-column-gap-default\">\n\t\t\t\t\t<div class=\"elementor-column elementor-col-100 elementor-top-column elementor-element elementor-element-753d0860\" data-id=\"753d0860\" data-element_type=\"column\">\n\t\t\t<div class=\"elementor-widget-wrap\">\n\t\t\t\t\t\t\t<\/div>\n\t\t<\/div>\n\t\t\t\t\t<\/div>\n\t\t<\/section>\n\t\t\t\t<section class=\"elementor-section elementor-top-section elementor-element elementor-element-9be811a elementor-section-boxed elementor-section-height-default elementor-section-height-default\" data-id=\"9be811a\" data-element_type=\"section\">\n\t\t\t\t\t\t<div class=\"elementor-container elementor-column-gap-default\">\n\t\t\t\t\t<div class=\"elementor-column elementor-col-100 elementor-top-column elementor-element elementor-element-1ed847b7\" data-id=\"1ed847b7\" data-element_type=\"column\">\n\t\t\t<div class=\"elementor-widget-wrap elementor-element-populated\">\n\t\t\t\t\t\t<div class=\"elementor-element elementor-element-4ce0d07f elementor-widget elementor-widget-heading\" data-id=\"4ce0d07f\" data-element_type=\"widget\" data-widget_type=\"heading.default\">\n\t\t\t\t<div class=\"elementor-widget-container\">\n\t\t\t\t\t<h2 class=\"elementor-heading-title elementor-size-default\">Tarih\u00e7e<\/h2>\t\t\t\t<\/div>\n\t\t\t\t<\/div>\n\t\t\t\t<div class=\"elementor-element elementor-element-63260862 elementor-widget-divider--view-line elementor-widget elementor-widget-divider\" data-id=\"63260862\" data-element_type=\"widget\" data-widget_type=\"divider.default\">\n\t\t\t\t<div class=\"elementor-widget-container\">\n\t\t\t\t\t\t\t<div class=\"elementor-divider\">\n\t\t\t<span class=\"elementor-divider-separator\">\n\t\t\t\t\t\t<\/span>\n\t\t<\/div>\n\t\t\t\t\t\t<\/div>\n\t\t\t\t<\/div>\n\t\t\t\t\t<\/div>\n\t\t<\/div>\n\t\t\t\t\t<\/div>\n\t\t<\/section>\n\t\t\t\t<section class=\"elementor-section elementor-top-section elementor-element elementor-element-681db8b elementor-section-boxed elementor-section-height-default elementor-section-height-default\" data-id=\"681db8b\" data-element_type=\"section\">\n\t\t\t\t\t\t<div class=\"elementor-container elementor-column-gap-default\">\n\t\t\t\t\t<div class=\"elementor-column elementor-col-100 elementor-top-column elementor-element elementor-element-ad4dac5\" data-id=\"ad4dac5\" data-element_type=\"column\">\n\t\t\t<div class=\"elementor-widget-wrap elementor-element-populated\">\n\t\t\t\t\t\t<div class=\"elementor-element elementor-element-2f96b3d elementor-widget elementor-widget-text-editor\" data-id=\"2f96b3d\" data-element_type=\"widget\" data-widget_type=\"text-editor.default\">\n\t\t\t\t<div class=\"elementor-widget-container\">\n\t\t\t\t\t\t\t\t\t<p>Tarih\u00e7e<\/p>\n<p>B\u00f6l\u00fcm\u00fcm\u00fcz\u00fcn k\u00f6keni, \u00fclkenin ihtiya\u00e7 duydu\u011fu nitelikli elemanlar\u0131 yeti\u015ftirmek amac\u0131yla kurulan ilk y\u00fcksek\u00f6\u011fretim kurumlar\u0131na kadar uzanmaktad\u0131r. B\u00f6l\u00fcm\u00fcn temelleri,Cumhuriyetin ilan\u0131ndan sonra at\u0131lm\u0131\u015ft\u0131r.<\/p>\n<p>\u00dclkemizde bilim ve teknoloji alan\u0131ndaki geli\u015fmelerin h\u0131z kazanmas\u0131yla birlikte, b\u00f6l\u00fcm\u00fcm\u00fcz de bu s\u00fcrecin i\u00e7erisinde \u00f6nemli bir rol oynam\u0131\u015ft\u0131r. \u00d6zellikle son y\u0131llarda ya\u015fanan h\u0131zl\u0131 sanayile\u015fme ve teknolojik ilerlemeler, b\u00f6l\u00fcm\u00fcm\u00fcz\u00fcn faaliyetlerini daha da \u00f6nemli hale getirmi\u015ftir.<\/p>\n<p>Bug\u00fcn itibar\u0131yla, b\u00f6l\u00fcm\u00fcm\u00fcz \u00fclkemizin \u00f6nde gelen y\u00fcksek\u00f6\u011fretim kurumlar\u0131 aras\u0131nda yer almakta ve \u00f6\u011frencilere kaliteli e\u011fitim olanaklar\u0131 sunmaktad\u0131r. B\u00f6l\u00fcm\u00fcm\u00fcz, s\u00fcrekli olarak kendini geli\u015ftirmeye ve yenilemeye odaklanm\u0131\u015f olup, g\u00fcncel geli\u015fmeleri yak\u0131ndan takip etmektedir.<\/p>\n<p>B\u00f6l\u00fcm\u00fcm\u00fcz\u00fcn tarihi geli\u015fimi boyunca, bir\u00e7ok ba\u015far\u0131l\u0131 proje ve \u00e7al\u0131\u015fmaya imza at\u0131lm\u0131\u015ft\u0131r. Bunlar aras\u0131nda, \u00f6\u011frencilere pratik e\u011fitim olanaklar\u0131 sunan laboratuvarlar\u0131n kurulmas\u0131, akademik personelin bilimsel\u7814\u7a76lere kat\u0131l\u0131m\u0131 ve ulusal\/uluslararas\u0131 i\u015fbirlikleri gibi faaliyetler yer almaktad\u0131r.<\/p>\n<p>B\u00f6l\u00fcm\u00fcm\u00fcz\u00fcn vizyonu, \u00f6\u011frencileri g\u00fcn\u00fcm\u00fcz\u00fcn gerektirdi\u011fi bilgi ve becerilerle donatarak, onlar\u0131 \u00fclkemizin gelece\u011fine y\u00f6n verebilecek nitelikte yeti\u015fmi\u015f bireyler haline getirmektir. Ayr\u0131ca, b\u00f6l\u00fcm\u00fcm\u00fcz, akademik ve sosyal etkinliklere verdi\u011fi \u00f6nem ile birlikte, \u00f6\u011frencilere zengin bir kamp\u00fcs hayat\u0131 sunmay\u0131 da hedeflemektedir.<\/p>\t\t\t\t\t\t\t\t<\/div>\n\t\t\t\t<\/div>\n\t\t\t\t\t<\/div>\n\t\t<\/div>\n\t\t\t\t\t<\/div>\n\t\t<\/section>\n\t\t\t\t<\/div>\n\t\t","protected":false},"excerpt":{"rendered":"<p>Tarih\u00e7e Kurulu\u015fumuzun hikayesi, uzun y\u0131llar \u00f6nce began. O zamanlar k\u00fc\u00e7\u00fck bir fikir olarak ba\u015flayan yolculu\u011fumuz, bug\u00fcn geldi\u011fimiz noktaya ula\u015ft\u0131. Bu s\u00fcre\u00e7te bir\u00e7ok zorlukla kar\u015f\u0131la\u015ft\u0131k, ancak her biri bize b\u00fcy\u00fcmek ve geli\u015fmek i\u00e7in yeni f\u0131rsatlar sundu. \u0130lk ba\u015flarda, k\u00fc\u00e7\u00fck bir ekiple \u00e7al\u0131\u015fmaya ba\u015flad\u0131k. Her birimiz farkl\u0131 alanlarda uzmanla\u015fm\u0131\u015ft\u0131k, ancak ortak hedefimiz ayn\u0131yd\u0131: m\u00fckemmelli\u011fi yakalamak. Zaman i\u00e7inde [&hellip;]<\/p>\n","protected":false},"author":1,"featured_media":0,"parent":0,"menu_order":0,"comment_status":"closed","ping_status":"closed","template":"","meta":{"footnotes":""},"class_list":["post-5638","page","type-page","status-publish","hentry"],"_links":{"self":[{"href":"https:\/\/atauni.edu.tr\/bilgisayar-tabanli-biyolojik-sistemler-modelleme-ve-simulasyon-koordinatoru\/wp-json\/wp\/v2\/pages\/5638","targetHints":{"allow":["GET"]}}],"collection":[{"href":"https:\/\/atauni.edu.tr\/bilgisayar-tabanli-biyolojik-sistemler-modelleme-ve-simulasyon-koordinatoru\/wp-json\/wp\/v2\/pages"}],"about":[{"href":"https:\/\/atauni.edu.tr\/bilgisayar-tabanli-biyolojik-sistemler-modelleme-ve-simulasyon-koordinatoru\/wp-json\/wp\/v2\/types\/page"}],"author":[{"embeddable":true,"href":"https:\/\/atauni.edu.tr\/bilgisayar-tabanli-biyolojik-sistemler-modelleme-ve-simulasyon-koordinatoru\/wp-json\/wp\/v2\/users\/1"}],"replies":[{"embeddable":true,"href":"https:\/\/atauni.edu.tr\/bilgisayar-tabanli-biyolojik-sistemler-modelleme-ve-simulasyon-koordinatoru\/wp-json\/wp\/v2\/comments?post=5638"}],"version-history":[{"count":22,"href":"https:\/\/atauni.edu.tr\/bilgisayar-tabanli-biyolojik-sistemler-modelleme-ve-simulasyon-koordinatoru\/wp-json\/wp\/v2\/pages\/5638\/revisions"}],"predecessor-version":[{"id":6117,"href":"https:\/\/atauni.edu.tr\/bilgisayar-tabanli-biyolojik-sistemler-modelleme-ve-simulasyon-koordinatoru\/wp-json\/wp\/v2\/pages\/5638\/revisions\/6117"}],"wp:attachment":[{"href":"https:\/\/atauni.edu.tr\/bilgisayar-tabanli-biyolojik-sistemler-modelleme-ve-simulasyon-koordinatoru\/wp-json\/wp\/v2\/media?parent=5638"}],"curies":[{"name":"wp","href":"https:\/\/api.w.org\/{rel}","templated":true}]}}