{"id":5682,"date":"2021-07-13T10:10:01","date_gmt":"2021-07-13T07:10:01","guid":{"rendered":"https:\/\/portaltest.atauni.edu.tr\/bilgisayar-muhendisligi\/?page_id=5682"},"modified":"2021-08-27T15:48:11","modified_gmt":"2021-08-27T12:48:11","slug":"misyon-vizyon-ve-temel-degerler","status":"publish","type":"page","link":"https:\/\/atauni.edu.tr\/bilgisayar-tabanli-biyolojik-sistemler-modelleme-ve-simulasyon-koordinatoru\/misyon-vizyon-ve-temel-degerler\/","title":{"rendered":"Misyon, Vizyon ve Temel De\u011ferler"},"content":{"rendered":"\t\t<div data-elementor-type=\"wp-page\" data-elementor-id=\"5682\" class=\"elementor elementor-5682\" data-elementor-post-type=\"page\">\n\t\t\t\t\t\t<section class=\"elementor-section elementor-top-section elementor-element elementor-element-730d320 elementor-section-boxed elementor-section-height-default elementor-section-height-default\" data-id=\"730d320\" data-element_type=\"section\">\n\t\t\t\t\t\t<div class=\"elementor-container elementor-column-gap-default\">\n\t\t\t\t\t<div class=\"elementor-column elementor-col-100 elementor-top-column elementor-element elementor-element-753d0860\" data-id=\"753d0860\" data-element_type=\"column\">\n\t\t\t<div class=\"elementor-widget-wrap\">\n\t\t\t\t\t\t\t<\/div>\n\t\t<\/div>\n\t\t\t\t\t<\/div>\n\t\t<\/section>\n\t\t\t\t<section class=\"elementor-section elementor-top-section elementor-element elementor-element-9be811a elementor-section-boxed elementor-section-height-default elementor-section-height-default\" data-id=\"9be811a\" data-element_type=\"section\">\n\t\t\t\t\t\t<div class=\"elementor-container elementor-column-gap-default\">\n\t\t\t\t\t<div class=\"elementor-column elementor-col-100 elementor-top-column elementor-element elementor-element-1ed847b7\" data-id=\"1ed847b7\" data-element_type=\"column\">\n\t\t\t<div class=\"elementor-widget-wrap elementor-element-populated\">\n\t\t\t\t\t\t<div class=\"elementor-element elementor-element-4ce0d07f elementor-widget elementor-widget-heading\" data-id=\"4ce0d07f\" data-element_type=\"widget\" data-widget_type=\"heading.default\">\n\t\t\t\t<div class=\"elementor-widget-container\">\n\t\t\t\t\t<h2 class=\"elementor-heading-title elementor-size-default\">Misyon, Vizyon ve Temel De\u011ferler<\/h2>\t\t\t\t<\/div>\n\t\t\t\t<\/div>\n\t\t\t\t<div class=\"elementor-element elementor-element-63260862 elementor-widget-divider--view-line elementor-widget elementor-widget-divider\" data-id=\"63260862\" data-element_type=\"widget\" data-widget_type=\"divider.default\">\n\t\t\t\t<div class=\"elementor-widget-container\">\n\t\t\t\t\t\t\t<div class=\"elementor-divider\">\n\t\t\t<span class=\"elementor-divider-separator\">\n\t\t\t\t\t\t<\/span>\n\t\t<\/div>\n\t\t\t\t\t\t<\/div>\n\t\t\t\t<\/div>\n\t\t\t\t\t<\/div>\n\t\t<\/div>\n\t\t\t\t\t<\/div>\n\t\t<\/section>\n\t\t\t\t<section class=\"elementor-section elementor-top-section elementor-element elementor-element-681db8b elementor-section-boxed elementor-section-height-default elementor-section-height-default\" data-id=\"681db8b\" data-element_type=\"section\">\n\t\t\t\t\t\t<div class=\"elementor-container elementor-column-gap-default\">\n\t\t\t\t\t<div class=\"elementor-column elementor-col-100 elementor-top-column elementor-element elementor-element-ad4dac5\" data-id=\"ad4dac5\" data-element_type=\"column\">\n\t\t\t<div class=\"elementor-widget-wrap elementor-element-populated\">\n\t\t\t\t\t\t<div class=\"elementor-element elementor-element-2f96b3d elementor-widget elementor-widget-text-editor\" data-id=\"2f96b3d\" data-element_type=\"widget\" data-widget_type=\"text-editor.default\">\n\t\t\t\t<div class=\"elementor-widget-container\">\n\t\t\t\t\t\t\t\t\t<html>\n<p>Misyonumuz, \u00f6\u011frencilere g\u00fcncel ve pratik bilgiler vermekte, onlara s\u00fcrekli \u00f6\u011frenme ve geli\u015fme f\u0131rsatlar\u0131 sunarak, toplumun ihtiyac\u0131 olan nitelikli bireyler yeti\u015ftirmektir.<\/p>\n\n<p>Vizyonumuz, e\u011fitimde m\u00fckemmellik ve yenilik\u00e7i yakla\u015f\u0131m\u0131yla b\u00f6lgenin \u00f6nde gelen kurumlar\u0131 aras\u0131nda yer almak, toplumsal geli\u015fim ve refah i\u00e7in katk\u0131da bulunmakt\u0131r.<\/p>\n\n<p>Temel de\u011ferlerimiz ise:<\/p>\n<ul>\n    <li>Tak\u0131ml\u0131k Ruhu: Birlikte ba\u015far\u0131ya ula\u015fma azmi<\/li>\n    <li>\u0130novasyon: S\u00fcrekli \u00f6\u011frenme ve yenilik\u00e7i d\u00fc\u015f\u00fcnce<\/li>\n    <li>Sosyal Sorumluluk: Toplumsal geli\u015fime katk\u0131da bulunma<\/li>\n    <li>\u015eeffafl\u0131k: A\u00e7\u0131k ileti\u015fim ve g\u00fcvenilirlik<\/li>\n    <li>\u00d6\u011frenci Odakl\u0131l\u0131k: \u00d6\u011frencilerin ihtiya\u00e7lar\u0131na cevap verebilme<\/li>\n<\/ul>\n\n<p>Bu de\u011ferleri benimseyerek, \u00f6\u011frencilerimize iyi bir e\u011fitim vermeyi, toplumun geli\u015fimine katk\u0131da bulunmay\u0131 ve s\u00fcrekli olarak kendimizi geli\u015ftirmeyi hedefliyoruz.<\/p>\n<\/html>\t\t\t\t\t\t\t\t<\/div>\n\t\t\t\t<\/div>\n\t\t\t\t\t<\/div>\n\t\t<\/div>\n\t\t\t\t\t<\/div>\n\t\t<\/section>\n\t\t\t\t<\/div>\n\t\t","protected":false},"excerpt":{"rendered":"<p>**Misyon, Vizyon ve Temel De\u011ferler** B\u00f6l\u00fcm olarak, e\u011fitim ve ara\u015ft\u0131rma faaliyetlerimizi y\u00fcr\u00fct\u00fcrken belirli ilkeler ve de\u011ferlere ba\u011fl\u0131 kalman\u0131n \u00f6nemini vurguluyoruz. Misyonumuz, vizyonumuz ve temel de\u011ferlerimiz, b\u00f6l\u00fcm\u00fcm\u00fcz\u00fcn gelece\u011fe do\u011fru ilerleme yolculu\u011funda rehberlik etmektedir. **Misyon:** B\u00f6l\u00fcm\u00fcm\u00fcz\u00fcn misyonu, \u00f6\u011frencilerimize y\u00fcksek kaliteli e\u011fitim sunarak onlar\u0131 mesleki ve ki\u015fisel geli\u015fimlerine destek olmak, akademik ara\u015ft\u0131rman\u0131n geli\u015ftirilmesine katk\u0131da bulunmak ve toplumun ihtiya\u00e7lar\u0131na [&hellip;]<\/p>\n","protected":false},"author":1,"featured_media":0,"parent":0,"menu_order":0,"comment_status":"closed","ping_status":"closed","template":"elementor_header_footer","meta":{"footnotes":""},"class_list":["post-5682","page","type-page","status-publish","hentry"],"_links":{"self":[{"href":"https:\/\/atauni.edu.tr\/bilgisayar-tabanli-biyolojik-sistemler-modelleme-ve-simulasyon-koordinatoru\/wp-json\/wp\/v2\/pages\/5682","targetHints":{"allow":["GET"]}}],"collection":[{"href":"https:\/\/atauni.edu.tr\/bilgisayar-tabanli-biyolojik-sistemler-modelleme-ve-simulasyon-koordinatoru\/wp-json\/wp\/v2\/pages"}],"about":[{"href":"https:\/\/atauni.edu.tr\/bilgisayar-tabanli-biyolojik-sistemler-modelleme-ve-simulasyon-koordinatoru\/wp-json\/wp\/v2\/types\/page"}],"author":[{"embeddable":true,"href":"https:\/\/atauni.edu.tr\/bilgisayar-tabanli-biyolojik-sistemler-modelleme-ve-simulasyon-koordinatoru\/wp-json\/wp\/v2\/users\/1"}],"replies":[{"embeddable":true,"href":"https:\/\/atauni.edu.tr\/bilgisayar-tabanli-biyolojik-sistemler-modelleme-ve-simulasyon-koordinatoru\/wp-json\/wp\/v2\/comments?post=5682"}],"version-history":[{"count":8,"href":"https:\/\/atauni.edu.tr\/bilgisayar-tabanli-biyolojik-sistemler-modelleme-ve-simulasyon-koordinatoru\/wp-json\/wp\/v2\/pages\/5682\/revisions"}],"predecessor-version":[{"id":6079,"href":"https:\/\/atauni.edu.tr\/bilgisayar-tabanli-biyolojik-sistemler-modelleme-ve-simulasyon-koordinatoru\/wp-json\/wp\/v2\/pages\/5682\/revisions\/6079"}],"wp:attachment":[{"href":"https:\/\/atauni.edu.tr\/bilgisayar-tabanli-biyolojik-sistemler-modelleme-ve-simulasyon-koordinatoru\/wp-json\/wp\/v2\/media?parent=5682"}],"curies":[{"name":"wp","href":"https:\/\/api.w.org\/{rel}","templated":true}]}}