{"id":5734,"date":"2021-07-13T11:37:45","date_gmt":"2021-07-13T08:37:45","guid":{"rendered":"https:\/\/portaltest.atauni.edu.tr\/bilgisayar-muhendisligi\/?page_id=5734"},"modified":"2021-08-27T15:50:14","modified_gmt":"2021-08-27T12:50:14","slug":"ogrenci-deneyimi","status":"publish","type":"page","link":"https:\/\/atauni.edu.tr\/bilgisayar-tabanli-biyolojik-sistemler-modelleme-ve-simulasyon-koordinatoru\/ogrenci-deneyimi\/","title":{"rendered":"\u00d6\u011frenci Deneyimi"},"content":{"rendered":"\t\t<div data-elementor-type=\"wp-page\" data-elementor-id=\"5734\" class=\"elementor elementor-5734\" data-elementor-post-type=\"page\">\n\t\t\t\t\t\t<section class=\"elementor-section elementor-top-section elementor-element elementor-element-730d320 elementor-section-boxed elementor-section-height-default elementor-section-height-default\" data-id=\"730d320\" data-element_type=\"section\">\n\t\t\t\t\t\t<div class=\"elementor-container elementor-column-gap-default\">\n\t\t\t\t\t<div class=\"elementor-column elementor-col-100 elementor-top-column elementor-element elementor-element-753d0860\" data-id=\"753d0860\" data-element_type=\"column\">\n\t\t\t<div class=\"elementor-widget-wrap\">\n\t\t\t\t\t\t\t<\/div>\n\t\t<\/div>\n\t\t\t\t\t<\/div>\n\t\t<\/section>\n\t\t\t\t<section class=\"elementor-section elementor-top-section elementor-element elementor-element-9be811a elementor-section-boxed elementor-section-height-default elementor-section-height-default\" data-id=\"9be811a\" data-element_type=\"section\">\n\t\t\t\t\t\t<div class=\"elementor-container elementor-column-gap-default\">\n\t\t\t\t\t<div class=\"elementor-column elementor-col-100 elementor-top-column elementor-element elementor-element-1ed847b7\" data-id=\"1ed847b7\" data-element_type=\"column\">\n\t\t\t<div class=\"elementor-widget-wrap elementor-element-populated\">\n\t\t\t\t\t\t<div class=\"elementor-element elementor-element-4ce0d07f elementor-widget elementor-widget-heading\" data-id=\"4ce0d07f\" data-element_type=\"widget\" data-widget_type=\"heading.default\">\n\t\t\t\t<div class=\"elementor-widget-container\">\n\t\t\t\t\t<h2 class=\"elementor-heading-title elementor-size-default\">\u00d6\u011frenci Deneyimi<\/h2>\t\t\t\t<\/div>\n\t\t\t\t<\/div>\n\t\t\t\t<div class=\"elementor-element elementor-element-63260862 elementor-widget-divider--view-line elementor-widget elementor-widget-divider\" data-id=\"63260862\" data-element_type=\"widget\" data-widget_type=\"divider.default\">\n\t\t\t\t<div class=\"elementor-widget-container\">\n\t\t\t\t\t\t\t<div class=\"elementor-divider\">\n\t\t\t<span class=\"elementor-divider-separator\">\n\t\t\t\t\t\t<\/span>\n\t\t<\/div>\n\t\t\t\t\t\t<\/div>\n\t\t\t\t<\/div>\n\t\t\t\t\t<\/div>\n\t\t<\/div>\n\t\t\t\t\t<\/div>\n\t\t<\/section>\n\t\t\t\t<section class=\"elementor-section elementor-top-section elementor-element elementor-element-4debb41 elementor-section-boxed elementor-section-height-default elementor-section-height-default\" data-id=\"4debb41\" data-element_type=\"section\">\n\t\t\t\t\t\t<div class=\"elementor-container elementor-column-gap-default\">\n\t\t\t\t\t<div class=\"elementor-column elementor-col-100 elementor-top-column elementor-element elementor-element-28420b1\" data-id=\"28420b1\" data-element_type=\"column\">\n\t\t\t<div class=\"elementor-widget-wrap elementor-element-populated\">\n\t\t\t\t\t\t<div class=\"elementor-element elementor-element-e007b90 elementor-widget elementor-widget-ova_testimonial\" data-id=\"e007b90\" data-element_type=\"widget\" data-settings=\"{&quot;pause_on_hover&quot;:&quot;yes&quot;,&quot;infinite&quot;:&quot;yes&quot;,&quot;autoplay&quot;:&quot;yes&quot;,&quot;autoplay_speed&quot;:3000,&quot;dot_control&quot;:&quot;yes&quot;}\" data-widget_type=\"ova_testimonial.default\">\n\t\t\t\t<div class=\"elementor-widget-container\">\n\t\t\t\t\t\n\t\t\n\t\t\t<section class=\"ova-testimonial \">\n\t\t\t\t<div class=\"slide-testimonials owl-carousel owl-theme\" data-options=\"{&quot;items&quot;:3,&quot;slideBy&quot;:1,&quot;margin&quot;:30,&quot;autoplayHoverPause&quot;:true,&quot;loop&quot;:true,&quot;autoplay&quot;:true,&quot;autoplayTimeout&quot;:3000,&quot;smartSpeed&quot;:500,&quot;dots&quot;:true}\">\n\t\t\t\t\t\t\t\t\t\t\t<div class=\"item\">\n\t\t\t\t\t\t\t<div class=\"client_info\">\n\t\t\t\t\t\t\t\t\t\t\t\t\t\t\t\t\t<p class=\"evaluate\">&lt;p&gt;\u00d6\u011frenci Deneyimi&lt;\/p&gt;\n&lt;p&gt;Okulumuz, \u00f6\u011frencilerin akademik ba\u015far\u0131lar\u0131n\u0131 desteklemekle kalmaz, ayn\u0131 zamanda onlar\u0131n ki\u015fisel geli\u015fimine de \u00f6nem verir. \u00d6\u011frencilerimiz, \u00e7e\u015fitli kul\u00fcpler ve topluluklar arac\u0131l\u0131\u011f\u0131yla sosyal ve k\u00fclt\u00fcrel faaliyetlere kat\u0131l\u0131rlar.&lt;\/p&gt;\n&lt;p&gt;Spor tesislerimiz, \u00f6\u011frencilere fitness ve tak\u0131m sporlar\u0131 i\u00e7in ideal bir ortam sa\u011flar. Sanatsal etkinliklerimiz, resim, m\u00fczik ve tiyatro gibi farkl\u0131 disiplinlerde yeteneklerini ke\u015ffetmelerine olanak tan\u0131r.&lt;\/p&gt;\n&lt;p&gt;Ayr\u0131ca, \u00f6\u011frencilerimiz okulumuzun sundu\u011fu mentorluk programlar\u0131ndan yararlanarak, deneyimli \u00f6\u011fretmenlerden rehberlik ve destek al\u0131rlar. Bu sayede, akademik hedeflerine ula\u015f\u0131rken ayn\u0131 zamanda ki\u015fisel growthlerini de sa\u011flamla\u015ft\u0131rabilirler.&lt;\/p&gt;<\/p>\n\t\t\t\t\t\t\t\t\n\t\t\t\t\t\t\t\t<div class=\"info\">\n\t\t\t\t\t\t\t\t\t\t\t\t\t\t\t\t\t\t<div class=\"name-job\">\n\t\t\t\t\t\t\t\t\t\t\t\t\t\t\t\t\t\t\t\t\t<p class=\"name second_font\">&lt;p&gt;\u00d6\u011frenci Deneyimi&lt;\/p&gt;\n&lt;p&gt;Okulumuz, \u00f6\u011frencilerin akademik ba\u015far\u0131lar\u0131n\u0131 desteklemekle kalmaz, ayn\u0131 zamanda onlar\u0131n ki\u015fisel geli\u015fimine de \u00f6nem verir. \u00d6\u011frencilerimiz, \u00e7e\u015fitli kul\u00fcpler ve topluluklar arac\u0131l\u0131\u011f\u0131yla sosyal ve k\u00fclt\u00fcrel faaliyetlere kat\u0131l\u0131rlar.&lt;\/p&gt;\n&lt;p&gt;Spor tesislerimiz, \u00f6\u011frencilere fitness ve tak\u0131m sporlar\u0131 i\u00e7in ideal bir ortam sa\u011flar. Sanatsal etkinliklerimiz, resim, m\u00fczik ve tiyatro gibi farkl\u0131 disiplinlerde yeteneklerini ke\u015ffetmelerine olanak tan\u0131r.&lt;\/p&gt;\n&lt;p&gt;Ayr\u0131ca, \u00f6\u011frencilerimiz okulumuzun sundu\u011fu mentorluk programlar\u0131ndan yararlanarak, deneyimli \u00f6\u011fretmenlerden rehberlik ve destek al\u0131rlar. Bu sayede, akademik hedeflerine ula\u015f\u0131rken ayn\u0131 zamanda ki\u015fisel growthlerini de sa\u011flamla\u015ft\u0131rabilirler.&lt;\/p&gt;<\/p>\n\t\t\t\t\t\t\t\t\t\t\t\t\t\t\t\t\t\t\t\t\t\t\t\t\t\t\t\t\t\t\t<p class=\"job\">&lt;p&gt;\u00d6\u011frenci Deneyimi&lt;\/p&gt;\n&lt;p&gt;Okulumuz, \u00f6\u011frencilerin akademik ba\u015far\u0131lar\u0131n\u0131 desteklemekle kalmaz, ayn\u0131 zamanda onlar\u0131n ki\u015fisel geli\u015fimine de \u00f6nem verir. \u00d6\u011frencilerimiz, \u00e7e\u015fitli kul\u00fcpler ve topluluklar arac\u0131l\u0131\u011f\u0131yla sosyal ve k\u00fclt\u00fcrel faaliyetlere kat\u0131l\u0131rlar.&lt;\/p&gt;\n&lt;p&gt;Spor tesislerimiz, \u00f6\u011frencilere fitness ve tak\u0131m sporlar\u0131 i\u00e7in ideal bir ortam sa\u011flar. Sanatsal etkinliklerimiz, resim, m\u00fczik ve tiyatro gibi farkl\u0131 disiplinlerde yeteneklerini ke\u015ffetmelerine olanak tan\u0131r.&lt;\/p&gt;\n&lt;p&gt;Ayr\u0131ca, \u00f6\u011frencilerimiz okulumuzun sundu\u011fu mentorluk programlar\u0131ndan yararlanarak, deneyimli \u00f6\u011fretmenlerden rehberlik ve destek al\u0131rlar. Bu sayede, akademik hedeflerine ula\u015f\u0131rken ayn\u0131 zamanda ki\u015fisel growthlerini de sa\u011flamla\u015ft\u0131rabilirler.&lt;\/p&gt;<\/p>\n\t\t\t\t\t\t\t\t\t\t\t\t\t\t\t\t\t\t\t<\/div>\n\t\t\t\t\t\t\t\t<\/div>\n\t\t\t\t\t\t\t\t\n\t\t\t\t\t\t\t\t\t\t\t\t\t\t\t\t\t<div class=\"icon-quote\">\n\t\t\t\t\t\t\t\t\t\t<span class=\"flaticon-left-quote-1\"><\/span>\n\t\t\t\t\t\t\t\t\t<\/div>\n\t\t\t\t\t\t\t\t\t\t\t\t\t\t\t<\/div>\n\t\t\t\t\t\t<\/div>\n\t\t\t\t\t\t\t\t\t<\/div>\n\t\t\t<\/section>\n\n\t\t\t\t\n\t\t\t\t\t\t<\/div>\n\t\t\t\t<\/div>\n\t\t\t\t\t<\/div>\n\t\t<\/div>\n\t\t\t\t\t<\/div>\n\t\t<\/section>\n\t\t\t\t<\/div>\n\t\t","protected":false},"excerpt":{"rendered":"<p>**\u00d6\u011frenci Deneyimi** E\u011fitim s\u00fcre\u00e7lerinin kalitesi, \u00f6\u011frencilerin ald\u0131klar\u0131 e\u011fitimin etkisi ve deneyimlerine do\u011frudan ba\u011fl\u0131d\u0131r. Bizim \u00f6nceliklerimiz aras\u0131nda \u00f6\u011frencilerimizin akademik ba\u015far\u0131lar\u0131n\u0131n yan\u0131 s\u0131ra ki\u015fisel geli\u015fimlerini de desteklemek yer almaktad\u0131r. \u00d6\u011frenci deneyimi, bir e\u011fitim kurumunun sundu\u011fu t\u00fcm imkanlar\u0131 ve faaliyetleri i\u00e7ermektedir. \u00d6\u011frencilerin e\u011fitim hayatlar\u0131 boyunca kar\u015f\u0131la\u015ft\u0131klar\u0131 Opportunities ve zorluklar, onlar\u0131n geli\u015fimini \u015fekillendiren \u00f6nemli fakt\u00f6rlerdir. Biz, \u00f6\u011frencilerimizin her alanda [&hellip;]<\/p>\n","protected":false},"author":1,"featured_media":0,"parent":0,"menu_order":0,"comment_status":"closed","ping_status":"closed","template":"elementor_header_footer","meta":{"footnotes":""},"class_list":["post-5734","page","type-page","status-publish","hentry"],"_links":{"self":[{"href":"https:\/\/atauni.edu.tr\/bilgisayar-tabanli-biyolojik-sistemler-modelleme-ve-simulasyon-koordinatoru\/wp-json\/wp\/v2\/pages\/5734","targetHints":{"allow":["GET"]}}],"collection":[{"href":"https:\/\/atauni.edu.tr\/bilgisayar-tabanli-biyolojik-sistemler-modelleme-ve-simulasyon-koordinatoru\/wp-json\/wp\/v2\/pages"}],"about":[{"href":"https:\/\/atauni.edu.tr\/bilgisayar-tabanli-biyolojik-sistemler-modelleme-ve-simulasyon-koordinatoru\/wp-json\/wp\/v2\/types\/page"}],"author":[{"embeddable":true,"href":"https:\/\/atauni.edu.tr\/bilgisayar-tabanli-biyolojik-sistemler-modelleme-ve-simulasyon-koordinatoru\/wp-json\/wp\/v2\/users\/1"}],"replies":[{"embeddable":true,"href":"https:\/\/atauni.edu.tr\/bilgisayar-tabanli-biyolojik-sistemler-modelleme-ve-simulasyon-koordinatoru\/wp-json\/wp\/v2\/comments?post=5734"}],"version-history":[{"count":20,"href":"https:\/\/atauni.edu.tr\/bilgisayar-tabanli-biyolojik-sistemler-modelleme-ve-simulasyon-koordinatoru\/wp-json\/wp\/v2\/pages\/5734\/revisions"}],"predecessor-version":[{"id":6103,"href":"https:\/\/atauni.edu.tr\/bilgisayar-tabanli-biyolojik-sistemler-modelleme-ve-simulasyon-koordinatoru\/wp-json\/wp\/v2\/pages\/5734\/revisions\/6103"}],"wp:attachment":[{"href":"https:\/\/atauni.edu.tr\/bilgisayar-tabanli-biyolojik-sistemler-modelleme-ve-simulasyon-koordinatoru\/wp-json\/wp\/v2\/media?parent=5734"}],"curies":[{"name":"wp","href":"https:\/\/api.w.org\/{rel}","templated":true}]}}