{"id":5800,"date":"2021-07-13T13:12:45","date_gmt":"2021-07-13T10:12:45","guid":{"rendered":"https:\/\/portaltest.atauni.edu.tr\/bilgisayar-muhendisligi\/?page_id=5800"},"modified":"2021-08-27T15:49:23","modified_gmt":"2021-08-27T12:49:23","slug":"bitirme-projeleri","status":"publish","type":"page","link":"https:\/\/atauni.edu.tr\/bilgisayar-tabanli-biyolojik-sistemler-modelleme-ve-simulasyon-koordinatoru\/bitirme-projeleri\/","title":{"rendered":"Bitirme Projeleri"},"content":{"rendered":"\t\t<div data-elementor-type=\"wp-page\" data-elementor-id=\"5800\" class=\"elementor elementor-5800\" data-elementor-post-type=\"page\">\n\t\t\t\t\t\t<section class=\"elementor-section elementor-top-section elementor-element elementor-element-730d320 elementor-section-boxed elementor-section-height-default elementor-section-height-default\" data-id=\"730d320\" data-element_type=\"section\">\n\t\t\t\t\t\t<div class=\"elementor-container elementor-column-gap-default\">\n\t\t\t\t\t<div class=\"elementor-column elementor-col-100 elementor-top-column elementor-element elementor-element-753d0860\" data-id=\"753d0860\" data-element_type=\"column\">\n\t\t\t<div class=\"elementor-widget-wrap\">\n\t\t\t\t\t\t\t<\/div>\n\t\t<\/div>\n\t\t\t\t\t<\/div>\n\t\t<\/section>\n\t\t\t\t<section class=\"elementor-section elementor-top-section elementor-element elementor-element-9be811a elementor-section-boxed elementor-section-height-default elementor-section-height-default\" data-id=\"9be811a\" data-element_type=\"section\">\n\t\t\t\t\t\t<div class=\"elementor-container elementor-column-gap-default\">\n\t\t\t\t\t<div class=\"elementor-column elementor-col-100 elementor-top-column elementor-element elementor-element-1ed847b7\" data-id=\"1ed847b7\" data-element_type=\"column\">\n\t\t\t<div class=\"elementor-widget-wrap elementor-element-populated\">\n\t\t\t\t\t\t<div class=\"elementor-element elementor-element-4ce0d07f elementor-widget elementor-widget-heading\" data-id=\"4ce0d07f\" data-element_type=\"widget\" data-widget_type=\"heading.default\">\n\t\t\t\t<div class=\"elementor-widget-container\">\n\t\t\t\t\t<h2 class=\"elementor-heading-title elementor-size-default\">Bitirme Projeleri<\/h2>\t\t\t\t<\/div>\n\t\t\t\t<\/div>\n\t\t\t\t<div class=\"elementor-element elementor-element-63260862 elementor-widget-divider--view-line elementor-widget elementor-widget-divider\" data-id=\"63260862\" data-element_type=\"widget\" data-widget_type=\"divider.default\">\n\t\t\t\t<div class=\"elementor-widget-container\">\n\t\t\t\t\t\t\t<div class=\"elementor-divider\">\n\t\t\t<span class=\"elementor-divider-separator\">\n\t\t\t\t\t\t<\/span>\n\t\t<\/div>\n\t\t\t\t\t\t<\/div>\n\t\t\t\t<\/div>\n\t\t\t\t\t<\/div>\n\t\t<\/div>\n\t\t\t\t\t<\/div>\n\t\t<\/section>\n\t\t\t\t<section class=\"elementor-section elementor-top-section elementor-element elementor-element-6c18d0b elementor-section-boxed elementor-section-height-default elementor-section-height-default\" data-id=\"6c18d0b\" data-element_type=\"section\">\n\t\t\t\t\t\t<div class=\"elementor-container elementor-column-gap-default\">\n\t\t\t\t\t<div class=\"elementor-column elementor-col-100 elementor-top-column elementor-element elementor-element-5a88ff5\" data-id=\"5a88ff5\" data-element_type=\"column\">\n\t\t\t<div class=\"elementor-widget-wrap elementor-element-populated\">\n\t\t\t\t\t\t<div class=\"elementor-element elementor-element-69d7a2b elementor-widget elementor-widget-accordion\" data-id=\"69d7a2b\" data-element_type=\"widget\" data-widget_type=\"accordion.default\">\n\t\t\t\t<div class=\"elementor-widget-container\">\n\t\t\t\t\t\t\t<div class=\"elementor-accordion\">\n\t\t\t\t\t\t\t<div class=\"elementor-accordion-item\">\n\t\t\t\t\t<div id=\"elementor-tab-title-1101\" class=\"elementor-tab-title\" data-tab=\"1\" role=\"button\" aria-controls=\"elementor-tab-content-1101\" aria-expanded=\"false\">\n\t\t\t\t\t\t\t\t\t\t\t\t\t<span class=\"elementor-accordion-icon elementor-accordion-icon-left\" aria-hidden=\"true\">\n\t\t\t\t\t\t\t\t\t\t\t\t\t\t\t<span class=\"elementor-accordion-icon-closed\"><i class=\"fas fa-plus\"><\/i><\/span>\n\t\t\t\t\t\t\t\t<span class=\"elementor-accordion-icon-opened\"><i class=\"fas fa-minus\"><\/i><\/span>\n\t\t\t\t\t\t\t\t\t\t\t\t\t\t<\/span>\n\t\t\t\t\t\t\t\t\t\t\t\t<a class=\"elementor-accordion-title\" tabindex=\"0\"><p>Bitirme Projeleri<\/p>\n<p>B\u00f6l\u00fcm\u00fcm\u00fcz\u00fcn e\u011fitim hedefleri aras\u0131nda \u00f6\u011frencilerin teorik bilgileri pratik uygulamalarla peki\u015ftirmesi ve sekt\u00f6re haz\u0131r, yetkin bireyler olarak mezun olmas\u0131 bulunmaktad\u0131r. Bu ama\u00e7la \u00f6\u011frencilerimiz son s\u0131n\u0131fta bitirme projesi dersini al\u0131rlar.<\/p>\n<p>Bitirme projeleri, \u00f6\u011frencilerin b\u00f6l\u00fcm\u00fcm\u00fczde ald\u0131klar\u0131 derslerde elde ettikleri teorik ve pratik bilgileri bir proje kapsam\u0131nda uygulamalar\u0131na imk\u00e2n tan\u0131r. \u00d6\u011frenciler, kendi ilgi alanlar\u0131na g\u00f6re se\u00e7tikleri konular \u00fczerinde derinlemesine \u00e7al\u0131\u015fma f\u0131rsat\u0131 bulurlar ve bu s\u00fcre\u00e7te problem \u00e7\u00f6zme becerileri, ara\u015ft\u0131rma yapma yetenekleri, ileti\u015fim becerileri ve ekip \u00e7al\u0131\u015fmas\u0131 kinhineleri geli\u015fir.<\/p>\n<p>Bitirme projelerinin konusu genellikle b\u00f6l\u00fcm\u00fcm\u00fcz\u00fcn ilgi alan\u0131na giren ve g\u00fcncel problemlerin \u00e7\u00f6z\u00fcm\u00fcne y\u00f6nelik olur. Projeler, akademik dan\u0131\u015fmanlar\u0131n rehberli\u011finde y\u00fcr\u00fct\u00fcl\u00fcr ve \u00f6\u011frencilerin proje tesliminde sunum yapmalar\u0131 beklenir. Sunumlarda \u00f6\u011frenciler, projelerini tan\u0131tarak \u00e7\u00f6z\u00fcmlerini payla\u015f\u0131r ve al\u0131nan geri bildirimlerle birlikte tecr\u00fcbe kazan\u0131rlar.<\/p>\n<p>Bitirme projeleri b\u00f6l\u00fcm\u00fcm\u00fcz\u00fcn mezunlar\u0131n\u0131n sekt\u00f6rde iyi bir ba\u015flang\u0131\u00e7 yapmalar\u0131n\u0131 sa\u011flar. Projeler sayesinde \u00f6\u011frencilerin ara\u015ft\u0131rma, tasar\u0131m, geli\u015ftirme ve sunum becerileri g\u00fc\u00e7lenir ve mezuniyet sonras\u0131 kariyerlerinde ba\u015far\u0131l\u0131 olmalar\u0131na zemin haz\u0131rlan\u0131r.<\/p><\/a>\n\t\t\t\t\t<\/div>\n\t\t\t\t\t<div id=\"elementor-tab-content-1101\" class=\"elementor-tab-content elementor-clearfix\" data-tab=\"1\" role=\"region\" aria-labelledby=\"elementor-tab-title-1101\"><p>Bitirme Projeleri<\/p>\n<p>B\u00f6l\u00fcm\u00fcm\u00fcz\u00fcn e\u011fitim hedefleri aras\u0131nda \u00f6\u011frencilerin teorik bilgileri pratik uygulamalarla peki\u015ftirmesi ve sekt\u00f6re haz\u0131r, yetkin bireyler olarak mezun olmas\u0131 bulunmaktad\u0131r. Bu ama\u00e7la \u00f6\u011frencilerimiz son s\u0131n\u0131fta bitirme projesi dersini al\u0131rlar.<\/p>\n<p>Bitirme projeleri, \u00f6\u011frencilerin b\u00f6l\u00fcm\u00fcm\u00fczde ald\u0131klar\u0131 derslerde elde ettikleri teorik ve pratik bilgileri bir proje kapsam\u0131nda uygulamalar\u0131na imk\u00e2n tan\u0131r. \u00d6\u011frenciler, kendi ilgi alanlar\u0131na g\u00f6re se\u00e7tikleri konular \u00fczerinde derinlemesine \u00e7al\u0131\u015fma f\u0131rsat\u0131 bulurlar ve bu s\u00fcre\u00e7te problem \u00e7\u00f6zme becerileri, ara\u015ft\u0131rma yapma yetenekleri, ileti\u015fim becerileri ve ekip \u00e7al\u0131\u015fmas\u0131 kinhineleri geli\u015fir.<\/p>\n<p>Bitirme projelerinin konusu genellikle b\u00f6l\u00fcm\u00fcm\u00fcz\u00fcn ilgi alan\u0131na giren ve g\u00fcncel problemlerin \u00e7\u00f6z\u00fcm\u00fcne y\u00f6nelik olur. Projeler, akademik dan\u0131\u015fmanlar\u0131n rehberli\u011finde y\u00fcr\u00fct\u00fcl\u00fcr ve \u00f6\u011frencilerin proje tesliminde sunum yapmalar\u0131 beklenir. Sunumlarda \u00f6\u011frenciler, projelerini tan\u0131tarak \u00e7\u00f6z\u00fcmlerini payla\u015f\u0131r ve al\u0131nan geri bildirimlerle birlikte tecr\u00fcbe kazan\u0131rlar.<\/p>\n<p>Bitirme projeleri b\u00f6l\u00fcm\u00fcm\u00fcz\u00fcn mezunlar\u0131n\u0131n sekt\u00f6rde iyi bir ba\u015flang\u0131\u00e7 yapmalar\u0131n\u0131 sa\u011flar. Projeler sayesinde \u00f6\u011frencilerin ara\u015ft\u0131rma, tasar\u0131m, geli\u015ftirme ve sunum becerileri g\u00fc\u00e7lenir ve mezuniyet sonras\u0131 kariyerlerinde ba\u015far\u0131l\u0131 olmalar\u0131na zemin haz\u0131rlan\u0131r.<\/p><\/div>\n\t\t\t\t<\/div>\n\t\t\t\t\t\t\t<div class=\"elementor-accordion-item\">\n\t\t\t\t\t<div id=\"elementor-tab-title-1102\" class=\"elementor-tab-title\" data-tab=\"2\" role=\"button\" aria-controls=\"elementor-tab-content-1102\" aria-expanded=\"false\">\n\t\t\t\t\t\t\t\t\t\t\t\t\t<span class=\"elementor-accordion-icon elementor-accordion-icon-left\" aria-hidden=\"true\">\n\t\t\t\t\t\t\t\t\t\t\t\t\t\t\t<span class=\"elementor-accordion-icon-closed\"><i class=\"fas fa-plus\"><\/i><\/span>\n\t\t\t\t\t\t\t\t<span class=\"elementor-accordion-icon-opened\"><i class=\"fas fa-minus\"><\/i><\/span>\n\t\t\t\t\t\t\t\t\t\t\t\t\t\t<\/span>\n\t\t\t\t\t\t\t\t\t\t\t\t<a class=\"elementor-accordion-title\" tabindex=\"0\"><p>Bitirme Projeleri<\/p>\n<p>B\u00f6l\u00fcm\u00fcm\u00fcz\u00fcn e\u011fitim hedefleri aras\u0131nda \u00f6\u011frencilerin teorik bilgileri pratik uygulamalarla peki\u015ftirmesi ve sekt\u00f6re haz\u0131r, yetkin bireyler olarak mezun olmas\u0131 bulunmaktad\u0131r. Bu ama\u00e7la \u00f6\u011frencilerimiz son s\u0131n\u0131fta bitirme projesi dersini al\u0131rlar.<\/p>\n<p>Bitirme projeleri, \u00f6\u011frencilerin b\u00f6l\u00fcm\u00fcm\u00fczde ald\u0131klar\u0131 derslerde elde ettikleri teorik ve pratik bilgileri bir proje kapsam\u0131nda uygulamalar\u0131na imk\u00e2n tan\u0131r. \u00d6\u011frenciler, kendi ilgi alanlar\u0131na g\u00f6re se\u00e7tikleri konular \u00fczerinde derinlemesine \u00e7al\u0131\u015fma f\u0131rsat\u0131 bulurlar ve bu s\u00fcre\u00e7te problem \u00e7\u00f6zme becerileri, ara\u015ft\u0131rma yapma yetenekleri, ileti\u015fim becerileri ve ekip \u00e7al\u0131\u015fmas\u0131 kinhineleri geli\u015fir.<\/p>\n<p>Bitirme projelerinin konusu genellikle b\u00f6l\u00fcm\u00fcm\u00fcz\u00fcn ilgi alan\u0131na giren ve g\u00fcncel problemlerin \u00e7\u00f6z\u00fcm\u00fcne y\u00f6nelik olur. Projeler, akademik dan\u0131\u015fmanlar\u0131n rehberli\u011finde y\u00fcr\u00fct\u00fcl\u00fcr ve \u00f6\u011frencilerin proje tesliminde sunum yapmalar\u0131 beklenir. Sunumlarda \u00f6\u011frenciler, projelerini tan\u0131tarak \u00e7\u00f6z\u00fcmlerini payla\u015f\u0131r ve al\u0131nan geri bildirimlerle birlikte tecr\u00fcbe kazan\u0131rlar.<\/p>\n<p>Bitirme projeleri b\u00f6l\u00fcm\u00fcm\u00fcz\u00fcn mezunlar\u0131n\u0131n sekt\u00f6rde iyi bir ba\u015flang\u0131\u00e7 yapmalar\u0131n\u0131 sa\u011flar. Projeler sayesinde \u00f6\u011frencilerin ara\u015ft\u0131rma, tasar\u0131m, geli\u015ftirme ve sunum becerileri g\u00fc\u00e7lenir ve mezuniyet sonras\u0131 kariyerlerinde ba\u015far\u0131l\u0131 olmalar\u0131na zemin haz\u0131rlan\u0131r.<\/p><\/a>\n\t\t\t\t\t<\/div>\n\t\t\t\t\t<div id=\"elementor-tab-content-1102\" class=\"elementor-tab-content elementor-clearfix\" data-tab=\"2\" role=\"region\" aria-labelledby=\"elementor-tab-title-1102\"><p>Bitirme Projeleri<\/p>\n<p>B\u00f6l\u00fcm\u00fcm\u00fcz\u00fcn e\u011fitim hedefleri aras\u0131nda \u00f6\u011frencilerin teorik bilgileri pratik uygulamalarla peki\u015ftirmesi ve sekt\u00f6re haz\u0131r, yetkin bireyler olarak mezun olmas\u0131 bulunmaktad\u0131r. Bu ama\u00e7la \u00f6\u011frencilerimiz son s\u0131n\u0131fta bitirme projesi dersini al\u0131rlar.<\/p>\n<p>Bitirme projeleri, \u00f6\u011frencilerin b\u00f6l\u00fcm\u00fcm\u00fczde ald\u0131klar\u0131 derslerde elde ettikleri teorik ve pratik bilgileri bir proje kapsam\u0131nda uygulamalar\u0131na imk\u00e2n tan\u0131r. \u00d6\u011frenciler, kendi ilgi alanlar\u0131na g\u00f6re se\u00e7tikleri konular \u00fczerinde derinlemesine \u00e7al\u0131\u015fma f\u0131rsat\u0131 bulurlar ve bu s\u00fcre\u00e7te problem \u00e7\u00f6zme becerileri, ara\u015ft\u0131rma yapma yetenekleri, ileti\u015fim becerileri ve ekip \u00e7al\u0131\u015fmas\u0131 kinhineleri geli\u015fir.<\/p>\n<p>Bitirme projelerinin konusu genellikle b\u00f6l\u00fcm\u00fcm\u00fcz\u00fcn ilgi alan\u0131na giren ve g\u00fcncel problemlerin \u00e7\u00f6z\u00fcm\u00fcne y\u00f6nelik olur. Projeler, akademik dan\u0131\u015fmanlar\u0131n rehberli\u011finde y\u00fcr\u00fct\u00fcl\u00fcr ve \u00f6\u011frencilerin proje tesliminde sunum yapmalar\u0131 beklenir. Sunumlarda \u00f6\u011frenciler, projelerini tan\u0131tarak \u00e7\u00f6z\u00fcmlerini payla\u015f\u0131r ve al\u0131nan geri bildirimlerle birlikte tecr\u00fcbe kazan\u0131rlar.<\/p>\n<p>Bitirme projeleri b\u00f6l\u00fcm\u00fcm\u00fcz\u00fcn mezunlar\u0131n\u0131n sekt\u00f6rde iyi bir ba\u015flang\u0131\u00e7 yapmalar\u0131n\u0131 sa\u011flar. Projeler sayesinde \u00f6\u011frencilerin ara\u015ft\u0131rma, tasar\u0131m, geli\u015ftirme ve sunum becerileri g\u00fc\u00e7lenir ve mezuniyet sonras\u0131 kariyerlerinde ba\u015far\u0131l\u0131 olmalar\u0131na zemin haz\u0131rlan\u0131r.<\/p><\/div>\n\t\t\t\t<\/div>\n\t\t\t\t\t\t\t\t<\/div>\n\t\t\t\t\t\t<\/div>\n\t\t\t\t<\/div>\n\t\t\t\t\t<\/div>\n\t\t<\/div>\n\t\t\t\t\t<\/div>\n\t\t<\/section>\n\t\t\t\t<\/div>\n\t\t","protected":false},"excerpt":{"rendered":"<p>**Bitirme Projeleri** Bitirme projeleri, \u00f6\u011frencilerin akademik e\u011fitimlerinin son a\u015famas\u0131nda ger\u00e7ekle\u015ftirdikleri kapsaml\u0131 bir \u00e7al\u0131\u015fmad\u0131r. Bu projeler, \u00f6\u011frencilere se\u00e7tikleri alanda derinlemesine ara\u015ft\u0131rma yapma, kritik d\u00fc\u015f\u00fcnme ve sorun \u00e7\u00f6zme becerilerini geli\u015ftirme f\u0131rsat\u0131 sunar. Bitirme projeleri ayn\u0131 zamanda \u00f6\u011frencilerin ba\u011f\u0131ms\u0131z \u00e7al\u0131\u015fma yeteneklerini g\u00f6sterir ve onlar\u0131 ger\u00e7ek d\u00fcnya uygulamalar\u0131na haz\u0131rlar. Bitirme projelerinin amac\u0131, \u00f6\u011frencilere belirli bir konuda derinlemesine bilgi sahibi [&hellip;]<\/p>\n","protected":false},"author":1,"featured_media":0,"parent":0,"menu_order":0,"comment_status":"closed","ping_status":"closed","template":"elementor_header_footer","meta":{"footnotes":""},"class_list":["post-5800","page","type-page","status-publish","hentry"],"_links":{"self":[{"href":"https:\/\/atauni.edu.tr\/bilgisayar-tabanli-biyolojik-sistemler-modelleme-ve-simulasyon-koordinatoru\/wp-json\/wp\/v2\/pages\/5800","targetHints":{"allow":["GET"]}}],"collection":[{"href":"https:\/\/atauni.edu.tr\/bilgisayar-tabanli-biyolojik-sistemler-modelleme-ve-simulasyon-koordinatoru\/wp-json\/wp\/v2\/pages"}],"about":[{"href":"https:\/\/atauni.edu.tr\/bilgisayar-tabanli-biyolojik-sistemler-modelleme-ve-simulasyon-koordinatoru\/wp-json\/wp\/v2\/types\/page"}],"author":[{"embeddable":true,"href":"https:\/\/atauni.edu.tr\/bilgisayar-tabanli-biyolojik-sistemler-modelleme-ve-simulasyon-koordinatoru\/wp-json\/wp\/v2\/users\/1"}],"replies":[{"embeddable":true,"href":"https:\/\/atauni.edu.tr\/bilgisayar-tabanli-biyolojik-sistemler-modelleme-ve-simulasyon-koordinatoru\/wp-json\/wp\/v2\/comments?post=5800"}],"version-history":[{"count":11,"href":"https:\/\/atauni.edu.tr\/bilgisayar-tabanli-biyolojik-sistemler-modelleme-ve-simulasyon-koordinatoru\/wp-json\/wp\/v2\/pages\/5800\/revisions"}],"predecessor-version":[{"id":6091,"href":"https:\/\/atauni.edu.tr\/bilgisayar-tabanli-biyolojik-sistemler-modelleme-ve-simulasyon-koordinatoru\/wp-json\/wp\/v2\/pages\/5800\/revisions\/6091"}],"wp:attachment":[{"href":"https:\/\/atauni.edu.tr\/bilgisayar-tabanli-biyolojik-sistemler-modelleme-ve-simulasyon-koordinatoru\/wp-json\/wp\/v2\/media?parent=5800"}],"curies":[{"name":"wp","href":"https:\/\/api.w.org\/{rel}","templated":true}]}}