{"id":6197,"date":"2021-12-16T12:00:02","date_gmt":"2021-12-16T09:00:02","guid":{"rendered":"https:\/\/birimler.atauni.edu.tr\/bilgisayar-teknolojileri-bolumu-2\/?page_id=6197"},"modified":"2021-12-16T12:02:52","modified_gmt":"2021-12-16T09:02:52","slug":"mezuniyet-sonrasi-is-olanaklari","status":"publish","type":"page","link":"https:\/\/atauni.edu.tr\/bilgisayar-teknolojileri-bolumu-2\/mezuniyet-sonrasi-is-olanaklari\/","title":{"rendered":"MEZUN\u0130YET SONRASI \u0130\u015e OLANAKLARI"},"content":{"rendered":"\t\t<div data-elementor-type=\"wp-page\" data-elementor-id=\"6197\" class=\"elementor elementor-6197\" data-elementor-post-type=\"page\">\n\t\t\t\t\t\t<section class=\"elementor-section elementor-top-section elementor-element elementor-element-d4f6a46 elementor-section-boxed elementor-section-height-default elementor-section-height-default\" data-id=\"d4f6a46\" data-element_type=\"section\">\n\t\t\t\t\t\t<div class=\"elementor-container elementor-column-gap-default\">\n\t\t\t\t\t<div class=\"elementor-column elementor-col-100 elementor-top-column elementor-element elementor-element-7cdf6f4\" data-id=\"7cdf6f4\" data-element_type=\"column\">\n\t\t\t<div class=\"elementor-widget-wrap elementor-element-populated\">\n\t\t\t\t\t\t<div class=\"elementor-element elementor-element-fbfc9ea elementor-widget elementor-widget-text-editor\" data-id=\"fbfc9ea\" data-element_type=\"widget\" data-widget_type=\"text-editor.default\">\n\t\t\t\t<div class=\"elementor-widget-container\">\n\t\t\t\t\t\t\t\t\t<p>&nbsp; &nbsp; Bilgisayar Programc\u0131l\u0131\u011f\u0131 B\u00f6l\u00fcm\u00fcn`den mezun olan \u00f6\u011frencilerimiz; \u00c7e\u015fitli sekt\u00f6rlerde, Bilgisayar programc\u0131s\u0131, sistem destek eleman\u0131, Bilgisayar e\u011fitmeni, Yaz\u0131l\u0131m uzman\u0131, Uygulama programc\u0131s\u0131, A\u011f sorumlusu, Analist programc\u0131, Teknik dan\u0131\u015fman, Web tasar\u0131mc\u0131s\u0131, \u0130nternet programc\u0131s\u0131, Yaz\u0131l\u0131m koordinat\u00f6r\u00fc ve Proje m\u00fcd\u00fcr\u00fc olarak i\u015f imkan\u0131 bulabilmektedirler.<\/p>\t\t\t\t\t\t\t\t<\/div>\n\t\t\t\t<\/div>\n\t\t\t\t\t<\/div>\n\t\t<\/div>\n\t\t\t\t\t<\/div>\n\t\t<\/section>\n\t\t\t\t<\/div>\n\t\t","protected":false},"excerpt":{"rendered":"<p>&nbsp; &nbsp; Bilgisayar Programc\u0131l\u0131\u011f\u0131 B\u00f6l\u00fcm\u00fcn`den mezun olan \u00f6\u011frencilerimiz; \u00c7e\u015fitli sekt\u00f6rlerde, Bilgisayar programc\u0131s\u0131, sistem destek eleman\u0131, Bilgisayar e\u011fitmeni, Yaz\u0131l\u0131m uzman\u0131, Uygulama programc\u0131s\u0131, A\u011f sorumlusu, Analist programc\u0131, Teknik dan\u0131\u015fman, Web tasar\u0131mc\u0131s\u0131, \u0130nternet programc\u0131s\u0131, Yaz\u0131l\u0131m koordinat\u00f6r\u00fc ve Proje m\u00fcd\u00fcr\u00fc olarak i\u015f imkan\u0131 bulabilmektedirler.<\/p>\n","protected":false},"author":379,"featured_media":0,"parent":0,"menu_order":0,"comment_status":"closed","ping_status":"closed","template":"","meta":{"footnotes":""},"class_list":["post-6197","page","type-page","status-publish","hentry"],"_links":{"self":[{"href":"https:\/\/atauni.edu.tr\/bilgisayar-teknolojileri-bolumu-2\/wp-json\/wp\/v2\/pages\/6197","targetHints":{"allow":["GET"]}}],"collection":[{"href":"https:\/\/atauni.edu.tr\/bilgisayar-teknolojileri-bolumu-2\/wp-json\/wp\/v2\/pages"}],"about":[{"href":"https:\/\/atauni.edu.tr\/bilgisayar-teknolojileri-bolumu-2\/wp-json\/wp\/v2\/types\/page"}],"author":[{"embeddable":true,"href":"https:\/\/atauni.edu.tr\/bilgisayar-teknolojileri-bolumu-2\/wp-json\/wp\/v2\/users\/379"}],"replies":[{"embeddable":true,"href":"https:\/\/atauni.edu.tr\/bilgisayar-teknolojileri-bolumu-2\/wp-json\/wp\/v2\/comments?post=6197"}],"version-history":[{"count":5,"href":"https:\/\/atauni.edu.tr\/bilgisayar-teknolojileri-bolumu-2\/wp-json\/wp\/v2\/pages\/6197\/revisions"}],"predecessor-version":[{"id":6202,"href":"https:\/\/atauni.edu.tr\/bilgisayar-teknolojileri-bolumu-2\/wp-json\/wp\/v2\/pages\/6197\/revisions\/6202"}],"wp:attachment":[{"href":"https:\/\/atauni.edu.tr\/bilgisayar-teknolojileri-bolumu-2\/wp-json\/wp\/v2\/media?parent=6197"}],"curies":[{"name":"wp","href":"https:\/\/api.w.org\/{rel}","templated":true}]}}