{"id":5638,"date":"2021-07-13T09:49:25","date_gmt":"2021-07-13T06:49:25","guid":{"rendered":"https:\/\/portaltest.atauni.edu.tr\/bilgisayar-muhendisligi\/?page_id=5638"},"modified":"2022-06-29T12:47:47","modified_gmt":"2022-06-29T09:47:47","slug":"tarihce","status":"publish","type":"page","link":"https:\/\/atauni.edu.tr\/bilgisayar-ve-ogretim-teknolojileri-egitimi-bolumu\/tarihce\/","title":{"rendered":"Tarih\u00e7e"},"content":{"rendered":"\t\t<div data-elementor-type=\"wp-page\" data-elementor-id=\"5638\" class=\"elementor elementor-5638\" data-elementor-post-type=\"page\">\n\t\t\t\t\t\t<section class=\"elementor-section elementor-top-section elementor-element elementor-element-730d320 elementor-section-boxed elementor-section-height-default elementor-section-height-default\" data-id=\"730d320\" data-element_type=\"section\">\n\t\t\t\t\t\t<div class=\"elementor-container elementor-column-gap-default\">\n\t\t\t\t\t<div class=\"elementor-column elementor-col-100 elementor-top-column elementor-element elementor-element-753d0860\" data-id=\"753d0860\" data-element_type=\"column\">\n\t\t\t<div class=\"elementor-widget-wrap\">\n\t\t\t\t\t\t\t<\/div>\n\t\t<\/div>\n\t\t\t\t\t<\/div>\n\t\t<\/section>\n\t\t\t\t<section class=\"elementor-section elementor-top-section elementor-element elementor-element-9be811a elementor-section-boxed elementor-section-height-default elementor-section-height-default\" data-id=\"9be811a\" data-element_type=\"section\">\n\t\t\t\t\t\t<div class=\"elementor-container elementor-column-gap-default\">\n\t\t\t\t\t<div class=\"elementor-column elementor-col-100 elementor-top-column elementor-element elementor-element-1ed847b7\" data-id=\"1ed847b7\" data-element_type=\"column\">\n\t\t\t<div class=\"elementor-widget-wrap elementor-element-populated\">\n\t\t\t\t\t\t<div class=\"elementor-element elementor-element-4ce0d07f elementor-widget elementor-widget-heading\" data-id=\"4ce0d07f\" data-element_type=\"widget\" data-widget_type=\"heading.default\">\n\t\t\t\t<div class=\"elementor-widget-container\">\n\t\t\t\t\t<h2 class=\"elementor-heading-title elementor-size-default\">Tarih\u00e7e<\/h2>\t\t\t\t<\/div>\n\t\t\t\t<\/div>\n\t\t\t\t<div class=\"elementor-element elementor-element-63260862 elementor-widget-divider--view-line elementor-widget elementor-widget-divider\" data-id=\"63260862\" data-element_type=\"widget\" data-widget_type=\"divider.default\">\n\t\t\t\t<div class=\"elementor-widget-container\">\n\t\t\t\t\t\t\t<div class=\"elementor-divider\">\n\t\t\t<span class=\"elementor-divider-separator\">\n\t\t\t\t\t\t<\/span>\n\t\t<\/div>\n\t\t\t\t\t\t<\/div>\n\t\t\t\t<\/div>\n\t\t\t\t\t<\/div>\n\t\t<\/div>\n\t\t\t\t\t<\/div>\n\t\t<\/section>\n\t\t\t\t<section class=\"elementor-section elementor-top-section elementor-element elementor-element-681db8b elementor-section-boxed elementor-section-height-default elementor-section-height-default\" data-id=\"681db8b\" data-element_type=\"section\">\n\t\t\t\t\t\t<div class=\"elementor-container elementor-column-gap-default\">\n\t\t\t\t\t<div class=\"elementor-column elementor-col-100 elementor-top-column elementor-element elementor-element-ad4dac5\" data-id=\"ad4dac5\" data-element_type=\"column\">\n\t\t\t<div class=\"elementor-widget-wrap elementor-element-populated\">\n\t\t\t\t\t\t<div class=\"elementor-element elementor-element-2f96b3d elementor-drop-cap-yes elementor-drop-cap-view-default elementor-widget elementor-widget-text-editor\" data-id=\"2f96b3d\" data-element_type=\"widget\" data-settings=\"{&quot;drop_cap&quot;:&quot;yes&quot;}\" data-widget_type=\"text-editor.default\">\n\t\t\t\t<div class=\"elementor-widget-container\">\n\t\t\t\t\t\t\t\t\t<p>Program 1999 y\u0131l\u0131nda kurulmu\u015f, ilerleyen birka\u00e7 y\u0131l i\u00e7inde b\u00f6l\u00fcm kadrosu geni\u015fleme yolunda ilerlemi\u015ftir. B\u00f6l\u00fcm\u00fcn \u00f6ncelikle hedefi dijital \u00e7a\u011f denilen 21. Yy da dijitalle\u015fmenin ya\u015fam\u0131n her alan\u0131na yay\u0131lmas\u0131yla, b\u00f6l\u00fcm \u00f6\u011frencilerimizi bilgisayar okuryazarl\u0131\u011f\u0131, medya okuryazar\u0131, ileti\u015fim okuryazar\u0131, g\u00f6rsel okuryazar\u0131 ve teknoloji okuryazar\u0131 olarak yeti\u015ftirmektir. B\u00f6l\u00fcm\u00fcm\u00fcz ayn\u0131 ad\u0131 ta\u015f\u0131yan tek anabilim dal\u0131ndan olu\u015fmaktad\u0131r. B\u00f6l\u00fcm\u00fcm\u00fczde y\u00fcksek lisans ve doktora d\u00fczeylerinde ders ve programlar y\u00fcr\u00fct\u00fclmektedir. Bilgisayar ve \u00d6\u011fretim Teknolojileri E\u011fitimi B\u00f6l\u00fcm\u00fc, ilk\u00f6\u011fretim ve orta\u00f6\u011fretim kademesi i\u00e7in Bilgisayar ve \u00d6\u011fretim Teknolojileri \u00d6\u011fretmenleri yeti\u015ftirmeyi ama\u00e7lamaktad\u0131r. Mezunlar\u0131m\u0131z \u00f6\u011fretmenli\u011fin yan\u0131 s\u0131ra \u00d6\u011fretim Teknolojileri \u00d6l\u00e7me ve De\u011ferlendirme Uzman\u0131, Yaz\u0131l\u0131m-Tasar\u0131m Geli\u015ftirme Uzman\u0131, E\u011fitim ve \u00d6\u011fretim Teknolo\u011fu, Bilgisayar Sistemleri ve Web Tasar\u0131mc\u0131s\u0131, Multimedya ve Grafik Tasar\u0131mc\u0131s\u0131, Bilgisayar Programc\u0131s\u0131, Test ve De\u011ferlendirme Uzman\u0131, Proje Y\u00f6neticisi, A\u011f Y\u00f6neticisi, Sistem Tasar\u0131mc\u0131s\u0131, Multimedya Tasar\u0131mc\u0131s\u0131, bili\u015fim sekt\u00f6r\u00fcnde \u00f6\u011fretim tasar\u0131mc\u0131s\u0131, programc\u0131, proje y\u00f6neticisi, uzaktan e\u011fitim uzman\u0131 ve akademik personel gibi \u00e7e\u015fitli pozisyonlarda istihdam edilebilmektedir.<\/p><p><strong>B\u00f6l\u00fcm\u00fcn \u015fu anki kadrosunda 2 Profes\u00f6r, 3 Do\u00e7ent, 4 Doktor \u00d6\u011fretim \u00dcyesi, 1 \u00d6\u011fretim G\u00f6revlisi ve 2 Ara\u015ft\u0131rma G\u00f6revlisi bulunmaktad\u0131r.<\/strong><\/p>\t\t\t\t\t\t\t\t<\/div>\n\t\t\t\t<\/div>\n\t\t\t\t\t<\/div>\n\t\t<\/div>\n\t\t\t\t\t<\/div>\n\t\t<\/section>\n\t\t\t\t<\/div>\n\t\t","protected":false},"excerpt":{"rendered":"<p>Tarih\u00e7e Program 1999 y\u0131l\u0131nda kurulmu\u015f, ilerleyen birka\u00e7 y\u0131l i\u00e7inde b\u00f6l\u00fcm kadrosu geni\u015fleme yolunda ilerlemi\u015ftir. B\u00f6l\u00fcm\u00fcn \u00f6ncelikle hedefi dijital \u00e7a\u011f denilen 21. Yy da dijitalle\u015fmenin ya\u015fam\u0131n her alan\u0131na yay\u0131lmas\u0131yla, b\u00f6l\u00fcm \u00f6\u011frencilerimizi bilgisayar okuryazarl\u0131\u011f\u0131, medya okuryazar\u0131, ileti\u015fim okuryazar\u0131, g\u00f6rsel okuryazar\u0131 ve teknoloji okuryazar\u0131 olarak yeti\u015ftirmektir. B\u00f6l\u00fcm\u00fcm\u00fcz ayn\u0131 ad\u0131 ta\u015f\u0131yan tek anabilim dal\u0131ndan olu\u015fmaktad\u0131r. B\u00f6l\u00fcm\u00fcm\u00fczde y\u00fcksek lisans ve [&hellip;]<\/p>\n","protected":false},"author":1,"featured_media":0,"parent":0,"menu_order":0,"comment_status":"closed","ping_status":"closed","template":"","meta":{"footnotes":""},"class_list":["post-5638","page","type-page","status-publish","hentry"],"_links":{"self":[{"href":"https:\/\/atauni.edu.tr\/bilgisayar-ve-ogretim-teknolojileri-egitimi-bolumu\/wp-json\/wp\/v2\/pages\/5638","targetHints":{"allow":["GET"]}}],"collection":[{"href":"https:\/\/atauni.edu.tr\/bilgisayar-ve-ogretim-teknolojileri-egitimi-bolumu\/wp-json\/wp\/v2\/pages"}],"about":[{"href":"https:\/\/atauni.edu.tr\/bilgisayar-ve-ogretim-teknolojileri-egitimi-bolumu\/wp-json\/wp\/v2\/types\/page"}],"author":[{"embeddable":true,"href":"https:\/\/atauni.edu.tr\/bilgisayar-ve-ogretim-teknolojileri-egitimi-bolumu\/wp-json\/wp\/v2\/users\/1"}],"replies":[{"embeddable":true,"href":"https:\/\/atauni.edu.tr\/bilgisayar-ve-ogretim-teknolojileri-egitimi-bolumu\/wp-json\/wp\/v2\/comments?post=5638"}],"version-history":[{"count":37,"href":"https:\/\/atauni.edu.tr\/bilgisayar-ve-ogretim-teknolojileri-egitimi-bolumu\/wp-json\/wp\/v2\/pages\/5638\/revisions"}],"predecessor-version":[{"id":6368,"href":"https:\/\/atauni.edu.tr\/bilgisayar-ve-ogretim-teknolojileri-egitimi-bolumu\/wp-json\/wp\/v2\/pages\/5638\/revisions\/6368"}],"wp:attachment":[{"href":"https:\/\/atauni.edu.tr\/bilgisayar-ve-ogretim-teknolojileri-egitimi-bolumu\/wp-json\/wp\/v2\/media?parent=5638"}],"curies":[{"name":"wp","href":"https:\/\/api.w.org\/{rel}","templated":true}]}}