{"id":6545,"date":"2022-08-29T22:02:26","date_gmt":"2022-08-29T19:02:26","guid":{"rendered":"https:\/\/birimler.atauni.edu.tr\/bilgisayar-ve-ogretim-teknolojileri-egitimi-bolumu\/?page_id=6545"},"modified":"2023-09-25T15:55:23","modified_gmt":"2023-09-25T12:55:23","slug":"bilgisayar-ve-ogretim-teknolojileri-egitimi-yuksek-lisans","status":"publish","type":"page","link":"https:\/\/atauni.edu.tr\/bilgisayar-ve-ogretim-teknolojileri-egitimi-bolumu\/bilgisayar-ve-ogretim-teknolojileri-egitimi-yuksek-lisans\/","title":{"rendered":"Bilgisayar ve \u00d6\u011fretim Teknolojileri E\u011fitimi Y\u00fcksek Lisans"},"content":{"rendered":"\t\t<div data-elementor-type=\"wp-page\" data-elementor-id=\"6545\" class=\"elementor elementor-6545\" data-elementor-post-type=\"page\">\n\t\t\t\t\t\t<section class=\"elementor-section elementor-top-section elementor-element elementor-element-ac7487f elementor-section-boxed elementor-section-height-default elementor-section-height-default\" data-id=\"ac7487f\" data-element_type=\"section\">\n\t\t\t\t\t\t<div class=\"elementor-container elementor-column-gap-default\">\n\t\t\t\t\t<div class=\"elementor-column elementor-col-100 elementor-top-column elementor-element elementor-element-4fc3efc\" data-id=\"4fc3efc\" data-element_type=\"column\">\n\t\t\t<div class=\"elementor-widget-wrap elementor-element-populated\">\n\t\t\t\t\t\t<div class=\"elementor-element elementor-element-ea3df41 elementor-tabs-view-horizontal elementor-widget elementor-widget-tabs\" data-id=\"ea3df41\" data-element_type=\"widget\" data-widget_type=\"tabs.default\">\n\t\t\t\t<div class=\"elementor-widget-container\">\n\t\t\t\t\t\t\t<div class=\"elementor-tabs\">\n\t\t\t<div class=\"elementor-tabs-wrapper\" role=\"tablist\" >\n\t\t\t\t\t\t\t\t\t<div id=\"elementor-tab-title-2451\" class=\"elementor-tab-title elementor-tab-desktop-title\" aria-selected=\"true\" data-tab=\"1\" role=\"tab\" tabindex=\"0\" aria-controls=\"elementor-tab-content-2451\" aria-expanded=\"false\">Hakk\u0131nda<\/div>\n\t\t\t\t\t\t\t\t\t<div id=\"elementor-tab-title-2452\" class=\"elementor-tab-title elementor-tab-desktop-title\" aria-selected=\"false\" data-tab=\"2\" role=\"tab\" tabindex=\"-1\" aria-controls=\"elementor-tab-content-2452\" aria-expanded=\"false\">Lisans\u00fcst\u00fc S\u00fcre\u00e7lerle \u0130lgili Temel Bilgi Rehberi<\/div>\n\t\t\t\t\t\t\t\t\t<div id=\"elementor-tab-title-2453\" class=\"elementor-tab-title elementor-tab-desktop-title\" aria-selected=\"false\" data-tab=\"3\" role=\"tab\" tabindex=\"-1\" aria-controls=\"elementor-tab-content-2453\" aria-expanded=\"false\">Ders Program\u0131<\/div>\n\t\t\t\t\t\t\t\t\t<div id=\"elementor-tab-title-2454\" class=\"elementor-tab-title elementor-tab-desktop-title\" aria-selected=\"false\" data-tab=\"4\" role=\"tab\" tabindex=\"-1\" aria-controls=\"elementor-tab-content-2454\" aria-expanded=\"false\">B\u00f6l\u00fcm \u00c7ekirdek Dersleri<\/div>\n\t\t\t\t\t\t\t\t\t<div id=\"elementor-tab-title-2455\" class=\"elementor-tab-title elementor-tab-desktop-title\" aria-selected=\"false\" data-tab=\"5\" role=\"tab\" tabindex=\"-1\" aria-controls=\"elementor-tab-content-2455\" aria-expanded=\"false\">Genel K\u0131lavuz ve Lisans\u00fcst\u00fc Mevzuat<\/div>\n\t\t\t\t\t\t\t\t\t<div id=\"elementor-tab-title-2456\" class=\"elementor-tab-title elementor-tab-desktop-title\" aria-selected=\"false\" data-tab=\"6\" role=\"tab\" tabindex=\"-1\" aria-controls=\"elementor-tab-content-2456\" aria-expanded=\"false\">S\u0131k\u00e7a Sorulan Sorular (SSS)<\/div>\n\t\t\t\t\t\t\t<\/div>\n\t\t\t<div class=\"elementor-tabs-content-wrapper\" role=\"tablist\" aria-orientation=\"vertical\">\n\t\t\t\t\t\t\t\t\t<div class=\"elementor-tab-title elementor-tab-mobile-title\" aria-selected=\"true\" data-tab=\"1\" role=\"tab\" tabindex=\"0\" aria-controls=\"elementor-tab-content-2451\" aria-expanded=\"false\">Hakk\u0131nda<\/div>\n\t\t\t\t\t<div id=\"elementor-tab-content-2451\" class=\"elementor-tab-content elementor-clearfix\" data-tab=\"1\" role=\"tabpanel\" aria-labelledby=\"elementor-tab-title-2451\" tabindex=\"0\" hidden=\"false\"><p dir=\"ltr\" style=\"line-height:1.7999999999999998;text-align: justify;margin-top:0pt;margin-bottom:10pt\"><span style=\"text-align: left;background-color: transparent;letter-spacing: 0px;font-size: 11pt;font-family: Arial;vertical-align: baseline\">Bilgisayar ve \u00d6\u011fretim Teknolojileri E\u011fitimi B\u00f6l\u00fcm\u00fc\u2019n\u00fcn temel misyonu bilim ve teknolojinin \u00f6\u011frenme-\u00f6\u011fretme s\u00fcre\u00e7lerinde etkin, etkili ve verimli bir \u015fekilde kullan\u0131lmas\u0131na destek olacak nitelikli ilkokul ve ortaokul \u00f6\u011fretmenleri, akademisyenler, ara\u015ft\u0131rmac\u0131lar, e\u011fitim teknologlar\u0131, bili\u015fim teknolojileri uzman\u0131 vb. yeti\u015ftirmektedir. G\u00fcncel ve yenilik\u00e7i bilgi ve ileti\u015fim teknolojilerine h\u00e2kim ve teknolojilerin e\u011fitime etkili entegrasyonunu ger\u00e7ekle\u015ftirebilen lider bireyler yeti\u015ftirmektir. Bu misyon do\u011frultusunda <\/span><span style=\"text-align: left;background-color: transparent;letter-spacing: 0px;font-size: 11pt;font-family: Arial;font-weight: 700;vertical-align: baseline\">Bilgisayar ve \u00d6\u011fretim Teknolojileri E\u011fitimi Y\u00fcksek Lisans Program\u0131<\/span><span style=\"text-align: left;background-color: transparent;letter-spacing: 0px;font-size: 11pt;font-family: Arial;vertical-align: baseline\">n\u0131n amac\u0131; disiplinler aras\u0131 bir anlay\u0131\u015f ile bilgisayar ve \u00f6\u011fretim teknolojileri e\u011fitimi alan\u0131nda bilimsel ara\u015ft\u0131rmalar yapan, yeni anlay\u0131\u015flar ve teknolojiler i\u00e7in derinlemesine \u00e7al\u0131\u015fan ve bilimsel bak\u0131\u015fla problemlere \u00e7\u00f6z\u00fcmler \u00fcreten, uluslararas\u0131 d\u00fczeyde yetkinli\u011fe sahip \u00f6\u011frenciler, ara\u015ft\u0131rmac\u0131lar ve \u00f6\u011fretim \u00fcyeleri yeti\u015ftirmektir. Y\u00fcksek lisans program\u0131 \u00f6\u011frencilerine bilgisayar ve \u00f6\u011fretim teknolojileri e\u011fitimi alan\u0131nda bilimsel y\u00f6ntemleri kullanma, bu y\u00f6ntemleri g\u00fcnl\u00fck hayat uygulamalar\u0131na aktaran \u00f6\u011frenme ya\u015fant\u0131lar\u0131n\u0131 sunmay\u0131 ama\u00e7lamaktad\u0131r. Bu program\u0131 ba\u015far\u0131yla tamamlayan \u00f6\u011frenciler, ilgili alanda Y\u00fcksek Lisans Derecesi almaya hak kazanmaktad\u0131rlar. Bu programdan mezun olan \u00f6\u011frenciler doktora programlar\u0131nda \u00f6\u011frenim g\u00f6rmek \u00fczere ba\u015fvuruda bulunabilirler.<\/span><br><\/p><\/div>\n\t\t\t\t\t\t\t\t\t<div class=\"elementor-tab-title elementor-tab-mobile-title\" aria-selected=\"false\" data-tab=\"2\" role=\"tab\" tabindex=\"-1\" aria-controls=\"elementor-tab-content-2452\" aria-expanded=\"false\">Lisans\u00fcst\u00fc S\u00fcre\u00e7lerle \u0130lgili Temel Bilgi Rehberi<\/div>\n\t\t\t\t\t<div id=\"elementor-tab-content-2452\" class=\"elementor-tab-content elementor-clearfix\" data-tab=\"2\" role=\"tabpanel\" aria-labelledby=\"elementor-tab-title-2452\" tabindex=\"0\" hidden=\"hidden\"><p>Lisans\u00fcst\u00fc S\u00fcre\u00e7lerle \u0130lgili Temel Bilgi Rehberine <a href=\"https:\/\/atauni.edu.tr\/lisansustu-sureclerle-ilgili-temel-bilgi-rehberi\">buradan<\/a> ula\u015fabilirsiniz.<\/p><\/div>\n\t\t\t\t\t\t\t\t\t<div class=\"elementor-tab-title elementor-tab-mobile-title\" aria-selected=\"false\" data-tab=\"3\" role=\"tab\" tabindex=\"-1\" aria-controls=\"elementor-tab-content-2453\" aria-expanded=\"false\">Ders Program\u0131<\/div>\n\t\t\t\t\t<div id=\"elementor-tab-content-2453\" class=\"elementor-tab-content elementor-clearfix\" data-tab=\"3\" role=\"tabpanel\" aria-labelledby=\"elementor-tab-title-2453\" tabindex=\"0\" hidden=\"hidden\"><p>D\u00f6nemlerde A\u00e7\u0131lan Lisans\u00fcst\u00fc Ders Programlar\u0131<\/p><p>2023-2024 G\u00fcz D\u00f6nemi Ders Program\u0131na <a href=\"https:\/\/ogratauniedu-my.sharepoint.com\/:w:\/g\/personal\/yeter_unlu13_ogr_atauni_edu_tr\/EUyVtfLfwI9LoCKZMa_q_H0BwC_ro2euf3KFKgxrjfZKUw\" target=\"_blank\" rel=\"noopener\">buradan<\/a> ula\u015fabilirsiniz.<\/p><p>2022-2023 Bahar D\u00f6nemi Ders Program\u0131na <a href=\"http:\/\/birimler.atauni.edu.tr\/bilgisayar-ve-ogretim-teknolojileri-egitimi-bolumu\/wp-content\/uploads\/sites\/87\/2020\/07\/2022-2023-BAHAR-YARIYILI-ACILAN-DERSLER.pdf\" target=\"_blank\" rel=\"noopener\">buradan<\/a> ula\u015fabilirsiniz.<\/p><p>2022-2023 G\u00fcz D\u00f6nemi Ders Program\u0131na \u00a0<a href=\"http:\/\/birimler.atauni.edu.tr\/bilgisayar-ve-ogretim-teknolojileri-egitimi-bolumu\/wp-content\/uploads\/sites\/87\/2020\/07\/2022-2023-GUZ-YARIYILI-ACILAN-DERSLER.pdf\" target=\"_blank\" rel=\"noopener\">buradan<\/a> ula\u015fabilirsiniz.<\/p><p>2021-2022 Bahar D\u00f6nemi Ders Program\u0131na <a href=\"http:\/\/birimler.atauni.edu.tr\/bilgisayar-ve-ogretim-teknolojileri-egitimi-bolumu\/wp-content\/uploads\/sites\/87\/2020\/07\/2021-2022-BAHAR-YARIYILI-ACILAN-DERSLER.pdf\" target=\"_blank\" rel=\"noopener\">buradan<\/a> ula\u015fabilirsiniz.<\/p><p>2021-2022 G\u00fcz D\u00f6nemi Ders Program\u0131na \u00a0<a href=\"http:\/\/birimler.atauni.edu.tr\/bilgisayar-ve-ogretim-teknolojileri-egitimi-bolumu\/wp-content\/uploads\/sites\/87\/2020\/07\/2021-2022-GUZ-YARIYILI-ACILAN-DERSLER.pdf\" target=\"_blank\" rel=\"noopener\">buradan<\/a> ula\u015fabilirsiniz.<\/p><p>2020-2021 Bahar D\u00f6nemi Ders Program\u0131na \u00a0<a href=\"http:\/\/birimler.atauni.edu.tr\/bilgisayar-ve-ogretim-teknolojileri-egitimi-bolumu\/wp-content\/uploads\/sites\/87\/2020\/07\/2020-20221-BAHAR-YARIYILI-ACILAN-DERSLER.pdf\" target=\"_blank\" rel=\"noopener\">buradan<\/a> ula\u015fabilirsiniz.<\/p><p>2020-2021 G\u00fcz D\u00f6nemi Ders Program\u0131na <a href=\"http:\/\/birimler.atauni.edu.tr\/bilgisayar-ve-ogretim-teknolojileri-egitimi-bolumu\/wp-content\/uploads\/sites\/87\/2020\/07\/2020-2021-GUZ-YARIYILI-ACILAN-DERSLER.pdf\" target=\"_blank\" rel=\"noopener\">buradan<\/a> ula\u015fabilirsiniz.<\/p><p>2019-2020 Bahar D\u00f6nemi Ders Program\u0131na <a href=\"http:\/\/birimler.atauni.edu.tr\/bilgisayar-ve-ogretim-teknolojileri-egitimi-bolumu\/wp-content\/uploads\/sites\/87\/2020\/07\/2019-2020-BAHAR-YARIYILI-ACILAN-DERSLER.pdf\" target=\"_blank\" rel=\"noopener\">buradan<\/a> ula\u015fabilirsiniz.<\/p><p>2019-2020 G\u00fcz D\u00f6nemi Ders Program\u0131na <a href=\"http:\/\/birimler.atauni.edu.tr\/bilgisayar-ve-ogretim-teknolojileri-egitimi-bolumu\/wp-content\/uploads\/sites\/87\/2020\/07\/2019-2020-GUZ-YARIYILI-ACILAN-DERSLER.pdf\" target=\"_blank\" rel=\"noopener\">buradan<\/a> ula\u015fabilirsiniz.<\/p><p>2018-2019 Bahar D\u00f6nemi Ders Program\u0131na <a href=\"http:\/\/birimler.atauni.edu.tr\/bilgisayar-ve-ogretim-teknolojileri-egitimi-bolumu\/wp-content\/uploads\/sites\/87\/2020\/07\/2018-2019-BAHAR-YARIYILI-ACILAN-DERSLER.pdf\" target=\"_blank\" rel=\"noopener\">buradan<\/a> ula\u015fabilirsiniz.<\/p><p>2018-2019 G\u00fcz D\u00f6nemi Ders Program\u0131na \u00a0<a href=\"http:\/\/birimler.atauni.edu.tr\/bilgisayar-ve-ogretim-teknolojileri-egitimi-bolumu\/wp-content\/uploads\/sites\/87\/2020\/07\/2018-2019-GUZ-YARIYILI-ACILAN-DERSLER.pdf\" target=\"_blank\" rel=\"noopener\">buradan<\/a> ula\u015fabilirsiniz.<\/p><p>2017-2018 Bahar D\u00f6nemi Ders Program\u0131na \u00a0<a href=\"http:\/\/birimler.atauni.edu.tr\/bilgisayar-ve-ogretim-teknolojileri-egitimi-bolumu\/wp-content\/uploads\/sites\/87\/2020\/07\/2017-2018-BAHAR-YARIYILI-ACILAN-DERSLER.pdf\" target=\"_blank\" rel=\"noopener\">buradan<\/a> ula\u015fabilirsiniz.<\/p><p>2017-2018 G\u00fcz D\u00f6nemi Ders Program\u0131na <a href=\"http:\/\/birimler.atauni.edu.tr\/bilgisayar-ve-ogretim-teknolojileri-egitimi-bolumu\/wp-content\/uploads\/sites\/87\/2020\/07\/2017-2018-GUZ-YARIYILI-ACILAN-DERSLER.pdf\" target=\"_blank\" rel=\"noopener\">buradan<\/a> ula\u015fabilirsiniz.<\/p><\/div>\n\t\t\t\t\t\t\t\t\t<div class=\"elementor-tab-title elementor-tab-mobile-title\" aria-selected=\"false\" data-tab=\"4\" role=\"tab\" tabindex=\"-1\" aria-controls=\"elementor-tab-content-2454\" aria-expanded=\"false\">B\u00f6l\u00fcm \u00c7ekirdek Dersleri<\/div>\n\t\t\t\t\t<div id=\"elementor-tab-content-2454\" class=\"elementor-tab-content elementor-clearfix\" data-tab=\"4\" role=\"tabpanel\" aria-labelledby=\"elementor-tab-title-2454\" tabindex=\"0\" hidden=\"hidden\"><p>B\u00f6l\u00fcm \u00e7ekirdek derslerine <a href=\"https:\/\/atauni.edu.tr\/enstitu-tum-dersler-listesi\">buradan<\/a> ula\u015fabilirsiniz.<\/p><\/div>\n\t\t\t\t\t\t\t\t\t<div class=\"elementor-tab-title elementor-tab-mobile-title\" aria-selected=\"false\" data-tab=\"5\" role=\"tab\" tabindex=\"-1\" aria-controls=\"elementor-tab-content-2455\" aria-expanded=\"false\">Genel K\u0131lavuz ve Lisans\u00fcst\u00fc Mevzuat<\/div>\n\t\t\t\t\t<div id=\"elementor-tab-content-2455\" class=\"elementor-tab-content elementor-clearfix\" data-tab=\"5\" role=\"tabpanel\" aria-labelledby=\"elementor-tab-title-2455\" tabindex=\"0\" hidden=\"hidden\"><p>E\u011fitim bilimleri enstit\u00fcs\u00fc ders kayd\u0131 ve y\u00f6netmelik ile ilgili rehberlere <a href=\"https:\/\/atauni.edu.tr\/genel-kilavuzlar-2\">buradan<\/a> ya da <a href=\"https:\/\/atauni.edu.tr\/egitim-bilimleri-enstitusu\">enstit\u00fc ana sayfas\u0131ndan<\/a> ula\u015fabilirsiniz. Lisans\u00fcst\u00fc \u00f6\u011frenim s\u00fcrecinde dikkat edilmesi gereken \u00f6nemli hususlara <a href=\"https:\/\/atauni.edu.tr\/yuklemeler\/69f916c8579c44f8c93f443816465158.pdf\">buradan<\/a> ula\u015fabilirsiniz. \u0130leride bir sorunla kar\u015f\u0131la\u015fmamak i\u00e7in bu bilgileri dikkatle incelemeniz yarar\u0131n\u0131za olacakt\u0131r.<\/p><p>Lisans\u00fcst\u00fc e\u011fitim mevzuat\u0131na <a href=\"https:\/\/atauni.edu.tr\/mevzuat-12\">buradan <\/a>ula\u015fabilirsiniz.<\/p><\/div>\n\t\t\t\t\t\t\t\t\t<div class=\"elementor-tab-title elementor-tab-mobile-title\" aria-selected=\"false\" data-tab=\"6\" role=\"tab\" tabindex=\"-1\" aria-controls=\"elementor-tab-content-2456\" aria-expanded=\"false\">S\u0131k\u00e7a Sorulan Sorular (SSS)<\/div>\n\t\t\t\t\t<div id=\"elementor-tab-content-2456\" class=\"elementor-tab-content elementor-clearfix\" data-tab=\"6\" role=\"tabpanel\" aria-labelledby=\"elementor-tab-title-2456\" tabindex=\"0\" hidden=\"hidden\"><p><strong>1.<\/strong> <strong>E\u011fitim s\u00fcresi (Asgari ve Azami S\u00fcre) Nedir?<\/strong><\/p><p><span style=\"letter-spacing: 0px\">-Y\u00fcksek Lisans \u00f6\u011frencileri i\u00e7in azami s\u00fcre 2+1 olup, 4. yar\u0131y\u0131l sonunda program\u0131n gerektirdi\u011fi zorunlu ders kredisini sa\u011flayamayan veya seminer dersinden ba\u015far\u0131s\u0131z olan \u00f6\u011frencilerin enstit\u00fc ile ili\u015fikleri kesilir.\u00a0<\/span><\/p><p><span style=\"letter-spacing: 0px\">-Doktora \u00f6\u011frencileri i\u00e7in azami s\u00fcre tezli y\u00fcksek lisans derecesi ile kabul edilenler i\u00e7in 4+2, lisans derecesi ile kabul edilenler i\u00e7in ise 5+2 y\u0131ld\u0131r.<\/span><\/p><p><strong><span style=\"letter-spacing: 0px\">2. Lisans\u00fcst\u00fc programlarda bulunan dersler i\u00e7in ba\u015far\u0131 ortalamas\u0131 nedir?<\/span><\/strong><\/p><p><span style=\"letter-spacing: 0px\">-Y\u00fcksek Lisans derslerinde ba\u015far\u0131l\u0131 olmak i\u00e7in d\u00f6nem sonunda dersin not ortalamas\u0131n\u0131n en az 65 olmas\u0131 gerekmektedir.<\/span><\/p><p><span style=\"letter-spacing: 0px\">-Doktora derslerinde ba\u015far\u0131l\u0131 olmak i\u00e7in d\u00f6nem sonunda dersin not ortalamas\u0131n\u0131n en az 75 olmas\u0131 gerekmektedir.<\/span><\/p><div><strong><span style=\"letter-spacing: 0px\">3. Lisans\u00fcst\u00fc e\u011fitimde al\u0131nmas\u0131 gereken ders say\u0131s\u0131 ve kredi bilgisi nedir?<\/span><\/strong><\/div><div><p><span style=\"letter-spacing: 0px\">-Zorunlu ders say\u0131s\u0131 7&#8217;dir. Minimum 21 kredi-120 AKTS ile mezun olunmaktad\u0131r.<\/span><\/p><p><strong>4. <span style=\"letter-spacing: 0px\">Lisans\u00fcst\u00fc e\u011fitimde z<\/span>orunlu ders say\u0131s\u0131 nedir?<\/strong><\/p><p>-E\u011fitimde Ara\u015ft\u0131rma Y\u00f6ntemleri ve Temel \u0130statistik dersi y\u00fcksek Lisans i\u00e7in zorunludur.<\/p><p><span style=\"font-weight: 400\">-04.05.2017 tarih ve 2017-02\/03 nolu Enstit\u00fc Kurulu karar\u0131 3. bendi gere\u011fince &#8220;Doktora ders d\u00f6nemindeki \u00f6\u011frenciler i\u00e7in doktora programlar\u0131na y\u00f6nelik EBE koduyla a\u00e7\u0131lan derslerden en az birini almak zorunludur &#8220;. Bu zorunluluk her bir d\u00f6nem i\u00e7in ayr\u0131 ayr\u0131 de\u011fil, b\u00fct\u00fcn ders d\u00f6nemi i\u00e7in en az bir derstir.<\/span><\/p><ul><li><span style=\"font-weight: 400\">2020-2021 bahar yar\u0131y\u0131l\u0131ndan itibaren kay\u0131t yapt\u0131ran doktora \u00f6\u011frencilerinin ders d\u00f6nemi i\u00e7erisinde istedikleri herhangi bir d\u00f6nemde \u201cProje Haz\u0131rlama\u201d dersini almalar\u0131 zorunludur.<\/span><\/li><\/ul><p>\u00a0<\/p><\/div><\/div>\n\t\t\t\t\t\t\t<\/div>\n\t\t<\/div>\n\t\t\t\t\t\t<\/div>\n\t\t\t\t<\/div>\n\t\t\t\t\t<\/div>\n\t\t<\/div>\n\t\t\t\t\t<\/div>\n\t\t<\/section>\n\t\t\t\t<\/div>\n\t\t","protected":false},"excerpt":{"rendered":"<p>Hakk\u0131nda Lisans\u00fcst\u00fc S\u00fcre\u00e7lerle \u0130lgili Temel Bilgi Rehberi Ders Program\u0131 B\u00f6l\u00fcm \u00c7ekirdek Dersleri Genel K\u0131lavuz ve Lisans\u00fcst\u00fc Mevzuat S\u0131k\u00e7a Sorulan Sorular (SSS) Hakk\u0131nda Bilgisayar ve \u00d6\u011fretim Teknolojileri E\u011fitimi B\u00f6l\u00fcm\u00fc\u2019n\u00fcn temel misyonu bilim ve teknolojinin \u00f6\u011frenme-\u00f6\u011fretme s\u00fcre\u00e7lerinde etkin, etkili ve verimli bir \u015fekilde kullan\u0131lmas\u0131na destek olacak nitelikli ilkokul ve ortaokul \u00f6\u011fretmenleri, akademisyenler, ara\u015ft\u0131rmac\u0131lar, e\u011fitim teknologlar\u0131, bili\u015fim teknolojileri [&hellip;]<\/p>\n","protected":false},"author":499,"featured_media":0,"parent":0,"menu_order":0,"comment_status":"closed","ping_status":"closed","template":"","meta":{"footnotes":""},"class_list":["post-6545","page","type-page","status-publish","hentry"],"_links":{"self":[{"href":"https:\/\/atauni.edu.tr\/bilgisayar-ve-ogretim-teknolojileri-egitimi-bolumu\/wp-json\/wp\/v2\/pages\/6545","targetHints":{"allow":["GET"]}}],"collection":[{"href":"https:\/\/atauni.edu.tr\/bilgisayar-ve-ogretim-teknolojileri-egitimi-bolumu\/wp-json\/wp\/v2\/pages"}],"about":[{"href":"https:\/\/atauni.edu.tr\/bilgisayar-ve-ogretim-teknolojileri-egitimi-bolumu\/wp-json\/wp\/v2\/types\/page"}],"author":[{"embeddable":true,"href":"https:\/\/atauni.edu.tr\/bilgisayar-ve-ogretim-teknolojileri-egitimi-bolumu\/wp-json\/wp\/v2\/users\/499"}],"replies":[{"embeddable":true,"href":"https:\/\/atauni.edu.tr\/bilgisayar-ve-ogretim-teknolojileri-egitimi-bolumu\/wp-json\/wp\/v2\/comments?post=6545"}],"version-history":[{"count":162,"href":"https:\/\/atauni.edu.tr\/bilgisayar-ve-ogretim-teknolojileri-egitimi-bolumu\/wp-json\/wp\/v2\/pages\/6545\/revisions"}],"predecessor-version":[{"id":7588,"href":"https:\/\/atauni.edu.tr\/bilgisayar-ve-ogretim-teknolojileri-egitimi-bolumu\/wp-json\/wp\/v2\/pages\/6545\/revisions\/7588"}],"wp:attachment":[{"href":"https:\/\/atauni.edu.tr\/bilgisayar-ve-ogretim-teknolojileri-egitimi-bolumu\/wp-json\/wp\/v2\/media?parent=6545"}],"curies":[{"name":"wp","href":"https:\/\/api.w.org\/{rel}","templated":true}]}}