{"id":9057,"date":"2025-07-23T10:24:08","date_gmt":"2025-07-23T07:24:08","guid":{"rendered":"https:\/\/birimler.atauni.edu.tr\/bilimsel-dergiler-koordinatorlugu\/?page_id=9057"},"modified":"2025-07-23T10:25:19","modified_gmt":"2025-07-23T07:25:19","slug":"editoryal-politika","status":"publish","type":"page","link":"https:\/\/atauni.edu.tr\/bilimsel-dergiler-koordinatorlugu\/editoryal-politika\/","title":{"rendered":"Edit\u00f6ryal Politika"},"content":{"rendered":"\t\t<div data-elementor-type=\"wp-page\" data-elementor-id=\"9057\" class=\"elementor elementor-9057\" data-elementor-post-type=\"page\">\n\t\t\t\t\t\t<section class=\"elementor-section elementor-top-section elementor-element elementor-element-8a4ffa7 elementor-section-boxed elementor-section-height-default elementor-section-height-default\" data-id=\"8a4ffa7\" data-element_type=\"section\">\n\t\t\t\t\t\t<div class=\"elementor-container elementor-column-gap-default\">\n\t\t\t\t\t<div class=\"elementor-column elementor-col-100 elementor-top-column elementor-element elementor-element-69050f9\" data-id=\"69050f9\" data-element_type=\"column\">\n\t\t\t<div class=\"elementor-widget-wrap elementor-element-populated\">\n\t\t\t\t\t\t<div class=\"elementor-element elementor-element-96e3121 elementor-widget elementor-widget-text-editor\" data-id=\"96e3121\" data-element_type=\"widget\" data-widget_type=\"text-editor.default\">\n\t\t\t\t<div class=\"elementor-widget-container\">\n\t\t\t\t\t\t\t\t\t<p>Atat\u00fcrk \u00dcniversitesi Yay\u0131nevi, bilimsel dergi ve kitaplar\u0131n do\u011fru, zaman\u0131nda ve etik bir \u015fekilde yay\u0131nlanmas\u0131n\u0131 sa\u011flamak i\u00e7in a\u015fa\u011f\u0131da belirtilen temel yay\u0131n politikalar\u0131n\u0131 benimser.<\/p><p><a href=\"https:\/\/publicationethics.org\/\">Committee on Publication Ethics (COPE)<\/a>,\u00a0<a href=\"https:\/\/doaj.org\/apply\/transparency\/#principles-of-transparency-and-best-practice-in-scholarly-publishing\">Directory of Open Access Journals (DOAJ)<\/a>,\u00a0<a href=\"https:\/\/oaspa.org\/\">Open Access Scholarly Publishers Association (OASPA)<\/a>\u00a0ve\u00a0<a href=\"https:\/\/www.wame.org\/\">World Association of Medical Editors (WAME)<\/a>\u00a0taraf\u0131ndan\u00a0<a href=\"https:\/\/publicationethics.org\/resources\/guidelines-new\/principles-transparency-and-best-practice-scholarly-publishing\">https:\/\/publicationethics.org\/resources\/guidelines-new\/principles-transparency-and-best-practice-scholarly-publishing<\/a>\u00a0web sayfas\u0131nda yay\u0131nlanan Bilimsel Yay\u0131nc\u0131l\u0131kta \u015eeffafl\u0131k ve En \u0130yi Uygulama \u0130lkeleri\u00a0 yay\u0131n s\u00fcrecinin \u015fekillenmesinde takip edilmektedir.\u00a0<a href=\"https:\/\/www.icmje.org\/recommendations\/\">International Committee of Medical Journal Editors (ICJME)<\/a>\u00a0ve\u00a0<a href=\"https:\/\/www.councilscienceeditors.org\/\">Council of Science Editors\u2019\u0131n (CSE)<\/a>\u00a0\u00f6nerileri ve y\u00f6nergeleri de dikkate al\u0131nmaktad\u0131r.<\/p><p>Atat\u00fcrk \u00dcniversitesi Yay\u0131nevi, uluslararas\u0131 yay\u0131nc\u0131l\u0131k standartlar\u0131na uygun, y\u00fcksek kaliteli bilimsel dergi ve kitaplar yay\u0131nlayarak s\u00fcrekli artan bilimsel bilginin yay\u0131lmas\u0131na katk\u0131da bulunmay\u0131 ama\u00e7lamaktad\u0131r.<\/p><p>G\u00f6nderilen t\u00fcm yaz\u0131lar, yay\u0131nlanmadan \u00f6nce \u00e7ift k\u00f6r, tarafs\u0131z hakem de\u011ferlendirme s\u00fcrecinden ge\u00e7er.<\/p><p>\u0130ntihal, duplikasyon, sahte yazarl\u0131k\/inkar edilen yazarl\u0131k, ara\u015ftrma\/veri fabrikasyonu, makale dilimleme, dilimleyerek yay\u0131n, telif haklar\u0131 ihlali ve \u00e7\u0131kar \u00e7at\u0131\u015fmas\u0131n\u0131n gizlenmesi, etik d\u0131\u015f\u0131 davran\u0131\u015flar olarak kabul edilir. Etik standartlara uygun olmayan yaz\u0131lar yay\u0131nlanmaz: yay\u0131ndan sonra tespit edilen olas\u0131 kurald\u0131\u015f\u0131, uygunsuzluklar i\u00e7eren yaz\u0131lar yay\u0131ndan \u00e7\u0131kar\u0131l\u0131r.<\/p><p><strong>\u0130ntihal<\/strong><\/p><p>\u00d6n kontrolden ge\u00e7irilen yaz\u0131lar, iThenticate yaz\u0131l\u0131m\u0131 kullan\u0131larak intihal i\u00e7in taran\u0131r. \u0130ntihal\/kendi kendine intihal tespit edilirse yazarlar bilgilendirilir. Edit\u00f6rler, gerekli olmas\u0131 halinde yaz\u0131y\u0131 de\u011ferlendirme ya da \u00fcretim s\u00fcrecinin \u00e7e\u015fitli a\u015famalar\u0131nda intihal kontrol\u00fcne tabi tutabilirler. Y\u00fcksek benzerlik oranlar\u0131, bir yaz\u0131n\u0131n kabul edilmeden \u00f6nce ve hatta kabul edildikten sonra reddedilmesine neden olur.<\/p><p><strong>\u00c7ift tarafl\u0131 K\u00f6r Hakemlik\u00a0<\/strong><\/p><p>\u0130ntihal kontrol\u00fcnden sonra, uygun olan yaz\u0131lar edit\u00f6r taraf\u0131ndan orijinallik, metodoloji, i\u015flenen konunun \u00f6nemi ve kapsam ile uyumlulu\u011fu a\u00e7\u0131s\u0131ndan de\u011ferlendirilir. Edit\u00f6r, yaz\u0131lar\u0131n adil bir \u015fekilde \u00e7ift tarafl\u0131 k\u00f6r hakemlikten ge\u00e7mesini sa\u011flar; buna g\u00f6re yaz\u0131 bi\u00e7imsel esaslara uygun ise, gelen yaz\u0131y\u0131 yurti\u00e7inden ve \/veya yurtd\u0131\u015f\u0131ndan en az iki hakemin de\u011ferlendirmesine sunar, hakemler gerek g\u00f6rd\u00fc\u011f\u00fc takdirde yaz\u0131da istenen de\u011fi\u015fiklikler yazarlar taraf\u0131ndan yap\u0131ld\u0131ktan sonra yay\u0131nlanmas\u0131na onay verir.<\/p><p><strong>Yazarl\u0131k<\/strong><\/p><p>Yazar olarak adland\u0131r\u0131lan ki\u015filer,\u00a0<a href=\"https:\/\/www.icmje.org\/recommendations\/\">International Committee of Medical Journal Editors (ICJME)<\/a>\u00a0taraf\u0131ndan \u00f6nerilen a\u015fa\u011f\u0131daki kriterlerin t\u00fcm\u00fcn\u00fc kar\u015f\u0131lamal\u0131d\u0131r:<\/p><ol><li>\u00c7al\u0131\u015fman\u0131n konseptine\/tasar\u0131m\u0131na; ya da \u00e7al\u0131\u015fma i\u00e7in verilerin toplanmas\u0131na, analiz edilmesine ya da yorumlanmas\u0131na \u00f6nemli katk\u0131 sa\u011flam\u0131\u015f olmak; VE<\/li><li>Yaz\u0131 tasla\u011f\u0131n\u0131 haz\u0131rlam\u0131\u015f ya da \u00f6nemli fikirsel i\u00e7eri\u011fin ele\u015ftirel incelemesini yapm\u0131\u015f olmak; VE<\/li><li>Yaz\u0131n\u0131n yay\u0131ndan \u00f6nceki son halini g\u00f6zden ge\u00e7irmi\u015f ve onaylam\u0131\u015f olmak; VE<\/li><li>\u00c7al\u0131\u015fman\u0131n herhangi bir b\u00f6l\u00fcm\u00fcn\u00fcn do\u011frulu\u011funa ya da b\u00fct\u00fcnl\u00fc\u011f\u00fcne ili\u015fkin sorular\u0131n uygun \u015fekilde soru\u015fturuldu\u011funun ve \u00e7\u00f6z\u00fcmlendi\u011finin garantisini vermek amac\u0131yla \u00e7al\u0131\u015fman\u0131n her y\u00f6n\u00fcnden sorumlu olmay\u0131 kabul etmek.<\/li><\/ol><p>\u00d6l\u00e7\u00fctlerin t\u00fcm\u00fcn\u00fc kar\u015f\u0131lamayan ya da ba\u015fka a\u00e7\u0131lardan yard\u0131mda bulunan ki\u015filerin adlar\u0131na Te\u015fekk\u00fcr b\u00f6l\u00fcm\u00fcnde yer verilir.<\/p><p>Yazar olarak belirtilenler d\u0131\u015f\u0131nda hi\u00e7 kimse yaz\u0131ya katk\u0131da bulunmu\u015f olmamal\u0131d\u0131r; hayalet yazarl\u0131k kabul edilemez.<\/p><p>Bir yaz\u0131da veya yay\u0131nlanan bir yaz\u0131n\u0131n yazarl\u0131\u011f\u0131nda de\u011fi\u015fiklik yap\u0131lmas\u0131 gerekti\u011finde, de\u011fi\u015fiklikler COPE y\u00f6nergelerine g\u00f6re uygulan\u0131r.<\/p>\t\t\t\t\t\t\t\t<\/div>\n\t\t\t\t<\/div>\n\t\t\t\t\t<\/div>\n\t\t<\/div>\n\t\t\t\t\t<\/div>\n\t\t<\/section>\n\t\t\t\t<\/div>\n\t\t","protected":false},"excerpt":{"rendered":"<p>Atat\u00fcrk \u00dcniversitesi Yay\u0131nevi, bilimsel dergi ve kitaplar\u0131n do\u011fru, zaman\u0131nda ve etik bir \u015fekilde yay\u0131nlanmas\u0131n\u0131 sa\u011flamak i\u00e7in a\u015fa\u011f\u0131da belirtilen temel yay\u0131n politikalar\u0131n\u0131 benimser. Committee on Publication Ethics (COPE),\u00a0Directory of Open Access Journals (DOAJ),\u00a0Open Access Scholarly Publishers Association (OASPA)\u00a0ve\u00a0World Association of Medical Editors (WAME)\u00a0taraf\u0131ndan\u00a0https:\/\/publicationethics.org\/resources\/guidelines-new\/principles-transparency-and-best-practice-scholarly-publishing\u00a0web sayfas\u0131nda yay\u0131nlanan Bilimsel Yay\u0131nc\u0131l\u0131kta \u015eeffafl\u0131k ve En \u0130yi Uygulama \u0130lkeleri\u00a0 yay\u0131n s\u00fcrecinin \u015fekillenmesinde [&hellip;]<\/p>\n","protected":false},"author":672,"featured_media":0,"parent":0,"menu_order":0,"comment_status":"closed","ping_status":"closed","template":"","meta":{"footnotes":""},"class_list":["post-9057","page","type-page","status-publish","hentry"],"_links":{"self":[{"href":"https:\/\/atauni.edu.tr\/bilimsel-dergiler-koordinatorlugu\/wp-json\/wp\/v2\/pages\/9057","targetHints":{"allow":["GET"]}}],"collection":[{"href":"https:\/\/atauni.edu.tr\/bilimsel-dergiler-koordinatorlugu\/wp-json\/wp\/v2\/pages"}],"about":[{"href":"https:\/\/atauni.edu.tr\/bilimsel-dergiler-koordinatorlugu\/wp-json\/wp\/v2\/types\/page"}],"author":[{"embeddable":true,"href":"https:\/\/atauni.edu.tr\/bilimsel-dergiler-koordinatorlugu\/wp-json\/wp\/v2\/users\/672"}],"replies":[{"embeddable":true,"href":"https:\/\/atauni.edu.tr\/bilimsel-dergiler-koordinatorlugu\/wp-json\/wp\/v2\/comments?post=9057"}],"version-history":[{"count":7,"href":"https:\/\/atauni.edu.tr\/bilimsel-dergiler-koordinatorlugu\/wp-json\/wp\/v2\/pages\/9057\/revisions"}],"predecessor-version":[{"id":9065,"href":"https:\/\/atauni.edu.tr\/bilimsel-dergiler-koordinatorlugu\/wp-json\/wp\/v2\/pages\/9057\/revisions\/9065"}],"wp:attachment":[{"href":"https:\/\/atauni.edu.tr\/bilimsel-dergiler-koordinatorlugu\/wp-json\/wp\/v2\/media?parent=9057"}],"curies":[{"name":"wp","href":"https:\/\/api.w.org\/{rel}","templated":true}]}}