{"id":9140,"date":"2025-07-23T11:02:37","date_gmt":"2025-07-23T08:02:37","guid":{"rendered":"https:\/\/birimler.atauni.edu.tr\/bilimsel-dergiler-koordinatorlugu\/?page_id=9140"},"modified":"2025-07-23T11:03:36","modified_gmt":"2025-07-23T08:03:36","slug":"yonerge-ve-yonetmelikler","status":"publish","type":"page","link":"https:\/\/atauni.edu.tr\/bilimsel-dergiler-koordinatorlugu\/yonerge-ve-yonetmelikler\/","title":{"rendered":"Y\u00f6nerge ve Y\u00f6netmelikler"},"content":{"rendered":"\t\t<div data-elementor-type=\"wp-page\" data-elementor-id=\"9140\" class=\"elementor elementor-9140\" data-elementor-post-type=\"page\">\n\t\t\t\t\t\t<section class=\"elementor-section elementor-top-section elementor-element elementor-element-a77f992 elementor-section-boxed elementor-section-height-default elementor-section-height-default\" data-id=\"a77f992\" data-element_type=\"section\">\n\t\t\t\t\t\t<div class=\"elementor-container elementor-column-gap-default\">\n\t\t\t\t\t<div class=\"elementor-column elementor-col-100 elementor-top-column elementor-element elementor-element-7667fef\" data-id=\"7667fef\" data-element_type=\"column\">\n\t\t\t<div class=\"elementor-widget-wrap elementor-element-populated\">\n\t\t\t\t\t\t<div class=\"elementor-element elementor-element-e6dcf02 elementor-widget elementor-widget-text-editor\" data-id=\"e6dcf02\" data-element_type=\"widget\" data-widget_type=\"text-editor.default\">\n\t\t\t\t<div class=\"elementor-widget-container\">\n\t\t\t\t\t\t\t\t\t<p class=\"has-black-color has-text-color has-link-color has-medium-font-size wp-elements-fd4b3b62f0a84c20a9e9b378bec4b7e3\">-Atat\u00fcrk \u00dcniversitesi Bilimsel Dergiler Koordinat\u00f6rl\u00fc\u011f\u00fc Y\u00f6netmeli\u011fi<\/p><p class=\"has-black-color has-text-color has-link-color has-medium-font-size wp-elements-8da65c60dcbdabfca0f1d245d2877169\">-Atat\u00fcrk \u00dcniversitesi Bilimsel Dergiler Koordinat\u00f6rl\u00fc\u011f\u00fc Uygulama Esaslar\u0131<\/p><p class=\"has-black-color has-text-color has-link-color has-medium-font-size wp-elements-c177817ff466e931b06631ef272ad677\">-Formlar<\/p><p class=\"has-black-color has-text-color has-link-color wp-elements-5d5f231f1e3f253142b5e11d2f0ab2dd\"><a href=\"https:\/\/bilimseldergiler.atauni.edu.tr\/wp-content\/uploads\/2023\/02\/Sureli-Yayin-ISSN-Basvuru-Formu.docx\" data-type=\"link\" data-id=\"https:\/\/bilimseldergiler.atauni.edu.tr\/wp-content\/uploads\/2023\/02\/Sureli-Yayin-ISSN-Basvuru-Formu.docx\">S\u00fcreli Yay\u0131n ISSN Ba\u015fvuru Formu<\/a>\u00a0&gt;<\/p>\t\t\t\t\t\t\t\t<\/div>\n\t\t\t\t<\/div>\n\t\t\t\t\t<\/div>\n\t\t<\/div>\n\t\t\t\t\t<\/div>\n\t\t<\/section>\n\t\t\t\t<\/div>\n\t\t","protected":false},"excerpt":{"rendered":"<p>-Atat\u00fcrk \u00dcniversitesi Bilimsel Dergiler Koordinat\u00f6rl\u00fc\u011f\u00fc Y\u00f6netmeli\u011fi -Atat\u00fcrk \u00dcniversitesi Bilimsel Dergiler Koordinat\u00f6rl\u00fc\u011f\u00fc Uygulama Esaslar\u0131 -Formlar S\u00fcreli Yay\u0131n ISSN Ba\u015fvuru Formu\u00a0&gt;<\/p>\n","protected":false},"author":672,"featured_media":0,"parent":0,"menu_order":0,"comment_status":"closed","ping_status":"closed","template":"","meta":{"footnotes":""},"class_list":["post-9140","page","type-page","status-publish","hentry"],"_links":{"self":[{"href":"https:\/\/atauni.edu.tr\/bilimsel-dergiler-koordinatorlugu\/wp-json\/wp\/v2\/pages\/9140","targetHints":{"allow":["GET"]}}],"collection":[{"href":"https:\/\/atauni.edu.tr\/bilimsel-dergiler-koordinatorlugu\/wp-json\/wp\/v2\/pages"}],"about":[{"href":"https:\/\/atauni.edu.tr\/bilimsel-dergiler-koordinatorlugu\/wp-json\/wp\/v2\/types\/page"}],"author":[{"embeddable":true,"href":"https:\/\/atauni.edu.tr\/bilimsel-dergiler-koordinatorlugu\/wp-json\/wp\/v2\/users\/672"}],"replies":[{"embeddable":true,"href":"https:\/\/atauni.edu.tr\/bilimsel-dergiler-koordinatorlugu\/wp-json\/wp\/v2\/comments?post=9140"}],"version-history":[{"count":4,"href":"https:\/\/atauni.edu.tr\/bilimsel-dergiler-koordinatorlugu\/wp-json\/wp\/v2\/pages\/9140\/revisions"}],"predecessor-version":[{"id":9145,"href":"https:\/\/atauni.edu.tr\/bilimsel-dergiler-koordinatorlugu\/wp-json\/wp\/v2\/pages\/9140\/revisions\/9145"}],"wp:attachment":[{"href":"https:\/\/atauni.edu.tr\/bilimsel-dergiler-koordinatorlugu\/wp-json\/wp\/v2\/media?parent=9140"}],"curies":[{"name":"wp","href":"https:\/\/api.w.org\/{rel}","templated":true}]}}