{"id":5682,"date":"2021-07-13T10:10:01","date_gmt":"2021-07-13T07:10:01","guid":{"rendered":"https:\/\/portaltest.atauni.edu.tr\/bilgisayar-muhendisligi\/?page_id=5682"},"modified":"2023-10-30T21:42:13","modified_gmt":"2023-10-30T18:42:13","slug":"misyon-vizyon-ve-temel-degerler","status":"publish","type":"page","link":"https:\/\/atauni.edu.tr\/bitki-koruma-bolumu\/misyon-vizyon-ve-temel-degerler\/","title":{"rendered":"Misyon, Vizyon ve Temel De\u011ferler"},"content":{"rendered":"\t\t<div data-elementor-type=\"wp-page\" data-elementor-id=\"5682\" class=\"elementor elementor-5682\" data-elementor-post-type=\"page\">\n\t\t\t\t\t\t<section class=\"elementor-section elementor-top-section elementor-element elementor-element-730d320 elementor-section-boxed elementor-section-height-default elementor-section-height-default\" data-id=\"730d320\" data-element_type=\"section\">\n\t\t\t\t\t\t<div class=\"elementor-container elementor-column-gap-default\">\n\t\t\t\t\t<div class=\"elementor-column elementor-col-100 elementor-top-column elementor-element elementor-element-753d0860\" data-id=\"753d0860\" data-element_type=\"column\">\n\t\t\t<div class=\"elementor-widget-wrap\">\n\t\t\t\t\t\t\t<\/div>\n\t\t<\/div>\n\t\t\t\t\t<\/div>\n\t\t<\/section>\n\t\t\t\t<section class=\"elementor-section elementor-top-section elementor-element elementor-element-9be811a elementor-section-boxed elementor-section-height-default elementor-section-height-default\" data-id=\"9be811a\" data-element_type=\"section\">\n\t\t\t\t\t\t<div class=\"elementor-container elementor-column-gap-default\">\n\t\t\t\t\t<div class=\"elementor-column elementor-col-100 elementor-top-column elementor-element elementor-element-1ed847b7\" data-id=\"1ed847b7\" data-element_type=\"column\">\n\t\t\t<div class=\"elementor-widget-wrap elementor-element-populated\">\n\t\t\t\t\t\t<div class=\"elementor-element elementor-element-4ce0d07f elementor-widget elementor-widget-heading\" data-id=\"4ce0d07f\" data-element_type=\"widget\" data-widget_type=\"heading.default\">\n\t\t\t\t<div class=\"elementor-widget-container\">\n\t\t\t\t\t<h2 class=\"elementor-heading-title elementor-size-default\">Misyon, Vizyon ve Temel De\u011ferler<\/h2>\t\t\t\t<\/div>\n\t\t\t\t<\/div>\n\t\t\t\t<div class=\"elementor-element elementor-element-63260862 elementor-widget-divider--view-line elementor-widget elementor-widget-divider\" data-id=\"63260862\" data-element_type=\"widget\" data-widget_type=\"divider.default\">\n\t\t\t\t<div class=\"elementor-widget-container\">\n\t\t\t\t\t\t\t<div class=\"elementor-divider\">\n\t\t\t<span class=\"elementor-divider-separator\">\n\t\t\t\t\t\t<\/span>\n\t\t<\/div>\n\t\t\t\t\t\t<\/div>\n\t\t\t\t<\/div>\n\t\t\t\t\t<\/div>\n\t\t<\/div>\n\t\t\t\t\t<\/div>\n\t\t<\/section>\n\t\t\t\t<section class=\"elementor-section elementor-top-section elementor-element elementor-element-681db8b elementor-section-boxed elementor-section-height-default elementor-section-height-default\" data-id=\"681db8b\" data-element_type=\"section\">\n\t\t\t\t\t\t<div class=\"elementor-container elementor-column-gap-default\">\n\t\t\t\t\t<div class=\"elementor-column elementor-col-100 elementor-top-column elementor-element elementor-element-ad4dac5\" data-id=\"ad4dac5\" data-element_type=\"column\">\n\t\t\t<div class=\"elementor-widget-wrap elementor-element-populated\">\n\t\t\t\t\t\t<div class=\"elementor-element elementor-element-2f96b3d elementor-widget elementor-widget-text-editor\" data-id=\"2f96b3d\" data-element_type=\"widget\" data-widget_type=\"text-editor.default\">\n\t\t\t\t<div class=\"elementor-widget-container\">\n\t\t\t\t\t\t\t\t\t<h4>M\u0130SYON<\/h4>\n<p>Tarihe ad\u0131n\u0131 yazd\u0131rm\u0131\u015f ender bir \u015fahsiyetin ismini ta\u015f\u0131yan \u00fcniversitenin \u00fc\u00e7\u00fcnc\u00fc s\u0131rada kurulan fak\u00fcltesinin \u00f6nemli bir b\u00f6l\u00fcm\u00fcn ismidir Bitki Koruma B\u00f6l\u00fcm\u00fc.<\/p>\n<p>B\u00f6l\u00fcm, uluslararas\u0131 yetkinli\u011fe sahip, nitelikli ve toplumsal de\u011ferlere sayg\u0131l\u0131 \u00e7a\u011fda\u015f bitki korumac\u0131lar yeti\u015ftiren, s\u00fcrd\u00fcrd\u00fc\u011f\u00fc e\u011fitim ve ara\u015ft\u0131rmalar\u0131 daha \u00fcst seviyeye ula\u015ft\u0131racak faaliyetler i\u00e7erisinde bulunan, b\u00f6lge ve \u00fclke \u00fcreticilerinin ihtiya\u00e7lar\u0131na \u00f6ncelik vererek uluslararas\u0131 standartlarda bilgi ve teknoloji \u00fcreten ara\u015ft\u0131rmalar yapan bir birimdir.<\/p>\n<p>B\u00f6lgesel ve ulusal ihtiya\u00e7lara teorik ve pratik olarak \u00e7\u00f6z\u00fcmler \u00fcretebilen, \u00e7ok y\u00f6nl\u00fc d\u00fc\u015f\u00fcnebilen, olaylar\u0131 \u00e7\u00f6zmede entegre olabilen, bilim ve teknolojiyi kalibre ederek kullanabilen ve sahada her y\u00f6n\u00fcyle donan\u0131ml\u0131 mezunlar sunan bir olu\u015fumdur.<\/p>\n<h4>V\u0130ZYON<\/h4>\n<p>Ulusal ve uluslararas\u0131 d\u00fczeyde \u00fcretti\u011fi teknoloji ve bilimsel ara\u015ft\u0131rmalar\u0131yla \u00f6ne \u00e7\u0131kan, i\u00e7 ve d\u0131\u015f payda\u015flar\u0131yla koordineli \u00e7al\u0131\u015fan, verdi\u011fi e\u011fitim-\u00f6\u011fretim ve dan\u0131\u015fmanl\u0131k hizmetleriyle \u00f6rnek te\u015fkil etmeye devam eden ve bu konuda sayg\u0131nl\u0131\u011f\u0131 asla kaybetmeyen b\u00f6l\u00fcm, vizyonunu topluma ve ya\u015fama s\u0131n\u0131rs\u0131z katk\u0131 olarak hedeflemi\u015ftir.<\/p>\n<h4><strong>TEMEL DE\u011eERLER<\/strong><\/h4>\n<p>Bitki sa\u011fl\u0131\u011f\u0131 ana temas\u0131n\u0131 i\u00e7inde \u00e7al\u0131\u015fmalar\u0131na y\u00f6n veren Bitki Koruma B\u00f6l\u00fcm\u00fc, bu alanda b\u00fct\u00fcn eksiklikleri tamamlayacak boyut, hakimiyet ve yeterli donan\u0131m ve akademik yap\u0131ya sahip kaynaklar\u0131 b\u00fcnyesinde bar\u0131nd\u0131rmaktad\u0131r. Bitki koruma b\u00f6l\u00fcm\u00fc, kuruldu\u011fu 1977\u2019den bu yana Do\u011fu Anadolu b\u00f6lgesinde kar\u015f\u0131la\u015f\u0131lan her t\u00fcrl\u00fc hastal\u0131k zararl\u0131 ve yabanc\u0131 ot konusundaki t\u00fcm sorunlar\u0131 ivedilikle \u00e7\u00f6zmeyi temel ilke ve temel de\u011fer olarak benimsemi\u015ftir.<\/p>\n<p>Bu ilkeler do\u011frultunda, Kaliteli, rekabet\u00e7i, bilgili mezun verecek nitelikte e\u011fitim \u00f6\u011fretim s\u00fcrd\u00fcr\u00fcyor olmas\u0131, tak\u0131m bilinci ve ruhu olu\u015fturarak \u00f6zg\u00fcn ara\u015ft\u0131rmalar yapmas\u0131, kanun ve y\u00f6netmelikleri temel alarak, kurum i\u00e7inde uyum intibak ve dayan\u0131\u015fmaya \u00f6nem vermesi, bilimin evrenselli\u011fi do\u011frultusunda i\u015fbirli\u011fine ve deste\u011fe her zaman a\u00e7\u0131k olmas\u0131, b\u00f6l\u00fcm\u00fcn temel de\u011ferlerini olu\u015fturmu\u015ftur.<\/p>\t\t\t\t\t\t\t\t<\/div>\n\t\t\t\t<\/div>\n\t\t\t\t\t<\/div>\n\t\t<\/div>\n\t\t\t\t\t<\/div>\n\t\t<\/section>\n\t\t\t\t<\/div>\n\t\t","protected":false},"excerpt":{"rendered":"<p>Misyon, Vizyon ve Temel De\u011ferler M\u0130SYON Tarihe ad\u0131n\u0131 yazd\u0131rm\u0131\u015f ender bir \u015fahsiyetin ismini ta\u015f\u0131yan \u00fcniversitenin \u00fc\u00e7\u00fcnc\u00fc s\u0131rada kurulan fak\u00fcltesinin \u00f6nemli bir b\u00f6l\u00fcm\u00fcn ismidir Bitki Koruma B\u00f6l\u00fcm\u00fc. B\u00f6l\u00fcm, uluslararas\u0131 yetkinli\u011fe sahip, nitelikli ve toplumsal de\u011ferlere sayg\u0131l\u0131 \u00e7a\u011fda\u015f bitki korumac\u0131lar yeti\u015ftiren, s\u00fcrd\u00fcrd\u00fc\u011f\u00fc e\u011fitim ve ara\u015ft\u0131rmalar\u0131 daha \u00fcst seviyeye ula\u015ft\u0131racak faaliyetler i\u00e7erisinde bulunan, b\u00f6lge ve \u00fclke \u00fcreticilerinin ihtiya\u00e7lar\u0131na [&hellip;]<\/p>\n","protected":false},"author":1,"featured_media":0,"parent":0,"menu_order":0,"comment_status":"closed","ping_status":"closed","template":"elementor_header_footer","meta":{"footnotes":""},"class_list":["post-5682","page","type-page","status-publish","hentry"],"_links":{"self":[{"href":"https:\/\/atauni.edu.tr\/bitki-koruma-bolumu\/wp-json\/wp\/v2\/pages\/5682","targetHints":{"allow":["GET"]}}],"collection":[{"href":"https:\/\/atauni.edu.tr\/bitki-koruma-bolumu\/wp-json\/wp\/v2\/pages"}],"about":[{"href":"https:\/\/atauni.edu.tr\/bitki-koruma-bolumu\/wp-json\/wp\/v2\/types\/page"}],"author":[{"embeddable":true,"href":"https:\/\/atauni.edu.tr\/bitki-koruma-bolumu\/wp-json\/wp\/v2\/users\/1"}],"replies":[{"embeddable":true,"href":"https:\/\/atauni.edu.tr\/bitki-koruma-bolumu\/wp-json\/wp\/v2\/comments?post=5682"}],"version-history":[{"count":19,"href":"https:\/\/atauni.edu.tr\/bitki-koruma-bolumu\/wp-json\/wp\/v2\/pages\/5682\/revisions"}],"predecessor-version":[{"id":7351,"href":"https:\/\/atauni.edu.tr\/bitki-koruma-bolumu\/wp-json\/wp\/v2\/pages\/5682\/revisions\/7351"}],"wp:attachment":[{"href":"https:\/\/atauni.edu.tr\/bitki-koruma-bolumu\/wp-json\/wp\/v2\/media?parent=5682"}],"curies":[{"name":"wp","href":"https:\/\/api.w.org\/{rel}","templated":true}]}}