{"id":5728,"date":"2021-07-13T11:33:38","date_gmt":"2021-07-13T08:33:38","guid":{"rendered":"https:\/\/portaltest.atauni.edu.tr\/bilgisayar-muhendisligi\/?page_id=5728"},"modified":"2021-08-27T15:49:46","modified_gmt":"2021-08-27T12:49:46","slug":"bolum-tanitimi","status":"publish","type":"page","link":"https:\/\/atauni.edu.tr\/biyoteknoloji\/bolum-tanitimi\/","title":{"rendered":"B\u00f6l\u00fcm Tan\u0131t\u0131m\u0131"},"content":{"rendered":"\t\t<div data-elementor-type=\"wp-page\" data-elementor-id=\"5728\" class=\"elementor elementor-5728\" data-elementor-post-type=\"page\">\n\t\t\t\t\t\t<section class=\"elementor-section elementor-top-section elementor-element elementor-element-730d320 elementor-section-boxed elementor-section-height-default elementor-section-height-default\" data-id=\"730d320\" data-element_type=\"section\">\n\t\t\t\t\t\t<div class=\"elementor-container elementor-column-gap-default\">\n\t\t\t\t\t<div class=\"elementor-column elementor-col-100 elementor-top-column elementor-element elementor-element-753d0860\" data-id=\"753d0860\" data-element_type=\"column\">\n\t\t\t<div class=\"elementor-widget-wrap\">\n\t\t\t\t\t\t\t<\/div>\n\t\t<\/div>\n\t\t\t\t\t<\/div>\n\t\t<\/section>\n\t\t\t\t<section class=\"elementor-section elementor-top-section elementor-element elementor-element-9be811a elementor-section-boxed elementor-section-height-default elementor-section-height-default\" data-id=\"9be811a\" data-element_type=\"section\">\n\t\t\t\t\t\t<div class=\"elementor-container elementor-column-gap-default\">\n\t\t\t\t\t<div class=\"elementor-column elementor-col-100 elementor-top-column elementor-element elementor-element-1ed847b7\" data-id=\"1ed847b7\" data-element_type=\"column\">\n\t\t\t<div class=\"elementor-widget-wrap elementor-element-populated\">\n\t\t\t\t\t\t<div class=\"elementor-element elementor-element-4ce0d07f elementor-widget elementor-widget-heading\" data-id=\"4ce0d07f\" data-element_type=\"widget\" data-widget_type=\"heading.default\">\n\t\t\t\t<div class=\"elementor-widget-container\">\n\t\t\t\t\t<h2 class=\"elementor-heading-title elementor-size-default\">B\u00f6l\u00fcm Tan\u0131t\u0131m\u0131<\/h2>\t\t\t\t<\/div>\n\t\t\t\t<\/div>\n\t\t\t\t<div class=\"elementor-element elementor-element-63260862 elementor-widget-divider--view-line elementor-widget elementor-widget-divider\" data-id=\"63260862\" data-element_type=\"widget\" data-widget_type=\"divider.default\">\n\t\t\t\t<div class=\"elementor-widget-container\">\n\t\t\t\t\t\t\t<div class=\"elementor-divider\">\n\t\t\t<span class=\"elementor-divider-separator\">\n\t\t\t\t\t\t<\/span>\n\t\t<\/div>\n\t\t\t\t\t\t<\/div>\n\t\t\t\t<\/div>\n\t\t\t\t\t<\/div>\n\t\t<\/div>\n\t\t\t\t\t<\/div>\n\t\t<\/section>\n\t\t\t\t<section class=\"elementor-section elementor-top-section elementor-element elementor-element-681db8b elementor-section-boxed elementor-section-height-default elementor-section-height-default\" data-id=\"681db8b\" data-element_type=\"section\">\n\t\t\t\t\t\t<div class=\"elementor-container elementor-column-gap-default\">\n\t\t\t\t\t<div class=\"elementor-column elementor-col-100 elementor-top-column elementor-element elementor-element-ad4dac5\" data-id=\"ad4dac5\" data-element_type=\"column\">\n\t\t\t<div class=\"elementor-widget-wrap elementor-element-populated\">\n\t\t\t\t\t\t<div class=\"elementor-element elementor-element-2f96b3d elementor-widget elementor-widget-text-editor\" data-id=\"2f96b3d\" data-element_type=\"widget\" data-widget_type=\"text-editor.default\">\n\t\t\t\t<div class=\"elementor-widget-container\">\n\t\t\t\t\t\t\t\t\t<p>Atat\u00fcrk \u00dcniversitesi Biyoteknoloji b\u00f6l\u00fcm\u00fc, \u00e7a\u011f\u0131m\u0131z\u0131n h\u0131zl\u0131 geli\u015fen ve \u00f6nemli bir bilim dal\u0131 olan biyoteknolojide e\u011fitim vermeyi hedefleyen bir b\u00f6l\u00fcmd\u00fcr. Bu b\u00f6l\u00fcmde \u00f6\u011frencilere, canl\u0131 organizmalardan elde edilen bilginin end\u00fcstriyel processeslerde kullan\u0131lmas\u0131 i\u00e7in gerekli teorik ve pratik bilgileri verilir.<\/p>\n<p>Biyoteknoloji b\u00f6l\u00fcm\u00fcnde, genetik m\u00fchendisli\u011fi, biyokimya, molek\u00fcler biyoloji, h\u00fccre k\u00fclt\u00fcr\u00fc, biyoinformatik, mikrobiyoloji ve biyomedikal teknoloji gibi konularda dersler verilir. \u00d6\u011frencilere ayr\u0131ca laboratuvar \u00e7al\u0131\u015fmalar\u0131 ve projeler arac\u0131l\u0131\u011f\u0131yla uygulamal\u0131 deneyim kazand\u0131r\u0131l\u0131r.<\/p>\n<p>Biyoteknoloji mezunlar\u0131, t\u0131p, eczac\u0131l\u0131k, g\u0131da, tar\u0131m, \u00e7evre ve enerji sekt\u00f6rlerinde \u00e7al\u0131\u015fma olanaklar\u0131na sahip olurlar. Ayr\u0131ca akademik ara\u015ft\u0131rma ve geli\u015ftirme faaliyetlerinde de g\u00f6rev alabilirler.<\/p>\n<p>Atat\u00fcrk \u00dcniversitesi Biyoteknoloji b\u00f6l\u00fcm\u00fc, \u00f6\u011frencilerine biyoteknolojinin temel ilkeleri ve uygulamalar\u0131 hakk\u0131nda geni\u015f bir perspektif sunmay\u0131 ama\u00e7lar. \u00d6\u011frenciler, bu b\u00f6l\u00fcmde ald\u0131klar\u0131 e\u011fitimle birlikte, biyoteknolojideki geli\u015fmeleri takip edebilecek ve sekt\u00f6rde etkili bir \u015fekilde \u00e7al\u0131\u015fabilecekDonan\u0131ma sahip olurlar.<\/p>\t\t\t\t\t\t\t\t<\/div>\n\t\t\t\t<\/div>\n\t\t\t\t\t<\/div>\n\t\t<\/div>\n\t\t\t\t\t<\/div>\n\t\t<\/section>\n\t\t\t\t<\/div>\n\t\t","protected":false},"excerpt":{"rendered":"<p>**Biyoteknoloji B\u00f6l\u00fcm\u00fc Tan\u0131t\u0131m\u0131** Biyoteknoloji, canl\u0131 organizmalardan elde edilen \u00fcr\u00fcnlerin ve teknolojilerin geli\u015ftirilmesi ve uygulanmas\u0131 ile ilgili bir aland\u0131r. Bu alanda yap\u0131lan \u00e7al\u0131\u015fmalar, insan sa\u011fl\u0131\u011f\u0131, \u00e7evre, tar\u0131m ve end\u00fcstri gibi farkl\u0131 sekt\u00f6rlerde \u00f6nemli faydalar sa\u011flamaktad\u0131r. Biyoteknoloji b\u00f6l\u00fcm\u00fc, \u00f6\u011frencilere biyolojik sistemleri anlama, analiz etme ve kontrol etme becerileri kazand\u0131rmay\u0131 ama\u00e7lar. B\u00f6l\u00fcmde verilen e\u011fitim, molek\u00fcler biyoloji, genetik, mikrobiyoloji, [&hellip;]<\/p>\n","protected":false},"author":1,"featured_media":0,"parent":0,"menu_order":0,"comment_status":"closed","ping_status":"closed","template":"elementor_header_footer","meta":{"footnotes":""},"class_list":["post-5728","page","type-page","status-publish","hentry"],"_links":{"self":[{"href":"https:\/\/atauni.edu.tr\/biyoteknoloji\/wp-json\/wp\/v2\/pages\/5728","targetHints":{"allow":["GET"]}}],"collection":[{"href":"https:\/\/atauni.edu.tr\/biyoteknoloji\/wp-json\/wp\/v2\/pages"}],"about":[{"href":"https:\/\/atauni.edu.tr\/biyoteknoloji\/wp-json\/wp\/v2\/types\/page"}],"author":[{"embeddable":true,"href":"https:\/\/atauni.edu.tr\/biyoteknoloji\/wp-json\/wp\/v2\/users\/1"}],"replies":[{"embeddable":true,"href":"https:\/\/atauni.edu.tr\/biyoteknoloji\/wp-json\/wp\/v2\/comments?post=5728"}],"version-history":[{"count":8,"href":"https:\/\/atauni.edu.tr\/biyoteknoloji\/wp-json\/wp\/v2\/pages\/5728\/revisions"}],"predecessor-version":[{"id":6100,"href":"https:\/\/atauni.edu.tr\/biyoteknoloji\/wp-json\/wp\/v2\/pages\/5728\/revisions\/6100"}],"wp:attachment":[{"href":"https:\/\/atauni.edu.tr\/biyoteknoloji\/wp-json\/wp\/v2\/media?parent=5728"}],"curies":[{"name":"wp","href":"https:\/\/api.w.org\/{rel}","templated":true}]}}