{"id":5765,"date":"2021-07-13T12:56:51","date_gmt":"2021-07-13T09:56:51","guid":{"rendered":"https:\/\/portaltest.atauni.edu.tr\/bilgisayar-muhendisligi\/?page_id=5765"},"modified":"2021-08-27T15:48:18","modified_gmt":"2021-08-27T12:48:18","slug":"anabilim-dallari","status":"publish","type":"page","link":"https:\/\/atauni.edu.tr\/biyoteknoloji\/anabilim-dallari\/","title":{"rendered":"Anabilim Dallar\u0131"},"content":{"rendered":"\t\t<div data-elementor-type=\"wp-page\" data-elementor-id=\"5765\" class=\"elementor elementor-5765\" data-elementor-post-type=\"page\">\n\t\t\t\t\t\t<section class=\"elementor-section elementor-top-section elementor-element elementor-element-730d320 elementor-section-boxed elementor-section-height-default elementor-section-height-default\" data-id=\"730d320\" data-element_type=\"section\">\n\t\t\t\t\t\t<div class=\"elementor-container elementor-column-gap-default\">\n\t\t\t\t\t<div class=\"elementor-column elementor-col-100 elementor-top-column elementor-element elementor-element-753d0860\" data-id=\"753d0860\" data-element_type=\"column\">\n\t\t\t<div class=\"elementor-widget-wrap\">\n\t\t\t\t\t\t\t<\/div>\n\t\t<\/div>\n\t\t\t\t\t<\/div>\n\t\t<\/section>\n\t\t\t\t<section class=\"elementor-section elementor-top-section elementor-element elementor-element-9be811a elementor-section-boxed elementor-section-height-default elementor-section-height-default\" data-id=\"9be811a\" data-element_type=\"section\">\n\t\t\t\t\t\t<div class=\"elementor-container elementor-column-gap-default\">\n\t\t\t\t\t<div class=\"elementor-column elementor-col-100 elementor-top-column elementor-element elementor-element-1ed847b7\" data-id=\"1ed847b7\" data-element_type=\"column\">\n\t\t\t<div class=\"elementor-widget-wrap elementor-element-populated\">\n\t\t\t\t\t\t<div class=\"elementor-element elementor-element-4ce0d07f elementor-widget elementor-widget-heading\" data-id=\"4ce0d07f\" data-element_type=\"widget\" data-widget_type=\"heading.default\">\n\t\t\t\t<div class=\"elementor-widget-container\">\n\t\t\t\t\t<h2 class=\"elementor-heading-title elementor-size-default\">Anabilim Dallar\u0131<\/h2>\t\t\t\t<\/div>\n\t\t\t\t<\/div>\n\t\t\t\t<div class=\"elementor-element elementor-element-63260862 elementor-widget-divider--view-line elementor-widget elementor-widget-divider\" data-id=\"63260862\" data-element_type=\"widget\" data-widget_type=\"divider.default\">\n\t\t\t\t<div class=\"elementor-widget-container\">\n\t\t\t\t\t\t\t<div class=\"elementor-divider\">\n\t\t\t<span class=\"elementor-divider-separator\">\n\t\t\t\t\t\t<\/span>\n\t\t<\/div>\n\t\t\t\t\t\t<\/div>\n\t\t\t\t<\/div>\n\t\t\t\t\t<\/div>\n\t\t<\/div>\n\t\t\t\t\t<\/div>\n\t\t<\/section>\n\t\t\t\t<section class=\"elementor-section elementor-top-section elementor-element elementor-element-681db8b elementor-section-boxed elementor-section-height-default elementor-section-height-default\" data-id=\"681db8b\" data-element_type=\"section\">\n\t\t\t\t\t\t<div class=\"elementor-container elementor-column-gap-default\">\n\t\t\t\t\t<div class=\"elementor-column elementor-col-100 elementor-top-column elementor-element elementor-element-ad4dac5\" data-id=\"ad4dac5\" data-element_type=\"column\">\n\t\t\t<div class=\"elementor-widget-wrap elementor-element-populated\">\n\t\t\t\t\t\t<div class=\"elementor-element elementor-element-2f96b3d elementor-widget elementor-widget-text-editor\" data-id=\"2f96b3d\" data-element_type=\"widget\" data-widget_type=\"text-editor.default\">\n\t\t\t\t<div class=\"elementor-widget-container\">\n\t\t\t\t\t\t\t\t\t<p>Anadolu&rsquo;nun en eski \u00fcniversitelerinden biri olan Atat\u00fcrk \u00dcniversitesi, Biyoteknoloji Anabilim Dal\u0131 ile bilimsel ve teknolojik geli\u015fmelere \u00f6nemli katk\u0131lar sa\u011flamay\u0131 ama\u00e7l\u0131yor. Biyoteknolojinin farkl\u0131 alanlar\u0131na odaklanan anabilim dallar\u0131yla birlikte, \u00f6\u011frencilere geni\u015f bir yelpazede e\u011fitim imkan\u0131 sunuyor.<\/p>\n<p>Biyoteknoloji Anabilim Dallar\u0131 aras\u0131nda Molek\u00fcler Biyoloji, Genetik, Bitki Biyoteknolojisi, Hayvan Biyoteknolojisi ve Mikrobiyal Biyoteknoloji gibi \u00e7e\u015fitli dallar yer al\u0131yor. Bu anabilim dallar\u0131 alt\u0131nda y\u00fcr\u00fct\u00fclen ara\u015ft\u0131rmalar, biyoteknolojinin temel ilkelerini anla\u015f\u0131lmas\u0131na ve uygulanmas\u0131na katk\u0131da bulunuyor.<\/p>\n<p>Atat\u00fcrk \u00dcniversitesi Biyoteknoloji Anabilim Dallar\u0131, \u00f6\u011frencilere laboratuvar \u00e7al\u0131\u015fmalar\u0131, teorik dersler ve projeler arac\u0131l\u0131\u011f\u0131yla uygulamal\u0131 e\u011fitim deneyimi sunuyor. \u00d6\u011frenciler, biyoteknolojinin g\u00fcncel konular\u0131n\u0131 inceleyerek, bu alanda uzmanla\u015farak bilimsel ve end\u00fcstriyel ortamlarda \u00e7al\u0131\u015fmaya haz\u0131r hale geliyor.<\/p>\n<p>Ara\u015ft\u0131rma odakl\u0131 bir yakla\u015f\u0131m benimseyen Atat\u00fcrk \u00dcniversitesi Biyoteknoloji Anabilim Dallar\u0131, biyoteknolojinin gelece\u011fine y\u00f6n vermek i\u00e7in \u00e7aba sarf ediyor. \u00d6\u011frencilere ve ara\u015ft\u0131rmac\u0131lara sundu\u011fu imkanlar sayesinde, bilim ve teknolojinin ilerlemesine katk\u0131da bulunmay\u0131 hedefliyor.<\/p>\t\t\t\t\t\t\t\t<\/div>\n\t\t\t\t<\/div>\n\t\t\t\t\t<\/div>\n\t\t<\/div>\n\t\t\t\t\t<\/div>\n\t\t<\/section>\n\t\t\t\t<\/div>\n\t\t","protected":false},"excerpt":{"rendered":"<p>Biyoteknoloji Anabilim Dallar\u0131 Biyoteknolojinin h\u0131zla geli\u015fen ve geni\u015fleyen bir alan olmas\u0131, \u00e7e\u015fitli anabilim dallar\u0131n\u0131n olu\u015fmas\u0131na yol a\u00e7m\u0131\u015ft\u0131r. Bu anabilim dallar\u0131, biyoteknolojinin farkl\u0131 y\u00f6nlerine odaklan\u0131r ve bu alanda uzmanla\u015fm\u0131\u015f ara\u015ft\u0131rmac\u0131lar\u0131n \u00e7al\u0131\u015fmas\u0131n\u0131 sa\u011flar. 1. **Molek\u00fcler Biyoloji**: Bu anabilim dal\u0131, canl\u0131 organizmalar\u0131n molek\u00fcler d\u00fczeydeki yap\u0131 ve i\u015fleyi\u015fini inceler. Genetik, protein biyokimyasas\u0131 ve h\u00fccre biyolojisi gibi konulara odaklan\u0131r. 2. [&hellip;]<\/p>\n","protected":false},"author":1,"featured_media":0,"parent":0,"menu_order":0,"comment_status":"closed","ping_status":"closed","template":"elementor_header_footer","meta":{"footnotes":""},"class_list":["post-5765","page","type-page","status-publish","hentry"],"_links":{"self":[{"href":"https:\/\/atauni.edu.tr\/biyoteknoloji\/wp-json\/wp\/v2\/pages\/5765","targetHints":{"allow":["GET"]}}],"collection":[{"href":"https:\/\/atauni.edu.tr\/biyoteknoloji\/wp-json\/wp\/v2\/pages"}],"about":[{"href":"https:\/\/atauni.edu.tr\/biyoteknoloji\/wp-json\/wp\/v2\/types\/page"}],"author":[{"embeddable":true,"href":"https:\/\/atauni.edu.tr\/biyoteknoloji\/wp-json\/wp\/v2\/users\/1"}],"replies":[{"embeddable":true,"href":"https:\/\/atauni.edu.tr\/biyoteknoloji\/wp-json\/wp\/v2\/comments?post=5765"}],"version-history":[{"count":8,"href":"https:\/\/atauni.edu.tr\/biyoteknoloji\/wp-json\/wp\/v2\/pages\/5765\/revisions"}],"predecessor-version":[{"id":6082,"href":"https:\/\/atauni.edu.tr\/biyoteknoloji\/wp-json\/wp\/v2\/pages\/5765\/revisions\/6082"}],"wp:attachment":[{"href":"https:\/\/atauni.edu.tr\/biyoteknoloji\/wp-json\/wp\/v2\/media?parent=5765"}],"curies":[{"name":"wp","href":"https:\/\/api.w.org\/{rel}","templated":true}]}}