{"id":5800,"date":"2021-07-13T13:12:45","date_gmt":"2021-07-13T10:12:45","guid":{"rendered":"https:\/\/portaltest.atauni.edu.tr\/bilgisayar-muhendisligi\/?page_id=5800"},"modified":"2021-08-27T15:49:23","modified_gmt":"2021-08-27T12:49:23","slug":"bitirme-projeleri","status":"publish","type":"page","link":"https:\/\/atauni.edu.tr\/biyoteknoloji\/bitirme-projeleri\/","title":{"rendered":"Bitirme Projeleri"},"content":{"rendered":"\t\t<div data-elementor-type=\"wp-page\" data-elementor-id=\"5800\" class=\"elementor elementor-5800\" data-elementor-post-type=\"page\">\n\t\t\t\t\t\t<section class=\"elementor-section elementor-top-section elementor-element elementor-element-730d320 elementor-section-boxed elementor-section-height-default elementor-section-height-default\" data-id=\"730d320\" data-element_type=\"section\">\n\t\t\t\t\t\t<div class=\"elementor-container elementor-column-gap-default\">\n\t\t\t\t\t<div class=\"elementor-column elementor-col-100 elementor-top-column elementor-element elementor-element-753d0860\" data-id=\"753d0860\" data-element_type=\"column\">\n\t\t\t<div class=\"elementor-widget-wrap\">\n\t\t\t\t\t\t\t<\/div>\n\t\t<\/div>\n\t\t\t\t\t<\/div>\n\t\t<\/section>\n\t\t\t\t<section class=\"elementor-section elementor-top-section elementor-element elementor-element-9be811a elementor-section-boxed elementor-section-height-default elementor-section-height-default\" data-id=\"9be811a\" data-element_type=\"section\">\n\t\t\t\t\t\t<div class=\"elementor-container elementor-column-gap-default\">\n\t\t\t\t\t<div class=\"elementor-column elementor-col-100 elementor-top-column elementor-element elementor-element-1ed847b7\" data-id=\"1ed847b7\" data-element_type=\"column\">\n\t\t\t<div class=\"elementor-widget-wrap elementor-element-populated\">\n\t\t\t\t\t\t<div class=\"elementor-element elementor-element-4ce0d07f elementor-widget elementor-widget-heading\" data-id=\"4ce0d07f\" data-element_type=\"widget\" data-widget_type=\"heading.default\">\n\t\t\t\t<div class=\"elementor-widget-container\">\n\t\t\t\t\t<h2 class=\"elementor-heading-title elementor-size-default\">Bitirme Projeleri<\/h2>\t\t\t\t<\/div>\n\t\t\t\t<\/div>\n\t\t\t\t<div class=\"elementor-element elementor-element-63260862 elementor-widget-divider--view-line elementor-widget elementor-widget-divider\" data-id=\"63260862\" data-element_type=\"widget\" data-widget_type=\"divider.default\">\n\t\t\t\t<div class=\"elementor-widget-container\">\n\t\t\t\t\t\t\t<div class=\"elementor-divider\">\n\t\t\t<span class=\"elementor-divider-separator\">\n\t\t\t\t\t\t<\/span>\n\t\t<\/div>\n\t\t\t\t\t\t<\/div>\n\t\t\t\t<\/div>\n\t\t\t\t\t<\/div>\n\t\t<\/div>\n\t\t\t\t\t<\/div>\n\t\t<\/section>\n\t\t\t\t<section class=\"elementor-section elementor-top-section elementor-element elementor-element-6c18d0b elementor-section-boxed elementor-section-height-default elementor-section-height-default\" data-id=\"6c18d0b\" data-element_type=\"section\">\n\t\t\t\t\t\t<div class=\"elementor-container elementor-column-gap-default\">\n\t\t\t\t\t<div class=\"elementor-column elementor-col-100 elementor-top-column elementor-element elementor-element-5a88ff5\" data-id=\"5a88ff5\" data-element_type=\"column\">\n\t\t\t<div class=\"elementor-widget-wrap elementor-element-populated\">\n\t\t\t\t\t\t<div class=\"elementor-element elementor-element-69d7a2b elementor-widget elementor-widget-accordion\" data-id=\"69d7a2b\" data-element_type=\"widget\" data-widget_type=\"accordion.default\">\n\t\t\t\t<div class=\"elementor-widget-container\">\n\t\t\t\t\t\t\t<div class=\"elementor-accordion\">\n\t\t\t\t\t\t\t<div class=\"elementor-accordion-item\">\n\t\t\t\t\t<div id=\"elementor-tab-title-1101\" class=\"elementor-tab-title\" data-tab=\"1\" role=\"button\" aria-controls=\"elementor-tab-content-1101\" aria-expanded=\"false\">\n\t\t\t\t\t\t\t\t\t\t\t\t\t<span class=\"elementor-accordion-icon elementor-accordion-icon-left\" aria-hidden=\"true\">\n\t\t\t\t\t\t\t\t\t\t\t\t\t\t\t<span class=\"elementor-accordion-icon-closed\"><i class=\"fas fa-plus\"><\/i><\/span>\n\t\t\t\t\t\t\t\t<span class=\"elementor-accordion-icon-opened\"><i class=\"fas fa-minus\"><\/i><\/span>\n\t\t\t\t\t\t\t\t\t\t\t\t\t\t<\/span>\n\t\t\t\t\t\t\t\t\t\t\t\t<a class=\"elementor-accordion-title\" tabindex=\"0\"><html>\n<p>Atat\u00fcrk \u00dcniversitesi Biyoteknoloji b\u00f6l\u00fcm\u00fc, \u00f6\u011frencilerin mezun olmadan \u00f6nce proje deneyimine sahip olmalar\u0131n\u0131 sa\u011flamak amac\u0131yla 'Bitirme Projeleri' ba\u015fl\u0131\u011f\u0131 alt\u0131nda \u00e7e\u015fitli faaliyetler y\u00fcr\u00fct\u00fcr. Bu projeler, \u00f6\u011frencilerin biyoteknolojinin farkl\u0131 alanlar\u0131nda derinlemesine ara\u015ft\u0131rma yapmalar\u0131n\u0131 ve uygulamal\u0131 deneyim kazanmalar\u0131n\u0131 sa\u011flar.<\/p>\n\n<p>Bitirme Projeleri, akademik program\u0131n bir par\u00e7as\u0131 olarak tasarlan\u0131r ve \u00f6\u011frencilere kendi ilgi alanlar\u0131na g\u00f6re se\u00e7ebilecekleri konular sunar. Bu projeler genellikle bir \u00f6\u011fretim \u00fcyesinin rehberli\u011finde y\u00fcr\u00fct\u00fcl\u00fcr ve \u00f6\u011frencilerin ba\u011f\u0131ms\u0131z olarak ara\u015ft\u0131rma yapma, veri toplama, analiz yapma ve sonu\u00e7lar\u0131n\u0131 raporlama becerilerini geli\u015ftirir.<\/p>\n\n<p>\u00d6\u011frenciler, bitirme projeleri arac\u0131l\u0131\u011f\u0131yla biyoteknoloji alan\u0131ndaki g\u00fcncel konular\u0131 ara\u015ft\u0131r\u0131r ve bu alanda uzmanla\u015fmak i\u00e7in gerekli ara\u00e7lar\u0131 \u00f6\u011frenirler. Projeler ayr\u0131ca \u00f6\u011frencilerin bilimsel d\u00fc\u015f\u00fcnce yap\u0131s\u0131n\u0131 geli\u015ftirir ve onlar\u0131 gelecekteki kariyerleri i\u00e7in haz\u0131rlar.<\/p>\n\n<p>Biyoteknoloji b\u00f6l\u00fcm\u00fcn\u00fcn bitirme projeleri, \u00f6\u011frencilere sadece teorik bilgiler de\u011fil, ayn\u0131 zamanda uygulamal\u0131 beceriler kazand\u0131rarak sekt\u00f6rde ba\u015far\u0131l\u0131 olmalar\u0131na yard\u0131mc\u0131 olur. Atat\u00fcrk \u00dcniversitesi Biyoteknoloji b\u00f6l\u00fcm\u00fc, \u00f6\u011frencilerin mezun olduktan sonra biyoteknoloji alan\u0131ndaki \u00e7e\u015fitli sekt\u00f6rlerde \u00e7al\u0131\u015fmaya haz\u0131r olmas\u0131n\u0131 sa\u011flar.<\/p>\n<\/html><\/a>\n\t\t\t\t\t<\/div>\n\t\t\t\t\t<div id=\"elementor-tab-content-1101\" class=\"elementor-tab-content elementor-clearfix\" data-tab=\"1\" role=\"region\" aria-labelledby=\"elementor-tab-title-1101\"><html>\n<p>Atat\u00fcrk \u00dcniversitesi Biyoteknoloji b\u00f6l\u00fcm\u00fc, \u00f6\u011frencilerin mezun olmadan \u00f6nce proje deneyimine sahip olmalar\u0131n\u0131 sa\u011flamak amac\u0131yla &#8216;Bitirme Projeleri&#8217; ba\u015fl\u0131\u011f\u0131 alt\u0131nda \u00e7e\u015fitli faaliyetler y\u00fcr\u00fct\u00fcr. Bu projeler, \u00f6\u011frencilerin biyoteknolojinin farkl\u0131 alanlar\u0131nda derinlemesine ara\u015ft\u0131rma yapmalar\u0131n\u0131 ve uygulamal\u0131 deneyim kazanmalar\u0131n\u0131 sa\u011flar.<\/p>\n\n<p>Bitirme Projeleri, akademik program\u0131n bir par\u00e7as\u0131 olarak tasarlan\u0131r ve \u00f6\u011frencilere kendi ilgi alanlar\u0131na g\u00f6re se\u00e7ebilecekleri konular sunar. Bu projeler genellikle bir \u00f6\u011fretim \u00fcyesinin rehberli\u011finde y\u00fcr\u00fct\u00fcl\u00fcr ve \u00f6\u011frencilerin ba\u011f\u0131ms\u0131z olarak ara\u015ft\u0131rma yapma, veri toplama, analiz yapma ve sonu\u00e7lar\u0131n\u0131 raporlama becerilerini geli\u015ftirir.<\/p>\n\n<p>\u00d6\u011frenciler, bitirme projeleri arac\u0131l\u0131\u011f\u0131yla biyoteknoloji alan\u0131ndaki g\u00fcncel konular\u0131 ara\u015ft\u0131r\u0131r ve bu alanda uzmanla\u015fmak i\u00e7in gerekli ara\u00e7lar\u0131 \u00f6\u011frenirler. Projeler ayr\u0131ca \u00f6\u011frencilerin bilimsel d\u00fc\u015f\u00fcnce yap\u0131s\u0131n\u0131 geli\u015ftirir ve onlar\u0131 gelecekteki kariyerleri i\u00e7in haz\u0131rlar.<\/p>\n\n<p>Biyoteknoloji b\u00f6l\u00fcm\u00fcn\u00fcn bitirme projeleri, \u00f6\u011frencilere sadece teorik bilgiler de\u011fil, ayn\u0131 zamanda uygulamal\u0131 beceriler kazand\u0131rarak sekt\u00f6rde ba\u015far\u0131l\u0131 olmalar\u0131na yard\u0131mc\u0131 olur. Atat\u00fcrk \u00dcniversitesi Biyoteknoloji b\u00f6l\u00fcm\u00fc, \u00f6\u011frencilerin mezun olduktan sonra biyoteknoloji alan\u0131ndaki \u00e7e\u015fitli sekt\u00f6rlerde \u00e7al\u0131\u015fmaya haz\u0131r olmas\u0131n\u0131 sa\u011flar.<\/p>\n<\/html><\/div>\n\t\t\t\t<\/div>\n\t\t\t\t\t\t\t<div class=\"elementor-accordion-item\">\n\t\t\t\t\t<div id=\"elementor-tab-title-1102\" class=\"elementor-tab-title\" data-tab=\"2\" role=\"button\" aria-controls=\"elementor-tab-content-1102\" aria-expanded=\"false\">\n\t\t\t\t\t\t\t\t\t\t\t\t\t<span class=\"elementor-accordion-icon elementor-accordion-icon-left\" aria-hidden=\"true\">\n\t\t\t\t\t\t\t\t\t\t\t\t\t\t\t<span class=\"elementor-accordion-icon-closed\"><i class=\"fas fa-plus\"><\/i><\/span>\n\t\t\t\t\t\t\t\t<span class=\"elementor-accordion-icon-opened\"><i class=\"fas fa-minus\"><\/i><\/span>\n\t\t\t\t\t\t\t\t\t\t\t\t\t\t<\/span>\n\t\t\t\t\t\t\t\t\t\t\t\t<a class=\"elementor-accordion-title\" tabindex=\"0\"><html>\n<p>Atat\u00fcrk \u00dcniversitesi Biyoteknoloji b\u00f6l\u00fcm\u00fc, \u00f6\u011frencilerin mezun olmadan \u00f6nce proje deneyimine sahip olmalar\u0131n\u0131 sa\u011flamak amac\u0131yla 'Bitirme Projeleri' ba\u015fl\u0131\u011f\u0131 alt\u0131nda \u00e7e\u015fitli faaliyetler y\u00fcr\u00fct\u00fcr. Bu projeler, \u00f6\u011frencilerin biyoteknolojinin farkl\u0131 alanlar\u0131nda derinlemesine ara\u015ft\u0131rma yapmalar\u0131n\u0131 ve uygulamal\u0131 deneyim kazanmalar\u0131n\u0131 sa\u011flar.<\/p>\n\n<p>Bitirme Projeleri, akademik program\u0131n bir par\u00e7as\u0131 olarak tasarlan\u0131r ve \u00f6\u011frencilere kendi ilgi alanlar\u0131na g\u00f6re se\u00e7ebilecekleri konular sunar. Bu projeler genellikle bir \u00f6\u011fretim \u00fcyesinin rehberli\u011finde y\u00fcr\u00fct\u00fcl\u00fcr ve \u00f6\u011frencilerin ba\u011f\u0131ms\u0131z olarak ara\u015ft\u0131rma yapma, veri toplama, analiz yapma ve sonu\u00e7lar\u0131n\u0131 raporlama becerilerini geli\u015ftirir.<\/p>\n\n<p>\u00d6\u011frenciler, bitirme projeleri arac\u0131l\u0131\u011f\u0131yla biyoteknoloji alan\u0131ndaki g\u00fcncel konular\u0131 ara\u015ft\u0131r\u0131r ve bu alanda uzmanla\u015fmak i\u00e7in gerekli ara\u00e7lar\u0131 \u00f6\u011frenirler. Projeler ayr\u0131ca \u00f6\u011frencilerin bilimsel d\u00fc\u015f\u00fcnce yap\u0131s\u0131n\u0131 geli\u015ftirir ve onlar\u0131 gelecekteki kariyerleri i\u00e7in haz\u0131rlar.<\/p>\n\n<p>Biyoteknoloji b\u00f6l\u00fcm\u00fcn\u00fcn bitirme projeleri, \u00f6\u011frencilere sadece teorik bilgiler de\u011fil, ayn\u0131 zamanda uygulamal\u0131 beceriler kazand\u0131rarak sekt\u00f6rde ba\u015far\u0131l\u0131 olmalar\u0131na yard\u0131mc\u0131 olur. Atat\u00fcrk \u00dcniversitesi Biyoteknoloji b\u00f6l\u00fcm\u00fc, \u00f6\u011frencilerin mezun olduktan sonra biyoteknoloji alan\u0131ndaki \u00e7e\u015fitli sekt\u00f6rlerde \u00e7al\u0131\u015fmaya haz\u0131r olmas\u0131n\u0131 sa\u011flar.<\/p>\n<\/html><\/a>\n\t\t\t\t\t<\/div>\n\t\t\t\t\t<div id=\"elementor-tab-content-1102\" class=\"elementor-tab-content elementor-clearfix\" data-tab=\"2\" role=\"region\" aria-labelledby=\"elementor-tab-title-1102\"><html>\n<p>Atat\u00fcrk \u00dcniversitesi Biyoteknoloji b\u00f6l\u00fcm\u00fc, \u00f6\u011frencilerin mezun olmadan \u00f6nce proje deneyimine sahip olmalar\u0131n\u0131 sa\u011flamak amac\u0131yla &#8216;Bitirme Projeleri&#8217; ba\u015fl\u0131\u011f\u0131 alt\u0131nda \u00e7e\u015fitli faaliyetler y\u00fcr\u00fct\u00fcr. Bu projeler, \u00f6\u011frencilerin biyoteknolojinin farkl\u0131 alanlar\u0131nda derinlemesine ara\u015ft\u0131rma yapmalar\u0131n\u0131 ve uygulamal\u0131 deneyim kazanmalar\u0131n\u0131 sa\u011flar.<\/p>\n\n<p>Bitirme Projeleri, akademik program\u0131n bir par\u00e7as\u0131 olarak tasarlan\u0131r ve \u00f6\u011frencilere kendi ilgi alanlar\u0131na g\u00f6re se\u00e7ebilecekleri konular sunar. Bu projeler genellikle bir \u00f6\u011fretim \u00fcyesinin rehberli\u011finde y\u00fcr\u00fct\u00fcl\u00fcr ve \u00f6\u011frencilerin ba\u011f\u0131ms\u0131z olarak ara\u015ft\u0131rma yapma, veri toplama, analiz yapma ve sonu\u00e7lar\u0131n\u0131 raporlama becerilerini geli\u015ftirir.<\/p>\n\n<p>\u00d6\u011frenciler, bitirme projeleri arac\u0131l\u0131\u011f\u0131yla biyoteknoloji alan\u0131ndaki g\u00fcncel konular\u0131 ara\u015ft\u0131r\u0131r ve bu alanda uzmanla\u015fmak i\u00e7in gerekli ara\u00e7lar\u0131 \u00f6\u011frenirler. Projeler ayr\u0131ca \u00f6\u011frencilerin bilimsel d\u00fc\u015f\u00fcnce yap\u0131s\u0131n\u0131 geli\u015ftirir ve onlar\u0131 gelecekteki kariyerleri i\u00e7in haz\u0131rlar.<\/p>\n\n<p>Biyoteknoloji b\u00f6l\u00fcm\u00fcn\u00fcn bitirme projeleri, \u00f6\u011frencilere sadece teorik bilgiler de\u011fil, ayn\u0131 zamanda uygulamal\u0131 beceriler kazand\u0131rarak sekt\u00f6rde ba\u015far\u0131l\u0131 olmalar\u0131na yard\u0131mc\u0131 olur. Atat\u00fcrk \u00dcniversitesi Biyoteknoloji b\u00f6l\u00fcm\u00fc, \u00f6\u011frencilerin mezun olduktan sonra biyoteknoloji alan\u0131ndaki \u00e7e\u015fitli sekt\u00f6rlerde \u00e7al\u0131\u015fmaya haz\u0131r olmas\u0131n\u0131 sa\u011flar.<\/p>\n<\/html><\/div>\n\t\t\t\t<\/div>\n\t\t\t\t\t\t\t\t<\/div>\n\t\t\t\t\t\t<\/div>\n\t\t\t\t<\/div>\n\t\t\t\t\t<\/div>\n\t\t<\/div>\n\t\t\t\t\t<\/div>\n\t\t<\/section>\n\t\t\t\t<\/div>\n\t\t","protected":false},"excerpt":{"rendered":"<p>**Bitirme Projeleri** Biyoteknoloji b\u00f6l\u00fcm\u00fcn\u00fcn amac\u0131, \u00f6\u011frencilere biyolojik sistemleri ve canl\u0131lar\u0131 anlama, analiz etme ve kullanma yetkinlikleri kazand\u0131rmakt\u0131r. Bu amac\u0131n ger\u00e7ekle\u015fmesi i\u00e7in \u00f6nemli bir ad\u0131m da bitirme projelerinin erfolgreich bir \u015fekilde tamamlanmas\u0131d\u0131r. Bitirme projeleri, \u00f6\u011frencilerin biyoteknoloji alan\u0131ndaki teorik bilgilerini pratik uygulamalarla desteklemelerini sa\u011flar. \u00d6\u011frenciler, se\u00e7tikleri konular \u00fczerinde derinlemesine ara\u015ft\u0131rma yapma f\u0131rsat\u0131 bulurlar ve bu sayede ele\u015ftirel [&hellip;]<\/p>\n","protected":false},"author":1,"featured_media":0,"parent":0,"menu_order":0,"comment_status":"closed","ping_status":"closed","template":"elementor_header_footer","meta":{"footnotes":""},"class_list":["post-5800","page","type-page","status-publish","hentry"],"_links":{"self":[{"href":"https:\/\/atauni.edu.tr\/biyoteknoloji\/wp-json\/wp\/v2\/pages\/5800","targetHints":{"allow":["GET"]}}],"collection":[{"href":"https:\/\/atauni.edu.tr\/biyoteknoloji\/wp-json\/wp\/v2\/pages"}],"about":[{"href":"https:\/\/atauni.edu.tr\/biyoteknoloji\/wp-json\/wp\/v2\/types\/page"}],"author":[{"embeddable":true,"href":"https:\/\/atauni.edu.tr\/biyoteknoloji\/wp-json\/wp\/v2\/users\/1"}],"replies":[{"embeddable":true,"href":"https:\/\/atauni.edu.tr\/biyoteknoloji\/wp-json\/wp\/v2\/comments?post=5800"}],"version-history":[{"count":11,"href":"https:\/\/atauni.edu.tr\/biyoteknoloji\/wp-json\/wp\/v2\/pages\/5800\/revisions"}],"predecessor-version":[{"id":6091,"href":"https:\/\/atauni.edu.tr\/biyoteknoloji\/wp-json\/wp\/v2\/pages\/5800\/revisions\/6091"}],"wp:attachment":[{"href":"https:\/\/atauni.edu.tr\/biyoteknoloji\/wp-json\/wp\/v2\/media?parent=5800"}],"curies":[{"name":"wp","href":"https:\/\/api.w.org\/{rel}","templated":true}]}}