{"id":6071,"date":"2021-08-27T15:45:02","date_gmt":"2021-08-27T12:45:02","guid":{"rendered":"http:\/\/birimler.atauni.edu.tr\/biyoteknoloji\/?page_id=6071"},"modified":"2021-09-13T10:22:11","modified_gmt":"2021-09-13T07:22:11","slug":"bolum-kurulu-kararlari","status":"publish","type":"page","link":"https:\/\/atauni.edu.tr\/biyoteknoloji\/bolum-kurulu-kararlari\/","title":{"rendered":"B\u00f6l\u00fcm Kurulu Kararlar\u0131"},"content":{"rendered":"\t\t<div data-elementor-type=\"wp-page\" data-elementor-id=\"6071\" class=\"elementor elementor-6071\" data-elementor-post-type=\"page\">\n\t\t\t\t\t\t<section class=\"elementor-section elementor-top-section elementor-element elementor-element-730d320 elementor-section-boxed elementor-section-height-default elementor-section-height-default\" data-id=\"730d320\" data-element_type=\"section\">\n\t\t\t\t\t\t<div class=\"elementor-container elementor-column-gap-default\">\n\t\t\t\t\t<div class=\"elementor-column elementor-col-100 elementor-top-column elementor-element elementor-element-753d0860\" data-id=\"753d0860\" data-element_type=\"column\">\n\t\t\t<div class=\"elementor-widget-wrap\">\n\t\t\t\t\t\t\t<\/div>\n\t\t<\/div>\n\t\t\t\t\t<\/div>\n\t\t<\/section>\n\t\t\t\t<section class=\"elementor-section elementor-top-section elementor-element elementor-element-9be811a elementor-section-boxed elementor-section-height-default elementor-section-height-default\" data-id=\"9be811a\" data-element_type=\"section\">\n\t\t\t\t\t\t<div class=\"elementor-container elementor-column-gap-default\">\n\t\t\t\t\t<div class=\"elementor-column elementor-col-100 elementor-top-column elementor-element elementor-element-1ed847b7\" data-id=\"1ed847b7\" data-element_type=\"column\">\n\t\t\t<div class=\"elementor-widget-wrap elementor-element-populated\">\n\t\t\t\t\t\t<div class=\"elementor-element elementor-element-4ce0d07f elementor-widget elementor-widget-heading\" data-id=\"4ce0d07f\" data-element_type=\"widget\" data-widget_type=\"heading.default\">\n\t\t\t\t<div class=\"elementor-widget-container\">\n\t\t\t\t\t<h2 class=\"elementor-heading-title elementor-size-default\">B\u00f6l\u00fcm Kurulu Kararlar\u0131<\/h2>\t\t\t\t<\/div>\n\t\t\t\t<\/div>\n\t\t\t\t<div class=\"elementor-element elementor-element-63260862 elementor-widget-divider--view-line elementor-widget elementor-widget-divider\" data-id=\"63260862\" data-element_type=\"widget\" data-widget_type=\"divider.default\">\n\t\t\t\t<div class=\"elementor-widget-container\">\n\t\t\t\t\t\t\t<div class=\"elementor-divider\">\n\t\t\t<span class=\"elementor-divider-separator\">\n\t\t\t\t\t\t<\/span>\n\t\t<\/div>\n\t\t\t\t\t\t<\/div>\n\t\t\t\t<\/div>\n\t\t\t\t\t<\/div>\n\t\t<\/div>\n\t\t\t\t\t<\/div>\n\t\t<\/section>\n\t\t\t\t<section class=\"elementor-section elementor-top-section elementor-element elementor-element-681db8b elementor-section-boxed elementor-section-height-default elementor-section-height-default\" data-id=\"681db8b\" data-element_type=\"section\">\n\t\t\t\t\t\t<div class=\"elementor-container elementor-column-gap-default\">\n\t\t\t\t\t<div class=\"elementor-column elementor-col-100 elementor-top-column elementor-element elementor-element-ad4dac5\" data-id=\"ad4dac5\" data-element_type=\"column\">\n\t\t\t<div class=\"elementor-widget-wrap elementor-element-populated\">\n\t\t\t\t\t\t<div class=\"elementor-element elementor-element-2f96b3d elementor-widget elementor-widget-text-editor\" data-id=\"2f96b3d\" data-element_type=\"widget\" data-widget_type=\"text-editor.default\">\n\t\t\t\t<div class=\"elementor-widget-container\">\n\t\t\t\t\t\t\t\t\t<p>Atat\u00fcrk \u00dcniversitesi Biyoteknoloji b\u00f6l\u00fcm\u00fcn\u00fcn faaliyetleri ve kararlar\u0131 hakk\u0131nda g\u00fcncel bilgiler payla\u015f\u0131ld\u0131\u011f\u0131nda, \u00f6\u011frencilerin ve akademik personelin i\u015fbirli\u011fi i\u00e7inde hareket etmesi sa\u011flanabilir. B\u00f6l\u00fcm kurulu toplant\u0131lar\u0131n\u0131n sonu\u00e7lar\u0131, yeni proje geli\u015ftirme a\u015famalar\u0131 ve b\u00f6l\u00fcm i\u00e7i organizasyonlar gibi konular\u0131n payla\u015f\u0131lmas\u0131, toplulu\u011fun bir b\u00fct\u00fcn olarak ilerlemesine katk\u0131da bulunacakt\u0131r.<\/p>\n<p>Biyoteknoloji b\u00f6l\u00fcm\u00fcn\u00fcn hedefleri ve vizyonu do\u011frultusunda alaca\u011f\u0131 kararlar, e\u011fitim kalitesinin art\u0131r\u0131lmas\u0131na, \u00f6\u011frencilerin mezuniyet sonras\u0131 kariyerlerinde daha donan\u0131ml\u0131 olmas\u0131na ve sekt\u00f6rle i\u015fbirli\u011finin g\u00fc\u00e7lenmesine y\u00f6neliktir. \u00d6\u011frenci ve \u00f6\u011fretim \u00fcyelerinin bir araya gelerek fikir al\u0131\u015fveri\u015fi yapmalar\u0131, ortak projeler geli\u015ftirmeleri ve b\u00f6l\u00fcm\u00fcn genel ama\u00e7lar\u0131na ula\u015fmalar\u0131n\u0131 sa\u011flayacakt\u0131r.<\/p>\n<p>Bu sayede Atat\u00fcrk \u00dcniversitesi Biyoteknoloji b\u00f6l\u00fcm\u00fc, hem ulusal hem de uluslararas\u0131 platformlarda daha g\u00fc\u00e7l\u00fc bir \u015fekilde temsil edilecektir. B\u00f6l\u00fcm kurulu kararlar\u0131n\u0131n \u015feffaf ve ula\u015f\u0131labilir olmas\u0131, \u00f6\u011frencilerin ve akademik personelin kat\u0131l\u0131m\u0131n\u0131 te\u015fvik edecek ve birlikte daha iyi bir gelece\u011fe y\u00f6nelik ad\u0131mlar at\u0131lmas\u0131na olanak tan\u0131yacakt\u0131r.<\/p>\t\t\t\t\t\t\t\t<\/div>\n\t\t\t\t<\/div>\n\t\t\t\t\t<\/div>\n\t\t<\/div>\n\t\t\t\t\t<\/div>\n\t\t<\/section>\n\t\t\t\t<\/div>\n\t\t","protected":false},"excerpt":{"rendered":"<p>**B\u00f6l\u00fcm Kurulu Kararlar\u0131** Biyoteknoloji b\u00f6l\u00fcm\u00fcm\u00fcz\u00fcn akademik ve idari i\u015fleyi\u015fini y\u00fcr\u00fctmekle g\u00f6revli olan B\u00f6l\u00fcm Kurulu, d\u00fczenli aral\u0131klarla toplanarak \u00e7e\u015fitli konularda kararlar al\u0131r. Bu kararlar, b\u00f6l\u00fcm\u00fcm\u00fcz\u00fcn geli\u015fimi ve \u00f6\u011frencilerimizin e\u011fitim kalitesinin art\u0131r\u0131lmas\u0131 amac\u0131n\u0131 ta\u015f\u0131r. B\u00f6l\u00fcm Kurulu, akademik personele ait atama, y\u00fckselme ve g\u00f6revlendirmeler ile ilgili i\u015flemleri de\u011ferlendirir ve gerekli kararlar\u0131 al\u0131r. Ayr\u0131ca, b\u00f6l\u00fcm\u00fcm\u00fcz\u00fcn e\u011fitim-\u00f6\u011fretim faaliyetlerinin y\u00fcr\u00fct\u00fclmesi, yeni [&hellip;]<\/p>\n","protected":false},"author":1,"featured_media":0,"parent":0,"menu_order":0,"comment_status":"closed","ping_status":"closed","template":"elementor_header_footer","meta":{"footnotes":""},"class_list":["post-6071","page","type-page","status-publish","hentry"],"_links":{"self":[{"href":"https:\/\/atauni.edu.tr\/biyoteknoloji\/wp-json\/wp\/v2\/pages\/6071","targetHints":{"allow":["GET"]}}],"collection":[{"href":"https:\/\/atauni.edu.tr\/biyoteknoloji\/wp-json\/wp\/v2\/pages"}],"about":[{"href":"https:\/\/atauni.edu.tr\/biyoteknoloji\/wp-json\/wp\/v2\/types\/page"}],"author":[{"embeddable":true,"href":"https:\/\/atauni.edu.tr\/biyoteknoloji\/wp-json\/wp\/v2\/users\/1"}],"replies":[{"embeddable":true,"href":"https:\/\/atauni.edu.tr\/biyoteknoloji\/wp-json\/wp\/v2\/comments?post=6071"}],"version-history":[{"count":7,"href":"https:\/\/atauni.edu.tr\/biyoteknoloji\/wp-json\/wp\/v2\/pages\/6071\/revisions"}],"predecessor-version":[{"id":6120,"href":"https:\/\/atauni.edu.tr\/biyoteknoloji\/wp-json\/wp\/v2\/pages\/6071\/revisions\/6120"}],"wp:attachment":[{"href":"https:\/\/atauni.edu.tr\/biyoteknoloji\/wp-json\/wp\/v2\/media?parent=6071"}],"curies":[{"name":"wp","href":"https:\/\/api.w.org\/{rel}","templated":true}]}}