{"id":5734,"date":"2021-07-13T11:37:45","date_gmt":"2021-07-13T08:37:45","guid":{"rendered":"https:\/\/portaltest.atauni.edu.tr\/bilgisayar-muhendisligi\/?page_id=5734"},"modified":"2021-08-27T15:50:14","modified_gmt":"2021-08-27T12:50:14","slug":"ogrenci-deneyimi","status":"publish","type":"page","link":"https:\/\/atauni.edu.tr\/buro-hizmetleri-ve-sekreterlik-bolumu-4\/ogrenci-deneyimi\/","title":{"rendered":"\u00d6\u011frenci Deneyimi"},"content":{"rendered":"\t\t<div data-elementor-type=\"wp-page\" data-elementor-id=\"5734\" class=\"elementor elementor-5734\" data-elementor-post-type=\"page\">\n\t\t\t\t\t\t<section class=\"elementor-section elementor-top-section elementor-element elementor-element-730d320 elementor-section-boxed elementor-section-height-default elementor-section-height-default\" data-id=\"730d320\" data-element_type=\"section\">\n\t\t\t\t\t\t<div class=\"elementor-container elementor-column-gap-default\">\n\t\t\t\t\t<div class=\"elementor-column elementor-col-100 elementor-top-column elementor-element elementor-element-753d0860\" data-id=\"753d0860\" data-element_type=\"column\">\n\t\t\t<div class=\"elementor-widget-wrap\">\n\t\t\t\t\t\t\t<\/div>\n\t\t<\/div>\n\t\t\t\t\t<\/div>\n\t\t<\/section>\n\t\t\t\t<section class=\"elementor-section elementor-top-section elementor-element elementor-element-9be811a elementor-section-boxed elementor-section-height-default elementor-section-height-default\" data-id=\"9be811a\" data-element_type=\"section\">\n\t\t\t\t\t\t<div class=\"elementor-container elementor-column-gap-default\">\n\t\t\t\t\t<div class=\"elementor-column elementor-col-100 elementor-top-column elementor-element elementor-element-1ed847b7\" data-id=\"1ed847b7\" data-element_type=\"column\">\n\t\t\t<div class=\"elementor-widget-wrap elementor-element-populated\">\n\t\t\t\t\t\t<div class=\"elementor-element elementor-element-4ce0d07f elementor-widget elementor-widget-heading\" data-id=\"4ce0d07f\" data-element_type=\"widget\" data-widget_type=\"heading.default\">\n\t\t\t\t<div class=\"elementor-widget-container\">\n\t\t\t\t\t<h2 class=\"elementor-heading-title elementor-size-default\">\u00d6\u011frenci Deneyimi<\/h2>\t\t\t\t<\/div>\n\t\t\t\t<\/div>\n\t\t\t\t<div class=\"elementor-element elementor-element-63260862 elementor-widget-divider--view-line elementor-widget elementor-widget-divider\" data-id=\"63260862\" data-element_type=\"widget\" data-widget_type=\"divider.default\">\n\t\t\t\t<div class=\"elementor-widget-container\">\n\t\t\t\t\t\t\t<div class=\"elementor-divider\">\n\t\t\t<span class=\"elementor-divider-separator\">\n\t\t\t\t\t\t<\/span>\n\t\t<\/div>\n\t\t\t\t\t\t<\/div>\n\t\t\t\t<\/div>\n\t\t\t\t\t<\/div>\n\t\t<\/div>\n\t\t\t\t\t<\/div>\n\t\t<\/section>\n\t\t\t\t<section class=\"elementor-section elementor-top-section elementor-element elementor-element-4debb41 elementor-section-boxed elementor-section-height-default elementor-section-height-default\" data-id=\"4debb41\" data-element_type=\"section\">\n\t\t\t\t\t\t<div class=\"elementor-container elementor-column-gap-default\">\n\t\t\t\t\t<div class=\"elementor-column elementor-col-100 elementor-top-column elementor-element elementor-element-28420b1\" data-id=\"28420b1\" data-element_type=\"column\">\n\t\t\t<div class=\"elementor-widget-wrap elementor-element-populated\">\n\t\t\t\t\t\t<div class=\"elementor-element elementor-element-e007b90 elementor-widget elementor-widget-ova_testimonial\" data-id=\"e007b90\" data-element_type=\"widget\" data-settings=\"{&quot;pause_on_hover&quot;:&quot;yes&quot;,&quot;infinite&quot;:&quot;yes&quot;,&quot;autoplay&quot;:&quot;yes&quot;,&quot;autoplay_speed&quot;:3000,&quot;dot_control&quot;:&quot;yes&quot;}\" data-widget_type=\"ova_testimonial.default\">\n\t\t\t\t<div class=\"elementor-widget-container\">\n\t\t\t\t\t\n\t\t\n\t\t\t<section class=\"ova-testimonial \">\n\t\t\t\t<div class=\"slide-testimonials owl-carousel owl-theme\" data-options=\"{&quot;items&quot;:3,&quot;slideBy&quot;:1,&quot;margin&quot;:30,&quot;autoplayHoverPause&quot;:true,&quot;loop&quot;:true,&quot;autoplay&quot;:true,&quot;autoplayTimeout&quot;:3000,&quot;smartSpeed&quot;:500,&quot;dots&quot;:true}\">\n\t\t\t\t\t\t\t\t\t\t\t<div class=\"item\">\n\t\t\t\t\t\t\t<div class=\"client_info\">\n\t\t\t\t\t\t\t\t\t\t\t\t\t\t\t\t\t<p class=\"evaluate\">Atat\u00fcrk \u00dcniversitesi B\u00fcro Hizmetleri ve Sekreterlik B\u00f6l\u00fcm\u00fc, \u00f6\u011frencilerin akademik ve profesyonel geli\u015fimine katk\u0131da bulunmay\u0131 ama\u00e7layan bir programa sahiptir. \u00d6\u011frenci deneyimi, b\u00f6l\u00fcm\u00fcn \u00f6ncelikleri aras\u0131nda yer al\u0131r. \n\n\u00d6\u011frencilere sunulan opportunities ile birlikte, b\u00fcro hizmetleri ve sekreterlik alan\u0131ndaki uygulamal\u0131 e\u011fitimler, \u00f6\u011frencilerin i\u015f hayat\u0131na haz\u0131r ve donan\u0131ml\u0131 bir \u015fekilde mezun olmalar\u0131n\u0131 sa\u011flar. B\u00f6l\u00fcm, \u00f6\u011frencilerin ki\u015fisel ve mesleki geli\u015fimini desteklemek i\u00e7in \u00e7e\u015fitli aktiviteler d\u00fczenler.\n\nB\u00f6l\u00fcm\u00fcn m\u1ee5cuplar\u0131 aras\u0131nda, \u00f6\u011frencilere etkili ileti\u015fim becerileri kazand\u0131rmak, tak\u0131m \u00e7al\u0131\u015fmas\u0131 ruhunu a\u015f\u0131lamak ve liderlik becerilerini g\u00fc\u00e7lendirmek yer al\u0131r. \u00d6\u011frenciler, ger\u00e7ek\u00e7i senaryolarda uygulamal\u0131 e\u011fitimlerle b\u00fcro y\u00f6netimi, sekreterlik hizmetleri ve ileti\u015fimin temel prensiplerini \u00f6\u011frenirler.\n\nAyr\u0131ca, b\u00f6l\u00fcm\u00fcn organize etti\u011fi seminerler, konferanslar ve at\u00f6lye \u00e7al\u0131\u015fmalar\u0131, \u00f6\u011frencilerin farkl\u0131 alanlarda uzmanlarla bulu\u015fmalar\u0131na ve deneyimlerini payla\u015fmalar\u0131na olanak tan\u0131r. Bu t\u00fcr etkinlikler, \u00f6\u011frencilerin network olu\u015fturma becerilerini geli\u015ftirir ve gelecekteki kariyerlerine y\u00f6n vermede \u00f6nemli bir rol oynar.\n\n\u00d6\u011frenci kul\u00fcpleri ve sosyal sorumluluk projeleri arac\u0131l\u0131\u011f\u0131yla, \u00f6\u011frenciler toplumsal fark\u0131ndal\u0131k yaratma ve topluma katk\u0131da bulunma f\u0131rsat\u0131na sahip olurlar. Bu deneyimler, \u00f6\u011frencilerin hem ki\u015fisel hem de profesyonel olarak b\u00fcy\u00fcmelerine yard\u0131mc\u0131 olur.\n\nAtat\u00fcrk \u00dcniversitesi B\u00fcro Hizmetleri ve Sekreterlik B\u00f6l\u00fcm\u00fc, \u00f6\u011frenci deneyimini zenginle\u015ftirmek i\u00e7in s\u00fcrekli geli\u015fimi hedefler. \u00d6\u011frencilerin ihtiya\u00e7 ve beklentilerine cevap verebilmek ad\u0131na, b\u00f6l\u00fcm\u00fcn e\u011fitim programlar\u0131 ve aktiviteleri d\u00fczenli olarak g\u00fcncellenir ve geni\u015fletilir. B\u00f6ylelikle, mezunlar i\u015f d\u00fcnyas\u0131nda ba\u015far\u0131l\u0131 ve sayg\u0131n bir \u015fekilde yer alabilirler.<\/p>\n\t\t\t\t\t\t\t\t\n\t\t\t\t\t\t\t\t<div class=\"info\">\n\t\t\t\t\t\t\t\t\t\t\t\t\t\t\t\t\t\t<div class=\"name-job\">\n\t\t\t\t\t\t\t\t\t\t\t\t\t\t\t\t\t\t\t\t\t<p class=\"name second_font\">Atat\u00fcrk \u00dcniversitesi B\u00fcro Hizmetleri ve Sekreterlik B\u00f6l\u00fcm\u00fc, \u00f6\u011frencilerin akademik ve profesyonel geli\u015fimine katk\u0131da bulunmay\u0131 ama\u00e7layan bir programa sahiptir. \u00d6\u011frenci deneyimi, b\u00f6l\u00fcm\u00fcn \u00f6ncelikleri aras\u0131nda yer al\u0131r. \n\n\u00d6\u011frencilere sunulan opportunities ile birlikte, b\u00fcro hizmetleri ve sekreterlik alan\u0131ndaki uygulamal\u0131 e\u011fitimler, \u00f6\u011frencilerin i\u015f hayat\u0131na haz\u0131r ve donan\u0131ml\u0131 bir \u015fekilde mezun olmalar\u0131n\u0131 sa\u011flar. B\u00f6l\u00fcm, \u00f6\u011frencilerin ki\u015fisel ve mesleki geli\u015fimini desteklemek i\u00e7in \u00e7e\u015fitli aktiviteler d\u00fczenler.\n\nB\u00f6l\u00fcm\u00fcn m\u1ee5cuplar\u0131 aras\u0131nda, \u00f6\u011frencilere etkili ileti\u015fim becerileri kazand\u0131rmak, tak\u0131m \u00e7al\u0131\u015fmas\u0131 ruhunu a\u015f\u0131lamak ve liderlik becerilerini g\u00fc\u00e7lendirmek yer al\u0131r. \u00d6\u011frenciler, ger\u00e7ek\u00e7i senaryolarda uygulamal\u0131 e\u011fitimlerle b\u00fcro y\u00f6netimi, sekreterlik hizmetleri ve ileti\u015fimin temel prensiplerini \u00f6\u011frenirler.\n\nAyr\u0131ca, b\u00f6l\u00fcm\u00fcn organize etti\u011fi seminerler, konferanslar ve at\u00f6lye \u00e7al\u0131\u015fmalar\u0131, \u00f6\u011frencilerin farkl\u0131 alanlarda uzmanlarla bulu\u015fmalar\u0131na ve deneyimlerini payla\u015fmalar\u0131na olanak tan\u0131r. Bu t\u00fcr etkinlikler, \u00f6\u011frencilerin network olu\u015fturma becerilerini geli\u015ftirir ve gelecekteki kariyerlerine y\u00f6n vermede \u00f6nemli bir rol oynar.\n\n\u00d6\u011frenci kul\u00fcpleri ve sosyal sorumluluk projeleri arac\u0131l\u0131\u011f\u0131yla, \u00f6\u011frenciler toplumsal fark\u0131ndal\u0131k yaratma ve topluma katk\u0131da bulunma f\u0131rsat\u0131na sahip olurlar. Bu deneyimler, \u00f6\u011frencilerin hem ki\u015fisel hem de profesyonel olarak b\u00fcy\u00fcmelerine yard\u0131mc\u0131 olur.\n\nAtat\u00fcrk \u00dcniversitesi B\u00fcro Hizmetleri ve Sekreterlik B\u00f6l\u00fcm\u00fc, \u00f6\u011frenci deneyimini zenginle\u015ftirmek i\u00e7in s\u00fcrekli geli\u015fimi hedefler. \u00d6\u011frencilerin ihtiya\u00e7 ve beklentilerine cevap verebilmek ad\u0131na, b\u00f6l\u00fcm\u00fcn e\u011fitim programlar\u0131 ve aktiviteleri d\u00fczenli olarak g\u00fcncellenir ve geni\u015fletilir. B\u00f6ylelikle, mezunlar i\u015f d\u00fcnyas\u0131nda ba\u015far\u0131l\u0131 ve sayg\u0131n bir \u015fekilde yer alabilirler.<\/p>\n\t\t\t\t\t\t\t\t\t\t\t\t\t\t\t\t\t\t\t\t\t\t\t\t\t\t\t\t\t\t\t<p class=\"job\">Atat\u00fcrk \u00dcniversitesi B\u00fcro Hizmetleri ve Sekreterlik B\u00f6l\u00fcm\u00fc, \u00f6\u011frencilerin akademik ve profesyonel geli\u015fimine katk\u0131da bulunmay\u0131 ama\u00e7layan bir programa sahiptir. \u00d6\u011frenci deneyimi, b\u00f6l\u00fcm\u00fcn \u00f6ncelikleri aras\u0131nda yer al\u0131r. \n\n\u00d6\u011frencilere sunulan opportunities ile birlikte, b\u00fcro hizmetleri ve sekreterlik alan\u0131ndaki uygulamal\u0131 e\u011fitimler, \u00f6\u011frencilerin i\u015f hayat\u0131na haz\u0131r ve donan\u0131ml\u0131 bir \u015fekilde mezun olmalar\u0131n\u0131 sa\u011flar. B\u00f6l\u00fcm, \u00f6\u011frencilerin ki\u015fisel ve mesleki geli\u015fimini desteklemek i\u00e7in \u00e7e\u015fitli aktiviteler d\u00fczenler.\n\nB\u00f6l\u00fcm\u00fcn m\u1ee5cuplar\u0131 aras\u0131nda, \u00f6\u011frencilere etkili ileti\u015fim becerileri kazand\u0131rmak, tak\u0131m \u00e7al\u0131\u015fmas\u0131 ruhunu a\u015f\u0131lamak ve liderlik becerilerini g\u00fc\u00e7lendirmek yer al\u0131r. \u00d6\u011frenciler, ger\u00e7ek\u00e7i senaryolarda uygulamal\u0131 e\u011fitimlerle b\u00fcro y\u00f6netimi, sekreterlik hizmetleri ve ileti\u015fimin temel prensiplerini \u00f6\u011frenirler.\n\nAyr\u0131ca, b\u00f6l\u00fcm\u00fcn organize etti\u011fi seminerler, konferanslar ve at\u00f6lye \u00e7al\u0131\u015fmalar\u0131, \u00f6\u011frencilerin farkl\u0131 alanlarda uzmanlarla bulu\u015fmalar\u0131na ve deneyimlerini payla\u015fmalar\u0131na olanak tan\u0131r. Bu t\u00fcr etkinlikler, \u00f6\u011frencilerin network olu\u015fturma becerilerini geli\u015ftirir ve gelecekteki kariyerlerine y\u00f6n vermede \u00f6nemli bir rol oynar.\n\n\u00d6\u011frenci kul\u00fcpleri ve sosyal sorumluluk projeleri arac\u0131l\u0131\u011f\u0131yla, \u00f6\u011frenciler toplumsal fark\u0131ndal\u0131k yaratma ve topluma katk\u0131da bulunma f\u0131rsat\u0131na sahip olurlar. Bu deneyimler, \u00f6\u011frencilerin hem ki\u015fisel hem de profesyonel olarak b\u00fcy\u00fcmelerine yard\u0131mc\u0131 olur.\n\nAtat\u00fcrk \u00dcniversitesi B\u00fcro Hizmetleri ve Sekreterlik B\u00f6l\u00fcm\u00fc, \u00f6\u011frenci deneyimini zenginle\u015ftirmek i\u00e7in s\u00fcrekli geli\u015fimi hedefler. \u00d6\u011frencilerin ihtiya\u00e7 ve beklentilerine cevap verebilmek ad\u0131na, b\u00f6l\u00fcm\u00fcn e\u011fitim programlar\u0131 ve aktiviteleri d\u00fczenli olarak g\u00fcncellenir ve geni\u015fletilir. B\u00f6ylelikle, mezunlar i\u015f d\u00fcnyas\u0131nda ba\u015far\u0131l\u0131 ve sayg\u0131n bir \u015fekilde yer alabilirler.<\/p>\n\t\t\t\t\t\t\t\t\t\t\t\t\t\t\t\t\t\t\t<\/div>\n\t\t\t\t\t\t\t\t<\/div>\n\t\t\t\t\t\t\t\t\n\t\t\t\t\t\t\t\t\t\t\t\t\t\t\t\t\t<div class=\"icon-quote\">\n\t\t\t\t\t\t\t\t\t\t<span class=\"flaticon-left-quote-1\"><\/span>\n\t\t\t\t\t\t\t\t\t<\/div>\n\t\t\t\t\t\t\t\t\t\t\t\t\t\t\t<\/div>\n\t\t\t\t\t\t<\/div>\n\t\t\t\t\t\t\t\t\t<\/div>\n\t\t\t<\/section>\n\n\t\t\t\t\n\t\t\t\t\t\t<\/div>\n\t\t\t\t<\/div>\n\t\t\t\t\t<\/div>\n\t\t<\/div>\n\t\t\t\t\t<\/div>\n\t\t<\/section>\n\t\t\t\t<\/div>\n\t\t","protected":false},"excerpt":{"rendered":"<p>**\u00d6\u011frenci Deneyimi** B\u00fcro Hizmetleri ve Sekreterlik B\u00f6l\u00fcm\u00fcm\u00fczde, \u00f6\u011frencilerimizle birlikte g\u00fc\u00e7l\u00fc bir \u00f6\u011frenme ortam\u0131 yaratmak i\u00e7in \u00e7al\u0131\u015f\u0131yoruz. \u00d6\u011frenci deneyimi, bizim i\u00e7in en \u00f6nemli \u00f6nceliklerden biri olup, e\u011fitim s\u00fcrecinde \u00f6\u011frencilerin kar\u015f\u0131la\u015faca\u011f\u0131 t\u00fcm olanaklar\u0131 ve f\u0131rsatlar\u0131 g\u00f6z \u00f6n\u00fcnde bulunduruyoruz. **E\u011fitim S\u00fcreci** \u00d6\u011fretim kadromuzun deneyimleri ve uzmanl\u0131klar\u0131yla desteklenen m\u00fcfredat\u0131m\u0131z, \u00f6\u011frencilere B\u00fcro Hizmetleri ve Sekreterlik alan\u0131ndaki temel kavramlar ve becerilerin [&hellip;]<\/p>\n","protected":false},"author":1,"featured_media":0,"parent":0,"menu_order":0,"comment_status":"closed","ping_status":"closed","template":"elementor_header_footer","meta":{"footnotes":""},"class_list":["post-5734","page","type-page","status-publish","hentry"],"_links":{"self":[{"href":"https:\/\/atauni.edu.tr\/buro-hizmetleri-ve-sekreterlik-bolumu-4\/wp-json\/wp\/v2\/pages\/5734","targetHints":{"allow":["GET"]}}],"collection":[{"href":"https:\/\/atauni.edu.tr\/buro-hizmetleri-ve-sekreterlik-bolumu-4\/wp-json\/wp\/v2\/pages"}],"about":[{"href":"https:\/\/atauni.edu.tr\/buro-hizmetleri-ve-sekreterlik-bolumu-4\/wp-json\/wp\/v2\/types\/page"}],"author":[{"embeddable":true,"href":"https:\/\/atauni.edu.tr\/buro-hizmetleri-ve-sekreterlik-bolumu-4\/wp-json\/wp\/v2\/users\/1"}],"replies":[{"embeddable":true,"href":"https:\/\/atauni.edu.tr\/buro-hizmetleri-ve-sekreterlik-bolumu-4\/wp-json\/wp\/v2\/comments?post=5734"}],"version-history":[{"count":20,"href":"https:\/\/atauni.edu.tr\/buro-hizmetleri-ve-sekreterlik-bolumu-4\/wp-json\/wp\/v2\/pages\/5734\/revisions"}],"predecessor-version":[{"id":6103,"href":"https:\/\/atauni.edu.tr\/buro-hizmetleri-ve-sekreterlik-bolumu-4\/wp-json\/wp\/v2\/pages\/5734\/revisions\/6103"}],"wp:attachment":[{"href":"https:\/\/atauni.edu.tr\/buro-hizmetleri-ve-sekreterlik-bolumu-4\/wp-json\/wp\/v2\/media?parent=5734"}],"curies":[{"name":"wp","href":"https:\/\/api.w.org\/{rel}","templated":true}]}}