{"id":5765,"date":"2021-07-13T12:56:51","date_gmt":"2021-07-13T09:56:51","guid":{"rendered":"https:\/\/portaltest.atauni.edu.tr\/bilgisayar-muhendisligi\/?page_id=5765"},"modified":"2021-08-27T15:48:18","modified_gmt":"2021-08-27T12:48:18","slug":"anabilim-dallari","status":"publish","type":"page","link":"https:\/\/atauni.edu.tr\/buro-hizmetleri-ve-sekreterlik-bolumu-4\/anabilim-dallari\/","title":{"rendered":"Anabilim Dallar\u0131"},"content":{"rendered":"\t\t<div data-elementor-type=\"wp-page\" data-elementor-id=\"5765\" class=\"elementor elementor-5765\" data-elementor-post-type=\"page\">\n\t\t\t\t\t\t<section class=\"elementor-section elementor-top-section elementor-element elementor-element-730d320 elementor-section-boxed elementor-section-height-default elementor-section-height-default\" data-id=\"730d320\" data-element_type=\"section\">\n\t\t\t\t\t\t<div class=\"elementor-container elementor-column-gap-default\">\n\t\t\t\t\t<div class=\"elementor-column elementor-col-100 elementor-top-column elementor-element elementor-element-753d0860\" data-id=\"753d0860\" data-element_type=\"column\">\n\t\t\t<div class=\"elementor-widget-wrap\">\n\t\t\t\t\t\t\t<\/div>\n\t\t<\/div>\n\t\t\t\t\t<\/div>\n\t\t<\/section>\n\t\t\t\t<section class=\"elementor-section elementor-top-section elementor-element elementor-element-9be811a elementor-section-boxed elementor-section-height-default elementor-section-height-default\" data-id=\"9be811a\" data-element_type=\"section\">\n\t\t\t\t\t\t<div class=\"elementor-container elementor-column-gap-default\">\n\t\t\t\t\t<div class=\"elementor-column elementor-col-100 elementor-top-column elementor-element elementor-element-1ed847b7\" data-id=\"1ed847b7\" data-element_type=\"column\">\n\t\t\t<div class=\"elementor-widget-wrap elementor-element-populated\">\n\t\t\t\t\t\t<div class=\"elementor-element elementor-element-4ce0d07f elementor-widget elementor-widget-heading\" data-id=\"4ce0d07f\" data-element_type=\"widget\" data-widget_type=\"heading.default\">\n\t\t\t\t<div class=\"elementor-widget-container\">\n\t\t\t\t\t<h2 class=\"elementor-heading-title elementor-size-default\">Anabilim Dallar\u0131<\/h2>\t\t\t\t<\/div>\n\t\t\t\t<\/div>\n\t\t\t\t<div class=\"elementor-element elementor-element-63260862 elementor-widget-divider--view-line elementor-widget elementor-widget-divider\" data-id=\"63260862\" data-element_type=\"widget\" data-widget_type=\"divider.default\">\n\t\t\t\t<div class=\"elementor-widget-container\">\n\t\t\t\t\t\t\t<div class=\"elementor-divider\">\n\t\t\t<span class=\"elementor-divider-separator\">\n\t\t\t\t\t\t<\/span>\n\t\t<\/div>\n\t\t\t\t\t\t<\/div>\n\t\t\t\t<\/div>\n\t\t\t\t\t<\/div>\n\t\t<\/div>\n\t\t\t\t\t<\/div>\n\t\t<\/section>\n\t\t\t\t<section class=\"elementor-section elementor-top-section elementor-element elementor-element-681db8b elementor-section-boxed elementor-section-height-default elementor-section-height-default\" data-id=\"681db8b\" data-element_type=\"section\">\n\t\t\t\t\t\t<div class=\"elementor-container elementor-column-gap-default\">\n\t\t\t\t\t<div class=\"elementor-column elementor-col-100 elementor-top-column elementor-element elementor-element-ad4dac5\" data-id=\"ad4dac5\" data-element_type=\"column\">\n\t\t\t<div class=\"elementor-widget-wrap elementor-element-populated\">\n\t\t\t\t\t\t<div class=\"elementor-element elementor-element-2f96b3d elementor-widget elementor-widget-text-editor\" data-id=\"2f96b3d\" data-element_type=\"widget\" data-widget_type=\"text-editor.default\">\n\t\t\t\t<div class=\"elementor-widget-container\">\n\t\t\t\t\t\t\t\t\t<p>Anabilim dallar\u0131, \u00fcniversite b\u00fcnyesinde akademik \u00e7al\u0131\u015fma ve ara\u015ft\u0131rmalar\u0131n y\u00fcr\u00fct\u00fcld\u00fc\u011f\u00fc temel yap\u0131lardan biri olarak g\u00f6r\u00fcl\u00fcyor. Atat\u00fcrk \u00dcniversitesi B\u00fcro Hizmetleri ve Sekreterlik B\u00f6l\u00fcm\u00fc gibi b\u00f6l\u00fcmlerde anabilim dallar\u0131, b\u00f6l\u00fcm\u00fcn ama\u00e7lar\u0131na uygun bir \u015fekilde organize ediliyor.<\/p>\n<p>Bu b\u00f6l\u00fcmde muhtemelen bulunan anabilim dallar\u0131 aras\u0131nda b\u00fcro y\u00f6netimi, sekreterlik uygulamalar\u0131, ofis y\u00f6netim sistemleri, ileti\u015fim ve organizasyon gibi alanlar olabilir. \u00d6\u011frencilerin e\u011fitimlerini desteklemek ve sekt\u00f6r\u00fcn gereksinimlerine uygun bir \u015fekilde yeti\u015ftirmek i\u00e7in bu t\u00fcr anabilim dallar\u0131 \u00f6nemli bir role sahip oluyor.<\/p>\n<p>Anabilim dallar\u0131nda y\u00fcr\u00fct\u00fclen \u00e7al\u0131\u015fmalar, \u00f6\u011frencilere teorik ve pratik bilgiler kazand\u0131rarak, b\u00fcro hizmetleri ve sekreterlik alan\u0131nda uzmanla\u015fmalar\u0131na yard\u0131mc\u0131 olmay\u0131 hedefliyor. Ayr\u0131ca, \u00f6\u011frencilerin mezuniyet sonras\u0131 kariyerlerinde ba\u015far\u0131l\u0131 olabilmeleri i\u00e7in gerekli olan beceri ve bilgileri edinmeleri sa\u011flan\u0131yor.<\/p>\n<p>Bu b\u00f6l\u00fcmden mezun olan \u00f6\u011frenciler, kamu kurumlar\u0131 ve \u00f6zel sekt\u00f6rde b\u00fcro y\u00f6netimi, sekreterlik ve ilgili alanlarda \u00e7al\u0131\u015fabiliyorlar. Anabilim dallar\u0131, \u00f6\u011frencilerin i\u015f ya\u015fam\u0131na haz\u0131rlanmalar\u0131n\u0131 ve sekt\u00f6r\u00fcn gereksinimlerini kar\u015f\u0131lamalar\u0131na yard\u0131mc\u0131 oluyor.<\/p>\t\t\t\t\t\t\t\t<\/div>\n\t\t\t\t<\/div>\n\t\t\t\t\t<\/div>\n\t\t<\/div>\n\t\t\t\t\t<\/div>\n\t\t<\/section>\n\t\t\t\t<\/div>\n\t\t","protected":false},"excerpt":{"rendered":"<p>B\u00fcro Hizmetleri ve Sekreterlik B\u00f6l\u00fcm\u00fc Anabilim Dallar\u0131 ===================================================== B\u00fcro Hizmetleri ve Sekreterlik B\u00f6l\u00fcm\u00fc, \u00f6\u011frencilerin b\u00fcro y\u00f6netimi ve sekreterlik alan\u0131nda uzmanla\u015fmalar\u0131n\u0131 sa\u011flayan bir b\u00f6l\u00fcmd\u00fcr. B\u00f6l\u00fcm\u00fcm\u00fcz alt\u0131nda bulunan anabilim dallar\u0131, \u00f6\u011frencilere \u00e7e\u015fitli konularda derinlemesine bilgi ve beceri kazand\u0131rarak sekt\u00f6rde ba\u015far\u0131l\u0131 olmalar\u0131n\u0131 sa\u011flar. ### 1. B\u00fcro Y\u00f6netimi Anabilim Dal\u0131 B\u00fcro Y\u00f6netimi Anabilim Dal\u0131, b\u00fcronun etkili ve verimli bir [&hellip;]<\/p>\n","protected":false},"author":1,"featured_media":0,"parent":0,"menu_order":0,"comment_status":"closed","ping_status":"closed","template":"elementor_header_footer","meta":{"footnotes":""},"class_list":["post-5765","page","type-page","status-publish","hentry"],"_links":{"self":[{"href":"https:\/\/atauni.edu.tr\/buro-hizmetleri-ve-sekreterlik-bolumu-4\/wp-json\/wp\/v2\/pages\/5765","targetHints":{"allow":["GET"]}}],"collection":[{"href":"https:\/\/atauni.edu.tr\/buro-hizmetleri-ve-sekreterlik-bolumu-4\/wp-json\/wp\/v2\/pages"}],"about":[{"href":"https:\/\/atauni.edu.tr\/buro-hizmetleri-ve-sekreterlik-bolumu-4\/wp-json\/wp\/v2\/types\/page"}],"author":[{"embeddable":true,"href":"https:\/\/atauni.edu.tr\/buro-hizmetleri-ve-sekreterlik-bolumu-4\/wp-json\/wp\/v2\/users\/1"}],"replies":[{"embeddable":true,"href":"https:\/\/atauni.edu.tr\/buro-hizmetleri-ve-sekreterlik-bolumu-4\/wp-json\/wp\/v2\/comments?post=5765"}],"version-history":[{"count":8,"href":"https:\/\/atauni.edu.tr\/buro-hizmetleri-ve-sekreterlik-bolumu-4\/wp-json\/wp\/v2\/pages\/5765\/revisions"}],"predecessor-version":[{"id":6082,"href":"https:\/\/atauni.edu.tr\/buro-hizmetleri-ve-sekreterlik-bolumu-4\/wp-json\/wp\/v2\/pages\/5765\/revisions\/6082"}],"wp:attachment":[{"href":"https:\/\/atauni.edu.tr\/buro-hizmetleri-ve-sekreterlik-bolumu-4\/wp-json\/wp\/v2\/media?parent=5765"}],"curies":[{"name":"wp","href":"https:\/\/api.w.org\/{rel}","templated":true}]}}