{"id":5734,"date":"2021-07-13T11:37:45","date_gmt":"2021-07-13T08:37:45","guid":{"rendered":"https:\/\/portaltest.atauni.edu.tr\/bilgisayar-muhendisligi\/?page_id=5734"},"modified":"2021-08-27T15:50:14","modified_gmt":"2021-08-27T12:50:14","slug":"ogrenci-deneyimi","status":"publish","type":"page","link":"https:\/\/atauni.edu.tr\/cagdas-turk-lehceleri-ve-edebiyatlari\/ogrenci-deneyimi\/","title":{"rendered":"\u00d6\u011frenci Deneyimi"},"content":{"rendered":"\t\t<div data-elementor-type=\"wp-page\" data-elementor-id=\"5734\" class=\"elementor elementor-5734\" data-elementor-post-type=\"page\">\n\t\t\t\t\t\t<section class=\"elementor-section elementor-top-section elementor-element elementor-element-730d320 elementor-section-boxed elementor-section-height-default elementor-section-height-default\" data-id=\"730d320\" data-element_type=\"section\">\n\t\t\t\t\t\t<div class=\"elementor-container elementor-column-gap-default\">\n\t\t\t\t\t<div class=\"elementor-column elementor-col-100 elementor-top-column elementor-element elementor-element-753d0860\" data-id=\"753d0860\" data-element_type=\"column\">\n\t\t\t<div class=\"elementor-widget-wrap\">\n\t\t\t\t\t\t\t<\/div>\n\t\t<\/div>\n\t\t\t\t\t<\/div>\n\t\t<\/section>\n\t\t\t\t<section class=\"elementor-section elementor-top-section elementor-element elementor-element-9be811a elementor-section-boxed elementor-section-height-default elementor-section-height-default\" data-id=\"9be811a\" data-element_type=\"section\">\n\t\t\t\t\t\t<div class=\"elementor-container elementor-column-gap-default\">\n\t\t\t\t\t<div class=\"elementor-column elementor-col-100 elementor-top-column elementor-element elementor-element-1ed847b7\" data-id=\"1ed847b7\" data-element_type=\"column\">\n\t\t\t<div class=\"elementor-widget-wrap elementor-element-populated\">\n\t\t\t\t\t\t<div class=\"elementor-element elementor-element-4ce0d07f elementor-widget elementor-widget-heading\" data-id=\"4ce0d07f\" data-element_type=\"widget\" data-widget_type=\"heading.default\">\n\t\t\t\t<div class=\"elementor-widget-container\">\n\t\t\t\t\t<h2 class=\"elementor-heading-title elementor-size-default\">\u00d6\u011frenci Deneyimi<\/h2>\t\t\t\t<\/div>\n\t\t\t\t<\/div>\n\t\t\t\t<div class=\"elementor-element elementor-element-63260862 elementor-widget-divider--view-line elementor-widget elementor-widget-divider\" data-id=\"63260862\" data-element_type=\"widget\" data-widget_type=\"divider.default\">\n\t\t\t\t<div class=\"elementor-widget-container\">\n\t\t\t\t\t\t\t<div class=\"elementor-divider\">\n\t\t\t<span class=\"elementor-divider-separator\">\n\t\t\t\t\t\t<\/span>\n\t\t<\/div>\n\t\t\t\t\t\t<\/div>\n\t\t\t\t<\/div>\n\t\t\t\t\t<\/div>\n\t\t<\/div>\n\t\t\t\t\t<\/div>\n\t\t<\/section>\n\t\t\t\t<section class=\"elementor-section elementor-top-section elementor-element elementor-element-4debb41 elementor-section-boxed elementor-section-height-default elementor-section-height-default\" data-id=\"4debb41\" data-element_type=\"section\">\n\t\t\t\t\t\t<div class=\"elementor-container elementor-column-gap-default\">\n\t\t\t\t\t<div class=\"elementor-column elementor-col-100 elementor-top-column elementor-element elementor-element-28420b1\" data-id=\"28420b1\" data-element_type=\"column\">\n\t\t\t<div class=\"elementor-widget-wrap elementor-element-populated\">\n\t\t\t\t\t\t<div class=\"elementor-element elementor-element-e007b90 elementor-widget elementor-widget-ova_testimonial\" data-id=\"e007b90\" data-element_type=\"widget\" data-settings=\"{&quot;pause_on_hover&quot;:&quot;yes&quot;,&quot;infinite&quot;:&quot;yes&quot;,&quot;autoplay&quot;:&quot;yes&quot;,&quot;autoplay_speed&quot;:3000,&quot;dot_control&quot;:&quot;yes&quot;}\" data-widget_type=\"ova_testimonial.default\">\n\t\t\t\t<div class=\"elementor-widget-container\">\n\t\t\t\t\t\n\t\t\n\t\t\t<section class=\"ova-testimonial \">\n\t\t\t\t<div class=\"slide-testimonials owl-carousel owl-theme\" data-options=\"{&quot;items&quot;:3,&quot;slideBy&quot;:1,&quot;margin&quot;:30,&quot;autoplayHoverPause&quot;:true,&quot;loop&quot;:true,&quot;autoplay&quot;:true,&quot;autoplayTimeout&quot;:3000,&quot;smartSpeed&quot;:500,&quot;dots&quot;:true}\">\n\t\t\t\t\t\t\t\t\t\t\t<div class=\"item\">\n\t\t\t\t\t\t\t<div class=\"client_info\">\n\t\t\t\t\t\t\t\t\t\t\t\t\t\t\t\t\t<p class=\"evaluate\">\u00d6\u011frenci Deneyimi\nAtat\u00fcrk \u00dcniversitesi \u00c7a\u011fda\u015f T\u00fcrk Leh\u00e7eleri ve Edebiyatlar\u0131 b\u00f6l\u00fcm\u00fc, \u00f6\u011frencilerine zengin bir \u00f6\u011frenim deneyimi sunar. B\u00f6l\u00fcm\u00fcn akademik kadrosu, \u00f6\u011frencilere T\u00fcrk dili ve edebiyat\u0131n\u0131n \u00e7e\u015fitli y\u00f6nlerini kapsaml\u0131 bir \u015fekilde \u00f6\u011fretmeyi ama\u00e7lar.\n\n\u00d6\u011frenciler, \u00e7a\u011fda\u015f T\u00fcrk leh\u00e7elerinin dilbilgisi, s\u00f6zvarl\u0131\u011f\u0131 ve tarihi geli\u015fimi hakk\u0131nda derinlemesine bilgi sahibi olurlar. Ayr\u0131ca, T\u00fcrk edebiyat\u0131n\u0131n \u00f6nemli eserleri ve yazarlar\u0131 ile ilgili detayl\u0131 analizler yapar ve ele\u015ftiriler entwickirler.\n\nB\u00f6l\u00fcm\u00fcn \u00f6\u011fretim yakla\u015f\u0131m\u0131, \u00f6\u011frencilerin aktif kat\u0131l\u0131m\u0131n\u0131 te\u015fvik eder. S\u0131n\u0131f i\u00e7i tart\u0131\u015fmalar, grup \u00e7al\u0131\u015fmalar\u0131 ve sunumlar gibi \u00e7e\u015fitli etkinlikler, \u00f6\u011frencilerin d\u00fc\u015f\u00fcncelerini \u00f6zg\u00fcrce ifade etmelerine olanak tan\u0131r.\n\nAyr\u0131ca, b\u00f6l\u00fcm \u00f6\u011frencilerine mezuniyet sonras\u0131 kariyer f\u0131rsatlar\u0131 hakk\u0131nda rehberlik hizmeti de sa\u011flar. \u00d6\u011frenciler, akademik dan\u0131\u015fmanlar\u0131yla birlikte kariyer hedeflerini belirler ve bu hedeflere ula\u015fmak i\u00e7in gerekli ad\u0131mlar\u0131 atarlar.\n\nSonu\u00e7 olarak, Atat\u00fcrk \u00dcniversitesi \u00c7a\u011fda\u015f T\u00fcrk Leh\u00e7eleri ve Edebiyatlar\u0131 b\u00f6l\u00fcm\u00fc, \u00f6\u011frencilerine zengin bir \u00f6\u011frenim deneyimi sunar ve onlar\u0131 gelecekte ba\u015far\u0131l\u0131 olmak i\u00e7in donat\u0131r.<\/p>\n\t\t\t\t\t\t\t\t\n\t\t\t\t\t\t\t\t<div class=\"info\">\n\t\t\t\t\t\t\t\t\t\t\t\t\t\t\t\t\t\t<div class=\"name-job\">\n\t\t\t\t\t\t\t\t\t\t\t\t\t\t\t\t\t\t\t\t\t<p class=\"name second_font\">\u00d6\u011frenci Deneyimi\nAtat\u00fcrk \u00dcniversitesi \u00c7a\u011fda\u015f T\u00fcrk Leh\u00e7eleri ve Edebiyatlar\u0131 b\u00f6l\u00fcm\u00fc, \u00f6\u011frencilerine zengin bir \u00f6\u011frenim deneyimi sunar. B\u00f6l\u00fcm\u00fcn akademik kadrosu, \u00f6\u011frencilere T\u00fcrk dili ve edebiyat\u0131n\u0131n \u00e7e\u015fitli y\u00f6nlerini kapsaml\u0131 bir \u015fekilde \u00f6\u011fretmeyi ama\u00e7lar.\n\n\u00d6\u011frenciler, \u00e7a\u011fda\u015f T\u00fcrk leh\u00e7elerinin dilbilgisi, s\u00f6zvarl\u0131\u011f\u0131 ve tarihi geli\u015fimi hakk\u0131nda derinlemesine bilgi sahibi olurlar. Ayr\u0131ca, T\u00fcrk edebiyat\u0131n\u0131n \u00f6nemli eserleri ve yazarlar\u0131 ile ilgili detayl\u0131 analizler yapar ve ele\u015ftiriler entwickirler.\n\nB\u00f6l\u00fcm\u00fcn \u00f6\u011fretim yakla\u015f\u0131m\u0131, \u00f6\u011frencilerin aktif kat\u0131l\u0131m\u0131n\u0131 te\u015fvik eder. S\u0131n\u0131f i\u00e7i tart\u0131\u015fmalar, grup \u00e7al\u0131\u015fmalar\u0131 ve sunumlar gibi \u00e7e\u015fitli etkinlikler, \u00f6\u011frencilerin d\u00fc\u015f\u00fcncelerini \u00f6zg\u00fcrce ifade etmelerine olanak tan\u0131r.\n\nAyr\u0131ca, b\u00f6l\u00fcm \u00f6\u011frencilerine mezuniyet sonras\u0131 kariyer f\u0131rsatlar\u0131 hakk\u0131nda rehberlik hizmeti de sa\u011flar. \u00d6\u011frenciler, akademik dan\u0131\u015fmanlar\u0131yla birlikte kariyer hedeflerini belirler ve bu hedeflere ula\u015fmak i\u00e7in gerekli ad\u0131mlar\u0131 atarlar.\n\nSonu\u00e7 olarak, Atat\u00fcrk \u00dcniversitesi \u00c7a\u011fda\u015f T\u00fcrk Leh\u00e7eleri ve Edebiyatlar\u0131 b\u00f6l\u00fcm\u00fc, \u00f6\u011frencilerine zengin bir \u00f6\u011frenim deneyimi sunar ve onlar\u0131 gelecekte ba\u015far\u0131l\u0131 olmak i\u00e7in donat\u0131r.<\/p>\n\t\t\t\t\t\t\t\t\t\t\t\t\t\t\t\t\t\t\t\t\t\t\t\t\t\t\t\t\t\t\t<p class=\"job\">\u00d6\u011frenci Deneyimi\nAtat\u00fcrk \u00dcniversitesi \u00c7a\u011fda\u015f T\u00fcrk Leh\u00e7eleri ve Edebiyatlar\u0131 b\u00f6l\u00fcm\u00fc, \u00f6\u011frencilerine zengin bir \u00f6\u011frenim deneyimi sunar. B\u00f6l\u00fcm\u00fcn akademik kadrosu, \u00f6\u011frencilere T\u00fcrk dili ve edebiyat\u0131n\u0131n \u00e7e\u015fitli y\u00f6nlerini kapsaml\u0131 bir \u015fekilde \u00f6\u011fretmeyi ama\u00e7lar.\n\n\u00d6\u011frenciler, \u00e7a\u011fda\u015f T\u00fcrk leh\u00e7elerinin dilbilgisi, s\u00f6zvarl\u0131\u011f\u0131 ve tarihi geli\u015fimi hakk\u0131nda derinlemesine bilgi sahibi olurlar. Ayr\u0131ca, T\u00fcrk edebiyat\u0131n\u0131n \u00f6nemli eserleri ve yazarlar\u0131 ile ilgili detayl\u0131 analizler yapar ve ele\u015ftiriler entwickirler.\n\nB\u00f6l\u00fcm\u00fcn \u00f6\u011fretim yakla\u015f\u0131m\u0131, \u00f6\u011frencilerin aktif kat\u0131l\u0131m\u0131n\u0131 te\u015fvik eder. S\u0131n\u0131f i\u00e7i tart\u0131\u015fmalar, grup \u00e7al\u0131\u015fmalar\u0131 ve sunumlar gibi \u00e7e\u015fitli etkinlikler, \u00f6\u011frencilerin d\u00fc\u015f\u00fcncelerini \u00f6zg\u00fcrce ifade etmelerine olanak tan\u0131r.\n\nAyr\u0131ca, b\u00f6l\u00fcm \u00f6\u011frencilerine mezuniyet sonras\u0131 kariyer f\u0131rsatlar\u0131 hakk\u0131nda rehberlik hizmeti de sa\u011flar. \u00d6\u011frenciler, akademik dan\u0131\u015fmanlar\u0131yla birlikte kariyer hedeflerini belirler ve bu hedeflere ula\u015fmak i\u00e7in gerekli ad\u0131mlar\u0131 atarlar.\n\nSonu\u00e7 olarak, Atat\u00fcrk \u00dcniversitesi \u00c7a\u011fda\u015f T\u00fcrk Leh\u00e7eleri ve Edebiyatlar\u0131 b\u00f6l\u00fcm\u00fc, \u00f6\u011frencilerine zengin bir \u00f6\u011frenim deneyimi sunar ve onlar\u0131 gelecekte ba\u015far\u0131l\u0131 olmak i\u00e7in donat\u0131r.<\/p>\n\t\t\t\t\t\t\t\t\t\t\t\t\t\t\t\t\t\t\t<\/div>\n\t\t\t\t\t\t\t\t<\/div>\n\t\t\t\t\t\t\t\t\n\t\t\t\t\t\t\t\t\t\t\t\t\t\t\t\t\t<div class=\"icon-quote\">\n\t\t\t\t\t\t\t\t\t\t<span class=\"flaticon-left-quote-1\"><\/span>\n\t\t\t\t\t\t\t\t\t<\/div>\n\t\t\t\t\t\t\t\t\t\t\t\t\t\t\t<\/div>\n\t\t\t\t\t\t<\/div>\n\t\t\t\t\t\t\t\t\t<\/div>\n\t\t\t<\/section>\n\n\t\t\t\t\n\t\t\t\t\t\t<\/div>\n\t\t\t\t<\/div>\n\t\t\t\t\t<\/div>\n\t\t<\/div>\n\t\t\t\t\t<\/div>\n\t\t<\/section>\n\t\t\t\t<\/div>\n\t\t","protected":false},"excerpt":{"rendered":"<p>\u00c7a\u011fda\u015f T\u00fcrk Leh\u00e7eleri ve Edebiyatlar\u0131 b\u00f6l\u00fcm\u00fcm\u00fczde \u00f6\u011frencilerimize zengin bir akademik deneyim sunmak i\u00e7in \u00e7e\u015fitli olanaklar sunuyoruz. \u00d6\u011frenci deneyimi, bizim i\u00e7in \u00f6nem ta\u015f\u0131maktad\u0131r ve \u00f6\u011frencilerin akademik ba\u015far\u0131lar\u0131n\u0131n yan\u0131 s\u0131ra ki\u015fisel geli\u015fimlerine de katk\u0131da bulunmay\u0131 hedefliyoruz. \u00d6\u011frencilere sundu\u011fumuz imkanlar aras\u0131nda dil e\u011fitimi at\u00f6lyeleri, edebiyat.workshoplar\u0131 ve k\u00fclt\u00fcrel etkinlikler yer almaktad\u0131r. Bu faaliyetler sayesinde \u00f6\u011frenciler, T\u00fcrk leh\u00e7eleri ve edebiyat\u0131 [&hellip;]<\/p>\n","protected":false},"author":1,"featured_media":0,"parent":0,"menu_order":0,"comment_status":"closed","ping_status":"closed","template":"elementor_header_footer","meta":{"footnotes":""},"class_list":["post-5734","page","type-page","status-publish","hentry"],"_links":{"self":[{"href":"https:\/\/atauni.edu.tr\/cagdas-turk-lehceleri-ve-edebiyatlari\/wp-json\/wp\/v2\/pages\/5734","targetHints":{"allow":["GET"]}}],"collection":[{"href":"https:\/\/atauni.edu.tr\/cagdas-turk-lehceleri-ve-edebiyatlari\/wp-json\/wp\/v2\/pages"}],"about":[{"href":"https:\/\/atauni.edu.tr\/cagdas-turk-lehceleri-ve-edebiyatlari\/wp-json\/wp\/v2\/types\/page"}],"author":[{"embeddable":true,"href":"https:\/\/atauni.edu.tr\/cagdas-turk-lehceleri-ve-edebiyatlari\/wp-json\/wp\/v2\/users\/1"}],"replies":[{"embeddable":true,"href":"https:\/\/atauni.edu.tr\/cagdas-turk-lehceleri-ve-edebiyatlari\/wp-json\/wp\/v2\/comments?post=5734"}],"version-history":[{"count":20,"href":"https:\/\/atauni.edu.tr\/cagdas-turk-lehceleri-ve-edebiyatlari\/wp-json\/wp\/v2\/pages\/5734\/revisions"}],"predecessor-version":[{"id":6103,"href":"https:\/\/atauni.edu.tr\/cagdas-turk-lehceleri-ve-edebiyatlari\/wp-json\/wp\/v2\/pages\/5734\/revisions\/6103"}],"wp:attachment":[{"href":"https:\/\/atauni.edu.tr\/cagdas-turk-lehceleri-ve-edebiyatlari\/wp-json\/wp\/v2\/media?parent=5734"}],"curies":[{"name":"wp","href":"https:\/\/api.w.org\/{rel}","templated":true}]}}