{"id":6071,"date":"2021-08-27T15:45:02","date_gmt":"2021-08-27T12:45:02","guid":{"rendered":"http:\/\/birimler.atauni.edu.tr\/cagdas-turk-lehceleri-ve-edebiyatlari\/?page_id=6071"},"modified":"2026-04-22T15:48:46","modified_gmt":"2026-04-22T12:48:46","slug":"bolum-kurulu-kararlari","status":"publish","type":"page","link":"https:\/\/atauni.edu.tr\/cagdas-turk-lehceleri-ve-edebiyatlari\/bolum-kurulu-kararlari\/","title":{"rendered":"B\u00f6l\u00fcm Kurulu Kararlar\u0131"},"content":{"rendered":"\t\t<div data-elementor-type=\"wp-page\" data-elementor-id=\"6071\" class=\"elementor elementor-6071\" data-elementor-post-type=\"page\">\n\t\t\t\t\t\t<section class=\"elementor-section elementor-top-section elementor-element elementor-element-730d320 elementor-section-boxed elementor-section-height-default elementor-section-height-default\" data-id=\"730d320\" data-element_type=\"section\">\n\t\t\t\t\t\t<div class=\"elementor-container elementor-column-gap-default\">\n\t\t\t\t\t<div class=\"elementor-column elementor-col-100 elementor-top-column elementor-element elementor-element-753d0860\" data-id=\"753d0860\" data-element_type=\"column\">\n\t\t\t<div class=\"elementor-widget-wrap\">\n\t\t\t\t\t\t\t<\/div>\n\t\t<\/div>\n\t\t\t\t\t<\/div>\n\t\t<\/section>\n\t\t\t\t<section class=\"elementor-section elementor-top-section elementor-element elementor-element-9be811a elementor-section-boxed elementor-section-height-default elementor-section-height-default\" data-id=\"9be811a\" data-element_type=\"section\">\n\t\t\t\t\t\t<div class=\"elementor-container elementor-column-gap-default\">\n\t\t\t\t\t<div class=\"elementor-column elementor-col-100 elementor-top-column elementor-element elementor-element-1ed847b7\" data-id=\"1ed847b7\" data-element_type=\"column\">\n\t\t\t<div class=\"elementor-widget-wrap elementor-element-populated\">\n\t\t\t\t\t\t<div class=\"elementor-element elementor-element-4ce0d07f elementor-widget elementor-widget-heading\" data-id=\"4ce0d07f\" data-element_type=\"widget\" data-widget_type=\"heading.default\">\n\t\t\t\t<div class=\"elementor-widget-container\">\n\t\t\t\t\t<h2 class=\"elementor-heading-title elementor-size-default\">B\u00f6l\u00fcm Kurulu Kararlar\u0131<\/h2>\t\t\t\t<\/div>\n\t\t\t\t<\/div>\n\t\t\t\t<div class=\"elementor-element elementor-element-63260862 elementor-widget-divider--view-line elementor-widget elementor-widget-divider\" data-id=\"63260862\" data-element_type=\"widget\" data-widget_type=\"divider.default\">\n\t\t\t\t<div class=\"elementor-widget-container\">\n\t\t\t\t\t\t\t<div class=\"elementor-divider\">\n\t\t\t<span class=\"elementor-divider-separator\">\n\t\t\t\t\t\t<\/span>\n\t\t<\/div>\n\t\t\t\t\t\t<\/div>\n\t\t\t\t<\/div>\n\t\t\t\t\t<\/div>\n\t\t<\/div>\n\t\t\t\t\t<\/div>\n\t\t<\/section>\n\t\t\t\t<section class=\"elementor-section elementor-top-section elementor-element elementor-element-681db8b elementor-section-boxed elementor-section-height-default elementor-section-height-default\" data-id=\"681db8b\" data-element_type=\"section\">\n\t\t\t\t\t\t<div class=\"elementor-container elementor-column-gap-default\">\n\t\t\t\t\t<div class=\"elementor-column elementor-col-100 elementor-top-column elementor-element elementor-element-ad4dac5\" data-id=\"ad4dac5\" data-element_type=\"column\">\n\t\t\t<div class=\"elementor-widget-wrap elementor-element-populated\">\n\t\t\t\t\t\t<div class=\"elementor-element elementor-element-2f96b3d elementor-widget elementor-widget-text-editor\" data-id=\"2f96b3d\" data-element_type=\"widget\" data-widget_type=\"text-editor.default\">\n\t\t\t\t<div class=\"elementor-widget-container\">\n\t\t\t\t\t\t\t\t\t<div><p><a href=\"https:\/\/birimler.atauni.edu.tr\/cagdas-turk-lehceleri-ve-edebiyatlari\/ic-paydas-anket\/\" rel=\"attachment wp-att-9317\">\u0130\u00c7 PAYDA\u015e TOPLANTI TUTANA\u011eI<\/a><\/p><p><a href=\"https:\/\/birimler.atauni.edu.tr\/cagdas-turk-lehceleri-ve-edebiyatlari\/turk-dili-ve-edebiyati-cift-anadal-program-protokolu-2025\/\" rel=\"attachment wp-att-9048\">T\u00dcRK D\u0130L\u0130 VE EDEB\u0130YATI \u00c7\u0130FT ANADAL PROGRAM PROTOKOL\u00dc 2025<\/a><\/p><p><a href=\"https:\/\/birimler.atauni.edu.tr\/cagdas-turk-lehceleri-ve-edebiyatlari\/rus-dili-yandal-program-protokolu-2025-2\/\" rel=\"attachment wp-att-9056\">RUS D\u0130L\u0130 YANDAL PROGRAM PROTOKOL\u00dc 2025<\/a><\/p><\/div><div><a href=\"https:\/\/birimler.atauni.edu.tr\/cagdas-turk-lehceleri-ve-edebiyatlari\/fedek-toplanti-tutanagi-2\/\" rel=\"attachment wp-att-9074\">FEDEK TOPLANTI TUTANA\u011eI<\/a><\/div><div>\u00a0<\/div><p><a href=\"https:\/\/birimler.atauni.edu.tr\/cagdas-turk-lehceleri-ve-edebiyatlari\/adobe-scan-21-kas-2025\/\" rel=\"attachment wp-att-9318\">\u0130\u00c7 PAYDA\u015e TOPLANTI RAPORU<\/a><\/p><div><a href=\"https:\/\/atauni.edu.tr\/cagdas-turk-lehceleri-ve-edebiyatlari\/ogretim-programi-komisyonu-olusturma-toplanti-tutanagi\/\" rel=\"attachment wp-att-9646\">\u00d6\u011eRET\u0130M PROGRAMI KOM\u0130SYONU OLU\u015eTURMA TOPLANTI TUTANA\u011eI<\/a><\/div><div>\u00a0<\/div><div><a href=\"https:\/\/atauni.edu.tr\/cagdas-turk-lehceleri-ve-edebiyatlari\/ogretim-programi-gelistirme-lisans-ogrencisi-ic-paydas-toplanti-tutanagi\/\" rel=\"attachment wp-att-9648\">\u00d6\u011eRET\u0130M PROGRAMI GEL\u0130\u015eT\u0130RME L\u0130SANS \u00d6\u011eRENC\u0130S\u0130 (\u0130\u00c7 PAYDA\u015e) TOPLANTI TUTANA\u011eI<\/a><\/div><div>\u00a0<\/div><div><a href=\"https:\/\/atauni.edu.tr\/cagdas-turk-lehceleri-ve-edebiyatlari\/ogretim-programi-gelistirme-dis-paydas-mezun-ogrenci-toplanti-tutanagi\/\" rel=\"attachment wp-att-9649\">\u00d6\u011eRET\u0130M PROGRAMI GEL\u0130\u015eT\u0130RME DI\u015e PAYDA\u015e (MEZUN \u00d6\u011eRENC\u0130) TOPLANTI TUTANA\u011eI<\/a><\/div><div>\u00a0<\/div><div><a href=\"https:\/\/atauni.edu.tr\/cagdas-turk-lehceleri-ve-edebiyatlari\/ogretim-programi-gelistirme-ogretim-elemani-ic-paydas-toplanti-tutanagi\/\" rel=\"attachment wp-att-9734\">\u00d6\u011eRET\u0130M PROGRAMI GEL\u0130\u015eT\u0130RME \u00d6\u011eRET\u0130M ELEMANI (\u0130\u00c7 PAYDA\u015e) TOPLANTI TUTANA\u011eI<\/a><\/div><div>\u00a0<\/div>\t\t\t\t\t\t\t\t<\/div>\n\t\t\t\t<\/div>\n\t\t\t\t\t<\/div>\n\t\t<\/div>\n\t\t\t\t\t<\/div>\n\t\t<\/section>\n\t\t\t\t<\/div>\n\t\t","protected":false},"excerpt":{"rendered":"<p>B\u00f6l\u00fcm Kurulu Kararlar\u0131 \u0130\u00c7 PAYDA\u015e TOPLANTI TUTANA\u011eI T\u00dcRK D\u0130L\u0130 VE EDEB\u0130YATI \u00c7\u0130FT ANADAL PROGRAM PROTOKOL\u00dc 2025 RUS D\u0130L\u0130 YANDAL PROGRAM PROTOKOL\u00dc 2025 FEDEK TOPLANTI TUTANA\u011eI\u00a0 \u0130\u00c7 PAYDA\u015e TOPLANTI RAPORU \u00d6\u011eRET\u0130M PROGRAMI KOM\u0130SYONU OLU\u015eTURMA TOPLANTI TUTANA\u011eI\u00a0\u00d6\u011eRET\u0130M PROGRAMI GEL\u0130\u015eT\u0130RME L\u0130SANS \u00d6\u011eRENC\u0130S\u0130 (\u0130\u00c7 PAYDA\u015e) TOPLANTI TUTANA\u011eI\u00a0\u00d6\u011eRET\u0130M PROGRAMI GEL\u0130\u015eT\u0130RME DI\u015e PAYDA\u015e (MEZUN \u00d6\u011eRENC\u0130) TOPLANTI TUTANA\u011eI\u00a0\u00d6\u011eRET\u0130M PROGRAMI GEL\u0130\u015eT\u0130RME \u00d6\u011eRET\u0130M ELEMANI [&hellip;]<\/p>\n","protected":false},"author":1,"featured_media":0,"parent":0,"menu_order":0,"comment_status":"closed","ping_status":"closed","template":"elementor_header_footer","meta":{"footnotes":""},"class_list":["post-6071","page","type-page","status-publish","hentry"],"_links":{"self":[{"href":"https:\/\/atauni.edu.tr\/cagdas-turk-lehceleri-ve-edebiyatlari\/wp-json\/wp\/v2\/pages\/6071","targetHints":{"allow":["GET"]}}],"collection":[{"href":"https:\/\/atauni.edu.tr\/cagdas-turk-lehceleri-ve-edebiyatlari\/wp-json\/wp\/v2\/pages"}],"about":[{"href":"https:\/\/atauni.edu.tr\/cagdas-turk-lehceleri-ve-edebiyatlari\/wp-json\/wp\/v2\/types\/page"}],"author":[{"embeddable":true,"href":"https:\/\/atauni.edu.tr\/cagdas-turk-lehceleri-ve-edebiyatlari\/wp-json\/wp\/v2\/users\/1"}],"replies":[{"embeddable":true,"href":"https:\/\/atauni.edu.tr\/cagdas-turk-lehceleri-ve-edebiyatlari\/wp-json\/wp\/v2\/comments?post=6071"}],"version-history":[{"count":49,"href":"https:\/\/atauni.edu.tr\/cagdas-turk-lehceleri-ve-edebiyatlari\/wp-json\/wp\/v2\/pages\/6071\/revisions"}],"predecessor-version":[{"id":9737,"href":"https:\/\/atauni.edu.tr\/cagdas-turk-lehceleri-ve-edebiyatlari\/wp-json\/wp\/v2\/pages\/6071\/revisions\/9737"}],"wp:attachment":[{"href":"https:\/\/atauni.edu.tr\/cagdas-turk-lehceleri-ve-edebiyatlari\/wp-json\/wp\/v2\/media?parent=6071"}],"curies":[{"name":"wp","href":"https:\/\/api.w.org\/{rel}","templated":true}]}}