{"id":6762,"date":"2023-12-01T16:05:08","date_gmt":"2023-12-01T13:05:08","guid":{"rendered":"https:\/\/birimler.atauni.edu.tr\/calisma-ekonomisi-ve-endustri-iliskileri-bolumu-1\/?page_id=6762"},"modified":"2023-12-01T16:11:18","modified_gmt":"2023-12-01T13:11:18","slug":"akademik-danismanlik","status":"publish","type":"page","link":"https:\/\/atauni.edu.tr\/calisma-ekonomisi-ve-endustri-iliskileri-bolumu-1\/akademik-danismanlik\/","title":{"rendered":"Akademik Dan\u0131\u015fmanl\u0131k"},"content":{"rendered":"\t\t<div data-elementor-type=\"wp-page\" data-elementor-id=\"6762\" class=\"elementor elementor-6762\" data-elementor-post-type=\"page\">\n\t\t\t\t\t\t<section class=\"elementor-section elementor-top-section elementor-element elementor-element-74b263a elementor-section-boxed elementor-section-height-default elementor-section-height-default\" data-id=\"74b263a\" data-element_type=\"section\">\n\t\t\t\t\t\t<div class=\"elementor-container elementor-column-gap-default\">\n\t\t\t\t\t<div class=\"elementor-column elementor-col-100 elementor-top-column elementor-element elementor-element-7ecbe89\" data-id=\"7ecbe89\" data-element_type=\"column\">\n\t\t\t<div class=\"elementor-widget-wrap elementor-element-populated\">\n\t\t\t\t\t\t<div class=\"elementor-element elementor-element-4a78247 elementor-widget elementor-widget-text-editor\" data-id=\"4a78247\" data-element_type=\"widget\" data-widget_type=\"text-editor.default\">\n\t\t\t\t<div class=\"elementor-widget-container\">\n\t\t\t\t\t\t\t\t\t<p><span style=\"font-family: var( --e-global-typography-text-font-family ), Sans-serif;font-weight: var( --e-global-typography-text-font-weight );letter-spacing: 0px\">B\u00f6l\u00fcm\u00fcm\u00fczdeki t\u00fcm \u00f6\u011frencilerimize b\u00f6l\u00fcmdeki Doktora unvan\u0131na sahip \u00f6\u011fretim elemanlar\u0131m\u0131z taraf\u0131ndan akademik ment\u00f6rl\u00fck deste\u011fi verilerek, \u00f6\u011frencilerimizin fak\u00fclte, b\u00f6l\u00fcm, \u00fcniversite ya\u015fam\u0131 ve kariyer geli\u015fimi gibi konularda geli\u015fimlerine destek verilmesi ama\u00e7lanm\u0131\u015ft\u0131r. Bu kapsamda Akademik Dan\u0131\u015fmanl\u0131k sistemi i\u00e7erisinde \u00f6\u011fretim eleman\u0131 ve \u00f6\u011frenci e\u015fle\u015ftirmeleri sunulmu\u015ftur. 2023-2024 E\u011fitim \u00d6\u011fretim y\u0131l\u0131 i\u00e7in akademik dan\u0131\u015fmanl\u0131k e\u015fle\u015ftirmeleri g\u00fcncellenerek \u00d6\u011frenci Bilgi Sistemi \u00fczerinden b\u00f6l\u00fcm \u00f6\u011frencilerine bildirilmi\u015ftir. Ayr\u0131ca her bir \u00f6\u011fretim \u00fcyesinin dan\u0131\u015fmanl\u0131\u011f\u0131ndaki \u00f6\u011frencileri belirten bir liste ofis kap\u0131s\u0131 \u00fczerinde as\u0131lm\u0131\u015f durumdad\u0131r.&nbsp;<\/span><br><\/p>\n<p style=\"margin-top: 2rem;line-height: 1.5em\"><span style=\"font-weight: bolder\">Akademik Dan\u0131\u015fmanl\u0131k Saatleri&nbsp;<\/span><\/p>\n<p style=\"margin-top: 2rem;line-height: 1.5em\">Prof. Dr. Orhan \u00c7\u0131nar: Per\u015fembe 13.00-14.00<\/p>\n<p style=\"margin-top: 2rem;line-height: 1.5em\">Do\u00e7. Dr. Adnan K\u00fc\u00e7\u00fckali: Pazartesi 14.00-15.00<\/p>\n<p style=\"margin-top: 2rem;line-height: 1.5em\">Do\u00e7. Dr. Seda Kayapal\u0131 Y\u0131ld\u0131r\u0131m: Sal\u0131 13.00-14.00<\/p>\n<p style=\"margin-top: 2rem;line-height: 1.5em\">Do\u00e7. Dr. Serkan Naktiyok: Per\u015fembe 11.00-12.00<\/p>\n<p style=\"margin-top: 2rem;line-height: 1.5em\">Dr. \u00d6\u011fr. \u00dcyesi Ceyhun SER\u00c7EMEL\u0130 Per\u015fembe 14:00-17:00<\/p>\n<p style=\"margin-top: 2rem;line-height: 1.5em\">Dr. \u00d6\u011fr. \u00dcyesi Ensar BALKAYA: Pazartesi 10:00-12:00<\/p>\n<p style=\"margin-top: 2rem;line-height: 1.5em\">Ar\u015f. G\u00f6r. Dr. Olcay BESN\u0130L\u0130 MEM\u0130\u015e: Pazartesi 10:00-12:00<\/p>\t\t\t\t\t\t\t\t<\/div>\n\t\t\t\t<\/div>\n\t\t\t\t\t<\/div>\n\t\t<\/div>\n\t\t\t\t\t<\/div>\n\t\t<\/section>\n\t\t\t\t<\/div>\n\t\t","protected":false},"excerpt":{"rendered":"<p>B\u00f6l\u00fcm\u00fcm\u00fczdeki t\u00fcm \u00f6\u011frencilerimize b\u00f6l\u00fcmdeki Doktora unvan\u0131na sahip \u00f6\u011fretim elemanlar\u0131m\u0131z taraf\u0131ndan akademik ment\u00f6rl\u00fck deste\u011fi verilerek, \u00f6\u011frencilerimizin fak\u00fclte, b\u00f6l\u00fcm, \u00fcniversite ya\u015fam\u0131 ve kariyer geli\u015fimi gibi konularda geli\u015fimlerine destek verilmesi ama\u00e7lanm\u0131\u015ft\u0131r. Bu kapsamda Akademik Dan\u0131\u015fmanl\u0131k sistemi i\u00e7erisinde \u00f6\u011fretim eleman\u0131 ve \u00f6\u011frenci e\u015fle\u015ftirmeleri sunulmu\u015ftur. 2023-2024 E\u011fitim \u00d6\u011fretim y\u0131l\u0131 i\u00e7in akademik dan\u0131\u015fmanl\u0131k e\u015fle\u015ftirmeleri g\u00fcncellenerek \u00d6\u011frenci Bilgi Sistemi \u00fczerinden b\u00f6l\u00fcm \u00f6\u011frencilerine [&hellip;]<\/p>\n","protected":false},"author":512,"featured_media":0,"parent":0,"menu_order":0,"comment_status":"closed","ping_status":"closed","template":"","meta":{"footnotes":""},"class_list":["post-6762","page","type-page","status-publish","hentry"],"_links":{"self":[{"href":"https:\/\/atauni.edu.tr\/calisma-ekonomisi-ve-endustri-iliskileri-bolumu-1\/wp-json\/wp\/v2\/pages\/6762","targetHints":{"allow":["GET"]}}],"collection":[{"href":"https:\/\/atauni.edu.tr\/calisma-ekonomisi-ve-endustri-iliskileri-bolumu-1\/wp-json\/wp\/v2\/pages"}],"about":[{"href":"https:\/\/atauni.edu.tr\/calisma-ekonomisi-ve-endustri-iliskileri-bolumu-1\/wp-json\/wp\/v2\/types\/page"}],"author":[{"embeddable":true,"href":"https:\/\/atauni.edu.tr\/calisma-ekonomisi-ve-endustri-iliskileri-bolumu-1\/wp-json\/wp\/v2\/users\/512"}],"replies":[{"embeddable":true,"href":"https:\/\/atauni.edu.tr\/calisma-ekonomisi-ve-endustri-iliskileri-bolumu-1\/wp-json\/wp\/v2\/comments?post=6762"}],"version-history":[{"count":7,"href":"https:\/\/atauni.edu.tr\/calisma-ekonomisi-ve-endustri-iliskileri-bolumu-1\/wp-json\/wp\/v2\/pages\/6762\/revisions"}],"predecessor-version":[{"id":6771,"href":"https:\/\/atauni.edu.tr\/calisma-ekonomisi-ve-endustri-iliskileri-bolumu-1\/wp-json\/wp\/v2\/pages\/6762\/revisions\/6771"}],"wp:attachment":[{"href":"https:\/\/atauni.edu.tr\/calisma-ekonomisi-ve-endustri-iliskileri-bolumu-1\/wp-json\/wp\/v2\/media?parent=6762"}],"curies":[{"name":"wp","href":"https:\/\/api.w.org\/{rel}","templated":true}]}}