{"id":7468,"date":"2025-02-21T16:06:41","date_gmt":"2025-02-21T13:06:41","guid":{"rendered":"https:\/\/birimler.atauni.edu.tr\/cevre-muhendisligi\/?page_id=7468"},"modified":"2025-02-25T11:31:27","modified_gmt":"2025-02-25T08:31:27","slug":"komisyon-koordinatorluk-ve-temsilcilik-gorev-dagilimi","status":"publish","type":"page","link":"https:\/\/atauni.edu.tr\/cevre-muhendisligi\/komisyon-koordinatorluk-ve-temsilcilik-gorev-dagilimi\/","title":{"rendered":"Komisyon, Koordinat\u00f6rl\u00fck ve Temsilcilik G\u00f6rev Da\u011f\u0131l\u0131m\u0131"},"content":{"rendered":"\t\t<div data-elementor-type=\"wp-page\" data-elementor-id=\"7468\" class=\"elementor elementor-7468\" data-elementor-post-type=\"page\">\n\t\t\t\t\t\t<section class=\"elementor-section elementor-top-section elementor-element elementor-element-730d320 elementor-section-boxed elementor-section-height-default elementor-section-height-default\" data-id=\"730d320\" data-element_type=\"section\">\n\t\t\t\t\t\t<div class=\"elementor-container elementor-column-gap-default\">\n\t\t\t\t\t<div class=\"elementor-column elementor-col-100 elementor-top-column elementor-element elementor-element-753d0860\" data-id=\"753d0860\" data-element_type=\"column\">\n\t\t\t<div class=\"elementor-widget-wrap\">\n\t\t\t\t\t\t\t<\/div>\n\t\t<\/div>\n\t\t\t\t\t<\/div>\n\t\t<\/section>\n\t\t\t\t<section class=\"elementor-section elementor-top-section elementor-element elementor-element-9be811a elementor-section-boxed elementor-section-height-default elementor-section-height-default\" data-id=\"9be811a\" data-element_type=\"section\">\n\t\t\t\t\t\t<div class=\"elementor-container elementor-column-gap-default\">\n\t\t\t\t\t<div class=\"elementor-column elementor-col-100 elementor-top-column elementor-element elementor-element-1ed847b7\" data-id=\"1ed847b7\" data-element_type=\"column\">\n\t\t\t<div class=\"elementor-widget-wrap elementor-element-populated\">\n\t\t\t\t\t\t<div class=\"elementor-element elementor-element-4ce0d07f elementor-widget elementor-widget-heading\" data-id=\"4ce0d07f\" data-element_type=\"widget\" data-widget_type=\"heading.default\">\n\t\t\t\t<div class=\"elementor-widget-container\">\n\t\t\t\t\t<h2 class=\"elementor-heading-title elementor-size-default\"><a href=\"http:\/\/birimler.atauni.edu.tr\/cevre-muhendisligi\/wp-content\/uploads\/sites\/97\/2025\/02\/Cevre-Muhendisligi-Bolumu-Komisyon-Koordinatorluk-veTemsilci-Gorev-Dagilimi-1.pdf\">Komisyon, Koordinat\u00f6rl\u00fck ve Temsilcilik G\u00f6rev Da\u011f\u0131l\u0131m\u0131 <\/a><\/h2>\t\t\t\t<\/div>\n\t\t\t\t<\/div>\n\t\t\t\t<div class=\"elementor-element elementor-element-63260862 elementor-widget-divider--view-line elementor-widget elementor-widget-divider\" data-id=\"63260862\" data-element_type=\"widget\" data-widget_type=\"divider.default\">\n\t\t\t\t<div class=\"elementor-widget-container\">\n\t\t\t\t\t\t\t<div class=\"elementor-divider\">\n\t\t\t<span class=\"elementor-divider-separator\">\n\t\t\t\t\t\t<\/span>\n\t\t<\/div>\n\t\t\t\t\t\t<\/div>\n\t\t\t\t<\/div>\n\t\t\t\t\t<\/div>\n\t\t<\/div>\n\t\t\t\t\t<\/div>\n\t\t<\/section>\n\t\t\t\t<section class=\"elementor-section elementor-top-section elementor-element elementor-element-ec7df48 elementor-section-boxed elementor-section-height-default elementor-section-height-default\" data-id=\"ec7df48\" data-element_type=\"section\">\n\t\t\t\t\t\t<div class=\"elementor-container elementor-column-gap-default\">\n\t\t\t\t\t<div class=\"elementor-column elementor-col-100 elementor-top-column elementor-element elementor-element-06c2f99\" data-id=\"06c2f99\" data-element_type=\"column\">\n\t\t\t<div class=\"elementor-widget-wrap elementor-element-populated\">\n\t\t\t\t\t\t<div class=\"elementor-element elementor-element-fede9d7 elementor-widget elementor-widget-image\" data-id=\"fede9d7\" data-element_type=\"widget\" data-widget_type=\"image.default\">\n\t\t\t\t<div class=\"elementor-widget-container\">\n\t\t\t\t\t\t\t\t\t\t\t\t\t\t\t<img fetchpriority=\"high\" decoding=\"async\" width=\"724\" height=\"1024\" src=\"https:\/\/atauni.edu.tr\/cevre-muhendisligi\/wp-content\/uploads\/sites\/97\/2025\/02\/Cevre-Muhendisligi-Bolumu-Komisyon-Koordinatorluk-veTemsilci-Gorev-Dagilimi_page-0001-724x1024.jpg\" class=\"attachment-large size-large wp-image-7430\" alt=\"\" srcset=\"https:\/\/atauni.edu.tr\/cevre-muhendisligi\/wp-content\/uploads\/sites\/97\/2025\/02\/Cevre-Muhendisligi-Bolumu-Komisyon-Koordinatorluk-veTemsilci-Gorev-Dagilimi_page-0001-724x1024.jpg 724w, https:\/\/atauni.edu.tr\/cevre-muhendisligi\/wp-content\/uploads\/sites\/97\/2025\/02\/Cevre-Muhendisligi-Bolumu-Komisyon-Koordinatorluk-veTemsilci-Gorev-Dagilimi_page-0001-212x300.jpg 212w, https:\/\/atauni.edu.tr\/cevre-muhendisligi\/wp-content\/uploads\/sites\/97\/2025\/02\/Cevre-Muhendisligi-Bolumu-Komisyon-Koordinatorluk-veTemsilci-Gorev-Dagilimi_page-0001-768x1087.jpg 768w, https:\/\/atauni.edu.tr\/cevre-muhendisligi\/wp-content\/uploads\/sites\/97\/2025\/02\/Cevre-Muhendisligi-Bolumu-Komisyon-Koordinatorluk-veTemsilci-Gorev-Dagilimi_page-0001-1085x1536.jpg 1085w, https:\/\/atauni.edu.tr\/cevre-muhendisligi\/wp-content\/uploads\/sites\/97\/2025\/02\/Cevre-Muhendisligi-Bolumu-Komisyon-Koordinatorluk-veTemsilci-Gorev-Dagilimi_page-0001-424x600.jpg 424w, https:\/\/atauni.edu.tr\/cevre-muhendisligi\/wp-content\/uploads\/sites\/97\/2025\/02\/Cevre-Muhendisligi-Bolumu-Komisyon-Koordinatorluk-veTemsilci-Gorev-Dagilimi_page-0001-396x560.jpg 396w, https:\/\/atauni.edu.tr\/cevre-muhendisligi\/wp-content\/uploads\/sites\/97\/2025\/02\/Cevre-Muhendisligi-Bolumu-Komisyon-Koordinatorluk-veTemsilci-Gorev-Dagilimi_page-0001.jpg 1240w\" sizes=\"(max-width: 724px) 100vw, 724px\" \/>\t\t\t\t\t\t\t\t\t\t\t\t\t\t\t<\/div>\n\t\t\t\t<\/div>\n\t\t\t\t<div class=\"elementor-element elementor-element-5d7c0bd elementor-widget elementor-widget-image\" data-id=\"5d7c0bd\" data-element_type=\"widget\" data-widget_type=\"image.default\">\n\t\t\t\t<div class=\"elementor-widget-container\">\n\t\t\t\t\t\t\t\t\t\t\t\t\t\t\t<img decoding=\"async\" width=\"724\" height=\"1024\" src=\"https:\/\/atauni.edu.tr\/cevre-muhendisligi\/wp-content\/uploads\/sites\/97\/2025\/02\/Cevre-Muhendisligi-Bolumu-Komisyon-Koordinatorluk-veTemsilci-Gorev-Dagilimi_page-0002-724x1024.jpg\" class=\"attachment-large size-large wp-image-7431\" alt=\"\" srcset=\"https:\/\/atauni.edu.tr\/cevre-muhendisligi\/wp-content\/uploads\/sites\/97\/2025\/02\/Cevre-Muhendisligi-Bolumu-Komisyon-Koordinatorluk-veTemsilci-Gorev-Dagilimi_page-0002-724x1024.jpg 724w, https:\/\/atauni.edu.tr\/cevre-muhendisligi\/wp-content\/uploads\/sites\/97\/2025\/02\/Cevre-Muhendisligi-Bolumu-Komisyon-Koordinatorluk-veTemsilci-Gorev-Dagilimi_page-0002-212x300.jpg 212w, https:\/\/atauni.edu.tr\/cevre-muhendisligi\/wp-content\/uploads\/sites\/97\/2025\/02\/Cevre-Muhendisligi-Bolumu-Komisyon-Koordinatorluk-veTemsilci-Gorev-Dagilimi_page-0002-768x1087.jpg 768w, https:\/\/atauni.edu.tr\/cevre-muhendisligi\/wp-content\/uploads\/sites\/97\/2025\/02\/Cevre-Muhendisligi-Bolumu-Komisyon-Koordinatorluk-veTemsilci-Gorev-Dagilimi_page-0002-1085x1536.jpg 1085w, https:\/\/atauni.edu.tr\/cevre-muhendisligi\/wp-content\/uploads\/sites\/97\/2025\/02\/Cevre-Muhendisligi-Bolumu-Komisyon-Koordinatorluk-veTemsilci-Gorev-Dagilimi_page-0002-424x600.jpg 424w, https:\/\/atauni.edu.tr\/cevre-muhendisligi\/wp-content\/uploads\/sites\/97\/2025\/02\/Cevre-Muhendisligi-Bolumu-Komisyon-Koordinatorluk-veTemsilci-Gorev-Dagilimi_page-0002-396x560.jpg 396w, https:\/\/atauni.edu.tr\/cevre-muhendisligi\/wp-content\/uploads\/sites\/97\/2025\/02\/Cevre-Muhendisligi-Bolumu-Komisyon-Koordinatorluk-veTemsilci-Gorev-Dagilimi_page-0002.jpg 1240w\" sizes=\"(max-width: 724px) 100vw, 724px\" \/>\t\t\t\t\t\t\t\t\t\t\t\t\t\t\t<\/div>\n\t\t\t\t<\/div>\n\t\t\t\t<div class=\"elementor-element elementor-element-7017332 elementor-widget elementor-widget-image\" data-id=\"7017332\" data-element_type=\"widget\" data-widget_type=\"image.default\">\n\t\t\t\t<div class=\"elementor-widget-container\">\n\t\t\t\t\t\t\t\t\t\t\t\t\t\t\t<img decoding=\"async\" width=\"724\" height=\"1024\" src=\"https:\/\/atauni.edu.tr\/cevre-muhendisligi\/wp-content\/uploads\/sites\/97\/2025\/02\/Cevre-Muhendisligi-Bolumu-Komisyon-Koordinatorluk-veTemsilci-Gorev-Dagilimi_page-0003-724x1024.jpg\" class=\"attachment-large size-large wp-image-7432\" alt=\"\" srcset=\"https:\/\/atauni.edu.tr\/cevre-muhendisligi\/wp-content\/uploads\/sites\/97\/2025\/02\/Cevre-Muhendisligi-Bolumu-Komisyon-Koordinatorluk-veTemsilci-Gorev-Dagilimi_page-0003-724x1024.jpg 724w, https:\/\/atauni.edu.tr\/cevre-muhendisligi\/wp-content\/uploads\/sites\/97\/2025\/02\/Cevre-Muhendisligi-Bolumu-Komisyon-Koordinatorluk-veTemsilci-Gorev-Dagilimi_page-0003-212x300.jpg 212w, https:\/\/atauni.edu.tr\/cevre-muhendisligi\/wp-content\/uploads\/sites\/97\/2025\/02\/Cevre-Muhendisligi-Bolumu-Komisyon-Koordinatorluk-veTemsilci-Gorev-Dagilimi_page-0003-768x1087.jpg 768w, https:\/\/atauni.edu.tr\/cevre-muhendisligi\/wp-content\/uploads\/sites\/97\/2025\/02\/Cevre-Muhendisligi-Bolumu-Komisyon-Koordinatorluk-veTemsilci-Gorev-Dagilimi_page-0003-1085x1536.jpg 1085w, https:\/\/atauni.edu.tr\/cevre-muhendisligi\/wp-content\/uploads\/sites\/97\/2025\/02\/Cevre-Muhendisligi-Bolumu-Komisyon-Koordinatorluk-veTemsilci-Gorev-Dagilimi_page-0003-424x600.jpg 424w, https:\/\/atauni.edu.tr\/cevre-muhendisligi\/wp-content\/uploads\/sites\/97\/2025\/02\/Cevre-Muhendisligi-Bolumu-Komisyon-Koordinatorluk-veTemsilci-Gorev-Dagilimi_page-0003-396x560.jpg 396w, https:\/\/atauni.edu.tr\/cevre-muhendisligi\/wp-content\/uploads\/sites\/97\/2025\/02\/Cevre-Muhendisligi-Bolumu-Komisyon-Koordinatorluk-veTemsilci-Gorev-Dagilimi_page-0003.jpg 1240w\" sizes=\"(max-width: 724px) 100vw, 724px\" \/>\t\t\t\t\t\t\t\t\t\t\t\t\t\t\t<\/div>\n\t\t\t\t<\/div>\n\t\t\t\t<div class=\"elementor-element elementor-element-47b00cb elementor-widget elementor-widget-image\" data-id=\"47b00cb\" data-element_type=\"widget\" data-widget_type=\"image.default\">\n\t\t\t\t<div class=\"elementor-widget-container\">\n\t\t\t\t\t\t\t\t\t\t\t\t\t\t\t<img loading=\"lazy\" decoding=\"async\" width=\"724\" height=\"1024\" src=\"https:\/\/atauni.edu.tr\/cevre-muhendisligi\/wp-content\/uploads\/sites\/97\/2025\/02\/Cevre-Muhendisligi-Bolumu-Komisyon-Koordinatorluk-veTemsilci-Gorev-Dagilimi_page-0004-724x1024.jpg\" class=\"attachment-large size-large wp-image-7433\" alt=\"\" srcset=\"https:\/\/atauni.edu.tr\/cevre-muhendisligi\/wp-content\/uploads\/sites\/97\/2025\/02\/Cevre-Muhendisligi-Bolumu-Komisyon-Koordinatorluk-veTemsilci-Gorev-Dagilimi_page-0004-724x1024.jpg 724w, https:\/\/atauni.edu.tr\/cevre-muhendisligi\/wp-content\/uploads\/sites\/97\/2025\/02\/Cevre-Muhendisligi-Bolumu-Komisyon-Koordinatorluk-veTemsilci-Gorev-Dagilimi_page-0004-212x300.jpg 212w, https:\/\/atauni.edu.tr\/cevre-muhendisligi\/wp-content\/uploads\/sites\/97\/2025\/02\/Cevre-Muhendisligi-Bolumu-Komisyon-Koordinatorluk-veTemsilci-Gorev-Dagilimi_page-0004-768x1087.jpg 768w, https:\/\/atauni.edu.tr\/cevre-muhendisligi\/wp-content\/uploads\/sites\/97\/2025\/02\/Cevre-Muhendisligi-Bolumu-Komisyon-Koordinatorluk-veTemsilci-Gorev-Dagilimi_page-0004-1085x1536.jpg 1085w, https:\/\/atauni.edu.tr\/cevre-muhendisligi\/wp-content\/uploads\/sites\/97\/2025\/02\/Cevre-Muhendisligi-Bolumu-Komisyon-Koordinatorluk-veTemsilci-Gorev-Dagilimi_page-0004-424x600.jpg 424w, https:\/\/atauni.edu.tr\/cevre-muhendisligi\/wp-content\/uploads\/sites\/97\/2025\/02\/Cevre-Muhendisligi-Bolumu-Komisyon-Koordinatorluk-veTemsilci-Gorev-Dagilimi_page-0004-396x560.jpg 396w, https:\/\/atauni.edu.tr\/cevre-muhendisligi\/wp-content\/uploads\/sites\/97\/2025\/02\/Cevre-Muhendisligi-Bolumu-Komisyon-Koordinatorluk-veTemsilci-Gorev-Dagilimi_page-0004.jpg 1240w\" sizes=\"(max-width: 724px) 100vw, 724px\" \/>\t\t\t\t\t\t\t\t\t\t\t\t\t\t\t<\/div>\n\t\t\t\t<\/div>\n\t\t\t\t<div class=\"elementor-element elementor-element-cc655e0 elementor-widget elementor-widget-image\" data-id=\"cc655e0\" data-element_type=\"widget\" data-widget_type=\"image.default\">\n\t\t\t\t<div class=\"elementor-widget-container\">\n\t\t\t\t\t\t\t\t\t\t\t\t\t\t\t<img loading=\"lazy\" decoding=\"async\" width=\"724\" height=\"1024\" src=\"https:\/\/atauni.edu.tr\/cevre-muhendisligi\/wp-content\/uploads\/sites\/97\/2025\/02\/Cevre-Muhendisligi-Bolumu-Komisyon-Koordinatorluk-veTemsilci-Gorev-Dagilimi_page-0005-724x1024.jpg\" class=\"attachment-large size-large wp-image-7434\" alt=\"\" srcset=\"https:\/\/atauni.edu.tr\/cevre-muhendisligi\/wp-content\/uploads\/sites\/97\/2025\/02\/Cevre-Muhendisligi-Bolumu-Komisyon-Koordinatorluk-veTemsilci-Gorev-Dagilimi_page-0005-724x1024.jpg 724w, https:\/\/atauni.edu.tr\/cevre-muhendisligi\/wp-content\/uploads\/sites\/97\/2025\/02\/Cevre-Muhendisligi-Bolumu-Komisyon-Koordinatorluk-veTemsilci-Gorev-Dagilimi_page-0005-212x300.jpg 212w, https:\/\/atauni.edu.tr\/cevre-muhendisligi\/wp-content\/uploads\/sites\/97\/2025\/02\/Cevre-Muhendisligi-Bolumu-Komisyon-Koordinatorluk-veTemsilci-Gorev-Dagilimi_page-0005-768x1087.jpg 768w, https:\/\/atauni.edu.tr\/cevre-muhendisligi\/wp-content\/uploads\/sites\/97\/2025\/02\/Cevre-Muhendisligi-Bolumu-Komisyon-Koordinatorluk-veTemsilci-Gorev-Dagilimi_page-0005-1085x1536.jpg 1085w, https:\/\/atauni.edu.tr\/cevre-muhendisligi\/wp-content\/uploads\/sites\/97\/2025\/02\/Cevre-Muhendisligi-Bolumu-Komisyon-Koordinatorluk-veTemsilci-Gorev-Dagilimi_page-0005-424x600.jpg 424w, https:\/\/atauni.edu.tr\/cevre-muhendisligi\/wp-content\/uploads\/sites\/97\/2025\/02\/Cevre-Muhendisligi-Bolumu-Komisyon-Koordinatorluk-veTemsilci-Gorev-Dagilimi_page-0005-396x560.jpg 396w, https:\/\/atauni.edu.tr\/cevre-muhendisligi\/wp-content\/uploads\/sites\/97\/2025\/02\/Cevre-Muhendisligi-Bolumu-Komisyon-Koordinatorluk-veTemsilci-Gorev-Dagilimi_page-0005.jpg 1240w\" sizes=\"(max-width: 724px) 100vw, 724px\" \/>\t\t\t\t\t\t\t\t\t\t\t\t\t\t\t<\/div>\n\t\t\t\t<\/div>\n\t\t\t\t\t<\/div>\n\t\t<\/div>\n\t\t\t\t\t<\/div>\n\t\t<\/section>\n\t\t\t\t<\/div>\n\t\t","protected":false},"excerpt":{"rendered":"<p>Komisyon, Koordinat\u00f6rl\u00fck ve Temsilcilik G\u00f6rev Da\u011f\u0131l\u0131m\u0131<\/p>\n","protected":false},"author":86,"featured_media":0,"parent":0,"menu_order":0,"comment_status":"closed","ping_status":"closed","template":"elementor_header_footer","meta":{"footnotes":""},"class_list":["post-7468","page","type-page","status-publish","hentry"],"_links":{"self":[{"href":"https:\/\/atauni.edu.tr\/cevre-muhendisligi\/wp-json\/wp\/v2\/pages\/7468","targetHints":{"allow":["GET"]}}],"collection":[{"href":"https:\/\/atauni.edu.tr\/cevre-muhendisligi\/wp-json\/wp\/v2\/pages"}],"about":[{"href":"https:\/\/atauni.edu.tr\/cevre-muhendisligi\/wp-json\/wp\/v2\/types\/page"}],"author":[{"embeddable":true,"href":"https:\/\/atauni.edu.tr\/cevre-muhendisligi\/wp-json\/wp\/v2\/users\/86"}],"replies":[{"embeddable":true,"href":"https:\/\/atauni.edu.tr\/cevre-muhendisligi\/wp-json\/wp\/v2\/comments?post=7468"}],"version-history":[{"count":16,"href":"https:\/\/atauni.edu.tr\/cevre-muhendisligi\/wp-json\/wp\/v2\/pages\/7468\/revisions"}],"predecessor-version":[{"id":7490,"href":"https:\/\/atauni.edu.tr\/cevre-muhendisligi\/wp-json\/wp\/v2\/pages\/7468\/revisions\/7490"}],"wp:attachment":[{"href":"https:\/\/atauni.edu.tr\/cevre-muhendisligi\/wp-json\/wp\/v2\/media?parent=7468"}],"curies":[{"name":"wp","href":"https:\/\/api.w.org\/{rel}","templated":true}]}}