{"id":6680,"date":"2022-02-27T03:15:25","date_gmt":"2022-02-27T00:15:25","guid":{"rendered":"https:\/\/birimler.atauni.edu.tr\/cevre-sorunlari-uygulama-ve-arastirma-merkezi\/?page_id=6680"},"modified":"2022-02-27T03:41:01","modified_gmt":"2022-02-27T00:41:01","slug":"kurullar","status":"publish","type":"page","link":"https:\/\/atauni.edu.tr\/cevre-sorunlari-uygulama-ve-arastirma-merkezi\/kurullar\/","title":{"rendered":"Y\u00f6netim Kurulu"},"content":{"rendered":"\t\t<div data-elementor-type=\"wp-page\" data-elementor-id=\"6680\" class=\"elementor elementor-6680\" data-elementor-post-type=\"page\">\n\t\t\t\t\t\t<section class=\"elementor-section elementor-top-section elementor-element elementor-element-e3a060c elementor-section-boxed elementor-section-height-default elementor-section-height-default\" data-id=\"e3a060c\" data-element_type=\"section\">\n\t\t\t\t\t\t<div class=\"elementor-container elementor-column-gap-default\">\n\t\t\t\t\t<div class=\"elementor-column elementor-col-100 elementor-top-column elementor-element elementor-element-252dbc2\" data-id=\"252dbc2\" data-element_type=\"column\">\n\t\t\t<div class=\"elementor-widget-wrap elementor-element-populated\">\n\t\t\t\t\t\t<div class=\"elementor-element elementor-element-1169aba elementor-widget elementor-widget-text-editor\" data-id=\"1169aba\" data-element_type=\"widget\" data-widget_type=\"text-editor.default\">\n\t\t\t\t<div class=\"elementor-widget-container\">\n\t\t\t\t\t\t\t\t\t<p><span style=\"text-decoration: underline\"><strong>Y\u00f6netim Kurulu Ba\u015fkan\u0131<\/strong><\/span><\/p><ul><li style=\"list-style-type: none\"><ul><li>Prof. Dr. Zeynep CEYLAN<\/li><\/ul><\/li><\/ul>\t\t\t\t\t\t\t\t<\/div>\n\t\t\t\t<\/div>\n\t\t\t\t\t<\/div>\n\t\t<\/div>\n\t\t\t\t\t<\/div>\n\t\t<\/section>\n\t\t\t\t<section class=\"elementor-section elementor-top-section elementor-element elementor-element-12e4014 elementor-section-boxed elementor-section-height-default elementor-section-height-default\" data-id=\"12e4014\" data-element_type=\"section\">\n\t\t\t\t\t\t<div class=\"elementor-container elementor-column-gap-default\">\n\t\t\t\t\t<div class=\"elementor-column elementor-col-100 elementor-top-column elementor-element elementor-element-e09885a\" data-id=\"e09885a\" data-element_type=\"column\">\n\t\t\t<div class=\"elementor-widget-wrap elementor-element-populated\">\n\t\t\t\t\t\t<div class=\"elementor-element elementor-element-543b874 elementor-widget elementor-widget-text-editor\" data-id=\"543b874\" data-element_type=\"widget\" data-widget_type=\"text-editor.default\">\n\t\t\t\t<div class=\"elementor-widget-container\">\n\t\t\t\t\t\t\t\t\t<p><strong><span style=\"text-decoration: underline\">Y\u00f6netim Kurulu \u00dcyeleri<\/span><\/strong><\/p>\n<ul>\n<li style=\"list-style-type: none\">\n<ul>\n<li>Prof. Dr. Zeynep CEYLAN (\u00c7evre M\u00fchendisli\u011fi)<\/li>\n<li>Prof. Dr. Y\u00fccel KADIO\u011eLU (Eczac\u0131l\u0131k Fak\u00fcltesi)<\/li>\n<li>Prof. Dr. Hakan USLU (T\u0131p Fak\u00fcltesi)<\/li>\n<li>Prof. Dr. Alper Erdem YILMAZ (\u00c7evre M\u00fchendisli\u011fi)<\/li>\n<li>Prof. Dr. Filiz Nuran ACAR (\u00c7evre M\u00fchendisli\u011fi)<\/li>\n<li>Do\u00e7. Dr. Arzu KANCA (Kimya M\u00fchendisli\u011fi)<\/li>\n<li>Dr. \u00d6\u011fr. \u00dcyesi Deryanur KILI\u00c7 (Kimya B\u00f6l\u00fcm\u00fc)<\/li>\n<\/ul>\n<\/li>\n<\/ul>\t\t\t\t\t\t\t\t<\/div>\n\t\t\t\t<\/div>\n\t\t\t\t\t<\/div>\n\t\t<\/div>\n\t\t\t\t\t<\/div>\n\t\t<\/section>\n\t\t\t\t<\/div>\n\t\t","protected":false},"excerpt":{"rendered":"<p>Y\u00f6netim Kurulu Ba\u015fkan\u0131 Prof. Dr. Zeynep CEYLAN Y\u00f6netim Kurulu \u00dcyeleri Prof. Dr. Zeynep CEYLAN (\u00c7evre M\u00fchendisli\u011fi) Prof. Dr. Y\u00fccel KADIO\u011eLU (Eczac\u0131l\u0131k Fak\u00fcltesi) Prof. Dr. Hakan USLU (T\u0131p Fak\u00fcltesi) Prof. Dr. Alper Erdem YILMAZ (\u00c7evre M\u00fchendisli\u011fi) Prof. Dr. Filiz Nuran ACAR (\u00c7evre M\u00fchendisli\u011fi) Do\u00e7. Dr. Arzu KANCA (Kimya M\u00fchendisli\u011fi) Dr. \u00d6\u011fr. \u00dcyesi Deryanur KILI\u00c7 (Kimya B\u00f6l\u00fcm\u00fc)<\/p>\n","protected":false},"author":396,"featured_media":0,"parent":0,"menu_order":0,"comment_status":"closed","ping_status":"closed","template":"","meta":{"footnotes":""},"class_list":["post-6680","page","type-page","status-publish","hentry"],"_links":{"self":[{"href":"https:\/\/atauni.edu.tr\/cevre-sorunlari-uygulama-ve-arastirma-merkezi\/wp-json\/wp\/v2\/pages\/6680","targetHints":{"allow":["GET"]}}],"collection":[{"href":"https:\/\/atauni.edu.tr\/cevre-sorunlari-uygulama-ve-arastirma-merkezi\/wp-json\/wp\/v2\/pages"}],"about":[{"href":"https:\/\/atauni.edu.tr\/cevre-sorunlari-uygulama-ve-arastirma-merkezi\/wp-json\/wp\/v2\/types\/page"}],"author":[{"embeddable":true,"href":"https:\/\/atauni.edu.tr\/cevre-sorunlari-uygulama-ve-arastirma-merkezi\/wp-json\/wp\/v2\/users\/396"}],"replies":[{"embeddable":true,"href":"https:\/\/atauni.edu.tr\/cevre-sorunlari-uygulama-ve-arastirma-merkezi\/wp-json\/wp\/v2\/comments?post=6680"}],"version-history":[{"count":11,"href":"https:\/\/atauni.edu.tr\/cevre-sorunlari-uygulama-ve-arastirma-merkezi\/wp-json\/wp\/v2\/pages\/6680\/revisions"}],"predecessor-version":[{"id":6697,"href":"https:\/\/atauni.edu.tr\/cevre-sorunlari-uygulama-ve-arastirma-merkezi\/wp-json\/wp\/v2\/pages\/6680\/revisions\/6697"}],"wp:attachment":[{"href":"https:\/\/atauni.edu.tr\/cevre-sorunlari-uygulama-ve-arastirma-merkezi\/wp-json\/wp\/v2\/media?parent=6680"}],"curies":[{"name":"wp","href":"https:\/\/api.w.org\/{rel}","templated":true}]}}