{"id":5800,"date":"2021-07-13T13:12:45","date_gmt":"2021-07-13T10:12:45","guid":{"rendered":"https:\/\/portaltest.atauni.edu.tr\/bilgisayar-muhendisligi\/?page_id=5800"},"modified":"2021-08-27T15:49:23","modified_gmt":"2021-08-27T12:49:23","slug":"bitirme-projeleri","status":"publish","type":"page","link":"https:\/\/atauni.edu.tr\/cocuk-bakimi-ve-genclik-hizmetleri-bolumu\/bitirme-projeleri\/","title":{"rendered":"Bitirme Projeleri"},"content":{"rendered":"\t\t<div data-elementor-type=\"wp-page\" data-elementor-id=\"5800\" class=\"elementor elementor-5800\" data-elementor-post-type=\"page\">\n\t\t\t\t\t\t<section class=\"elementor-section elementor-top-section elementor-element elementor-element-730d320 elementor-section-boxed elementor-section-height-default elementor-section-height-default\" data-id=\"730d320\" data-element_type=\"section\">\n\t\t\t\t\t\t<div class=\"elementor-container elementor-column-gap-default\">\n\t\t\t\t\t<div class=\"elementor-column elementor-col-100 elementor-top-column elementor-element elementor-element-753d0860\" data-id=\"753d0860\" data-element_type=\"column\">\n\t\t\t<div class=\"elementor-widget-wrap\">\n\t\t\t\t\t\t\t<\/div>\n\t\t<\/div>\n\t\t\t\t\t<\/div>\n\t\t<\/section>\n\t\t\t\t<section class=\"elementor-section elementor-top-section elementor-element elementor-element-9be811a elementor-section-boxed elementor-section-height-default elementor-section-height-default\" data-id=\"9be811a\" data-element_type=\"section\">\n\t\t\t\t\t\t<div class=\"elementor-container elementor-column-gap-default\">\n\t\t\t\t\t<div class=\"elementor-column elementor-col-100 elementor-top-column elementor-element elementor-element-1ed847b7\" data-id=\"1ed847b7\" data-element_type=\"column\">\n\t\t\t<div class=\"elementor-widget-wrap elementor-element-populated\">\n\t\t\t\t\t\t<div class=\"elementor-element elementor-element-4ce0d07f elementor-widget elementor-widget-heading\" data-id=\"4ce0d07f\" data-element_type=\"widget\" data-widget_type=\"heading.default\">\n\t\t\t\t<div class=\"elementor-widget-container\">\n\t\t\t\t\t<h2 class=\"elementor-heading-title elementor-size-default\">Bitirme Projeleri<\/h2>\t\t\t\t<\/div>\n\t\t\t\t<\/div>\n\t\t\t\t<div class=\"elementor-element elementor-element-63260862 elementor-widget-divider--view-line elementor-widget elementor-widget-divider\" data-id=\"63260862\" data-element_type=\"widget\" data-widget_type=\"divider.default\">\n\t\t\t\t<div class=\"elementor-widget-container\">\n\t\t\t\t\t\t\t<div class=\"elementor-divider\">\n\t\t\t<span class=\"elementor-divider-separator\">\n\t\t\t\t\t\t<\/span>\n\t\t<\/div>\n\t\t\t\t\t\t<\/div>\n\t\t\t\t<\/div>\n\t\t\t\t\t<\/div>\n\t\t<\/div>\n\t\t\t\t\t<\/div>\n\t\t<\/section>\n\t\t\t\t<section class=\"elementor-section elementor-top-section elementor-element elementor-element-6c18d0b elementor-section-boxed elementor-section-height-default elementor-section-height-default\" data-id=\"6c18d0b\" data-element_type=\"section\">\n\t\t\t\t\t\t<div class=\"elementor-container elementor-column-gap-default\">\n\t\t\t\t\t<div class=\"elementor-column elementor-col-100 elementor-top-column elementor-element elementor-element-5a88ff5\" data-id=\"5a88ff5\" data-element_type=\"column\">\n\t\t\t<div class=\"elementor-widget-wrap elementor-element-populated\">\n\t\t\t\t\t\t<div class=\"elementor-element elementor-element-69d7a2b elementor-widget elementor-widget-accordion\" data-id=\"69d7a2b\" data-element_type=\"widget\" data-widget_type=\"accordion.default\">\n\t\t\t\t<div class=\"elementor-widget-container\">\n\t\t\t\t\t\t\t<div class=\"elementor-accordion\">\n\t\t\t\t\t\t\t<div class=\"elementor-accordion-item\">\n\t\t\t\t\t<div id=\"elementor-tab-title-1101\" class=\"elementor-tab-title\" data-tab=\"1\" role=\"button\" aria-controls=\"elementor-tab-content-1101\" aria-expanded=\"false\">\n\t\t\t\t\t\t\t\t\t\t\t\t\t<span class=\"elementor-accordion-icon elementor-accordion-icon-left\" aria-hidden=\"true\">\n\t\t\t\t\t\t\t\t\t\t\t\t\t\t\t<span class=\"elementor-accordion-icon-closed\"><i class=\"fas fa-plus\"><\/i><\/span>\n\t\t\t\t\t\t\t\t<span class=\"elementor-accordion-icon-opened\"><i class=\"fas fa-minus\"><\/i><\/span>\n\t\t\t\t\t\t\t\t\t\t\t\t\t\t<\/span>\n\t\t\t\t\t\t\t\t\t\t\t\t<a class=\"elementor-accordion-title\" tabindex=\"0\"><p>Atat\u00fcrk \u00dcniversitesi \u00c7ocuk Bak\u0131m\u0131 ve Gen\u00e7lik Hizmetleri B\u00f6l\u00fcm\u00fc, \u00f6\u011frencilerin e\u011fitim s\u00fcrecinin \u00f6nemli bir par\u00e7as\u0131 olan bitirme projelerine b\u00fcy\u00fck \u00f6nem vermekte. Bu projeler, \u00f6\u011frencilerin edindikleri bilgileri prati\u011fe d\u00f6kerek uygulama f\u0131rsat\u0131 buldu\u011fu de\u011ferli bir exp\u00e9rience olarak g\u00f6r\u00fclmekte.<\/p>\n<p>Bitirme projeleri genellikle \u00e7ocuk bak\u0131m\u0131 ve gen\u00e7lik hizmetleri alan\u0131ndaki \u00e7e\u015fitli konular\u0131 i\u00e7ermekte. \u00d6\u011frenciler, bu projelerde \u00e7ocuk geli\u015fimi, e\u011fitim, sa\u011fl\u0131k, sosyal hizmetler gibi farkl\u0131 alanlarda ara\u015ft\u0131rma ve uygulama yapma f\u0131rsat\u0131 buluyor. Bu sayede \u00f6\u011frenciler teorik bilgilerini peki\u015ftirirken ayn\u0131 zamanda uygulama becerilerini de geli\u015ftiriyor.<\/p>\n<p>Proje konular\u0131 genellikle b\u00f6l\u00fcm\u00fcn uzmanl\u0131k alanlar\u0131na g\u00f6re belirlenmekte. \u00d6\u011frenciler, ilgi duyduklar\u0131 ve yetkinliklerini g\u00f6stermek istedikleri alanlarda proje \u00fcretme \u015fans\u0131 buluyor. Bitirme projeleri ayr\u0131ca \u00f6\u011frencilerin ba\u011f\u0131ms\u0131z \u00e7al\u0131\u015fma becerilerini, ara\u015ft\u0131rma yeteneklerini ve problem \u00e7\u00f6zme kabiliyetlerini geli\u015ftirmesine de katk\u0131da bulunmakta.<\/p>\n<p>Bitirme projelerinin sunumu ve de\u011ferlendirilmesi de \u00f6nemli bir s\u00fcre\u00e7 olarak g\u00f6r\u00fclmekte. \u00d6\u011frenciler, haz\u0131rlad\u0131klar\u0131 projelerini akademik personele ve bazen d\u0131\u015far\u0131dan uzmanlara sunma f\u0131rsat\u0131 buluyor. Bu sunumlar, \u00f6\u011frencilerin ileti\u015fim becerilerini geli\u015ftirmesine yard\u0131mc\u0131 olurken ayn\u0131 zamanda ald\u0131klar\u0131 geri bildirimlerle proje sonu\u00e7lar\u0131n\u0131 daha da g\u00fc\u00e7lendirme \u015fans\u0131na sahip oluyor.<\/p>\n<p>Sonu\u00e7 olarak, Atat\u00fcrk \u00dcniversitesi \u00c7ocuk Bak\u0131m\u0131 ve Gen\u00e7lik Hizmetleri B\u00f6l\u00fcm\u00fc'n\u00fcn bitirme projeleri, \u00f6\u011frencilere teorik bilgileri prati\u011fe d\u00f6kmek, uygulama becerilerini geli\u015ftirmek ve ba\u011f\u0131ms\u0131z \u00e7al\u0131\u015fma yeteneklerini peki\u015ftirmek i\u00e7in b\u00fcy\u00fck bir f\u0131rsat sunmakta. Bu experience, \u00e7ocuk bak\u0131m\u0131 ve gen\u00e7lik hizmetleri alan\u0131ndaki kariyerlerine y\u00f6n vermelerinde de \u00f6nemli bir ad\u0131m olarak g\u00f6r\u00fclmekte.<\/p><\/a>\n\t\t\t\t\t<\/div>\n\t\t\t\t\t<div id=\"elementor-tab-content-1101\" class=\"elementor-tab-content elementor-clearfix\" data-tab=\"1\" role=\"region\" aria-labelledby=\"elementor-tab-title-1101\"><p>Atat\u00fcrk \u00dcniversitesi \u00c7ocuk Bak\u0131m\u0131 ve Gen\u00e7lik Hizmetleri B\u00f6l\u00fcm\u00fc, \u00f6\u011frencilerin e\u011fitim s\u00fcrecinin \u00f6nemli bir par\u00e7as\u0131 olan bitirme projelerine b\u00fcy\u00fck \u00f6nem vermekte. Bu projeler, \u00f6\u011frencilerin edindikleri bilgileri prati\u011fe d\u00f6kerek uygulama f\u0131rsat\u0131 buldu\u011fu de\u011ferli bir exp\u00e9rience olarak g\u00f6r\u00fclmekte.<\/p>\n<p>Bitirme projeleri genellikle \u00e7ocuk bak\u0131m\u0131 ve gen\u00e7lik hizmetleri alan\u0131ndaki \u00e7e\u015fitli konular\u0131 i\u00e7ermekte. \u00d6\u011frenciler, bu projelerde \u00e7ocuk geli\u015fimi, e\u011fitim, sa\u011fl\u0131k, sosyal hizmetler gibi farkl\u0131 alanlarda ara\u015ft\u0131rma ve uygulama yapma f\u0131rsat\u0131 buluyor. Bu sayede \u00f6\u011frenciler teorik bilgilerini peki\u015ftirirken ayn\u0131 zamanda uygulama becerilerini de geli\u015ftiriyor.<\/p>\n<p>Proje konular\u0131 genellikle b\u00f6l\u00fcm\u00fcn uzmanl\u0131k alanlar\u0131na g\u00f6re belirlenmekte. \u00d6\u011frenciler, ilgi duyduklar\u0131 ve yetkinliklerini g\u00f6stermek istedikleri alanlarda proje \u00fcretme \u015fans\u0131 buluyor. Bitirme projeleri ayr\u0131ca \u00f6\u011frencilerin ba\u011f\u0131ms\u0131z \u00e7al\u0131\u015fma becerilerini, ara\u015ft\u0131rma yeteneklerini ve problem \u00e7\u00f6zme kabiliyetlerini geli\u015ftirmesine de katk\u0131da bulunmakta.<\/p>\n<p>Bitirme projelerinin sunumu ve de\u011ferlendirilmesi de \u00f6nemli bir s\u00fcre\u00e7 olarak g\u00f6r\u00fclmekte. \u00d6\u011frenciler, haz\u0131rlad\u0131klar\u0131 projelerini akademik personele ve bazen d\u0131\u015far\u0131dan uzmanlara sunma f\u0131rsat\u0131 buluyor. Bu sunumlar, \u00f6\u011frencilerin ileti\u015fim becerilerini geli\u015ftirmesine yard\u0131mc\u0131 olurken ayn\u0131 zamanda ald\u0131klar\u0131 geri bildirimlerle proje sonu\u00e7lar\u0131n\u0131 daha da g\u00fc\u00e7lendirme \u015fans\u0131na sahip oluyor.<\/p>\n<p>Sonu\u00e7 olarak, Atat\u00fcrk \u00dcniversitesi \u00c7ocuk Bak\u0131m\u0131 ve Gen\u00e7lik Hizmetleri B\u00f6l\u00fcm\u00fc&#8217;n\u00fcn bitirme projeleri, \u00f6\u011frencilere teorik bilgileri prati\u011fe d\u00f6kmek, uygulama becerilerini geli\u015ftirmek ve ba\u011f\u0131ms\u0131z \u00e7al\u0131\u015fma yeteneklerini peki\u015ftirmek i\u00e7in b\u00fcy\u00fck bir f\u0131rsat sunmakta. Bu experience, \u00e7ocuk bak\u0131m\u0131 ve gen\u00e7lik hizmetleri alan\u0131ndaki kariyerlerine y\u00f6n vermelerinde de \u00f6nemli bir ad\u0131m olarak g\u00f6r\u00fclmekte.<\/p><\/div>\n\t\t\t\t<\/div>\n\t\t\t\t\t\t\t<div class=\"elementor-accordion-item\">\n\t\t\t\t\t<div id=\"elementor-tab-title-1102\" class=\"elementor-tab-title\" data-tab=\"2\" role=\"button\" aria-controls=\"elementor-tab-content-1102\" aria-expanded=\"false\">\n\t\t\t\t\t\t\t\t\t\t\t\t\t<span class=\"elementor-accordion-icon elementor-accordion-icon-left\" aria-hidden=\"true\">\n\t\t\t\t\t\t\t\t\t\t\t\t\t\t\t<span class=\"elementor-accordion-icon-closed\"><i class=\"fas fa-plus\"><\/i><\/span>\n\t\t\t\t\t\t\t\t<span class=\"elementor-accordion-icon-opened\"><i class=\"fas fa-minus\"><\/i><\/span>\n\t\t\t\t\t\t\t\t\t\t\t\t\t\t<\/span>\n\t\t\t\t\t\t\t\t\t\t\t\t<a class=\"elementor-accordion-title\" tabindex=\"0\"><p>Atat\u00fcrk \u00dcniversitesi \u00c7ocuk Bak\u0131m\u0131 ve Gen\u00e7lik Hizmetleri B\u00f6l\u00fcm\u00fc, \u00f6\u011frencilerin e\u011fitim s\u00fcrecinin \u00f6nemli bir par\u00e7as\u0131 olan bitirme projelerine b\u00fcy\u00fck \u00f6nem vermekte. Bu projeler, \u00f6\u011frencilerin edindikleri bilgileri prati\u011fe d\u00f6kerek uygulama f\u0131rsat\u0131 buldu\u011fu de\u011ferli bir exp\u00e9rience olarak g\u00f6r\u00fclmekte.<\/p>\n<p>Bitirme projeleri genellikle \u00e7ocuk bak\u0131m\u0131 ve gen\u00e7lik hizmetleri alan\u0131ndaki \u00e7e\u015fitli konular\u0131 i\u00e7ermekte. \u00d6\u011frenciler, bu projelerde \u00e7ocuk geli\u015fimi, e\u011fitim, sa\u011fl\u0131k, sosyal hizmetler gibi farkl\u0131 alanlarda ara\u015ft\u0131rma ve uygulama yapma f\u0131rsat\u0131 buluyor. Bu sayede \u00f6\u011frenciler teorik bilgilerini peki\u015ftirirken ayn\u0131 zamanda uygulama becerilerini de geli\u015ftiriyor.<\/p>\n<p>Proje konular\u0131 genellikle b\u00f6l\u00fcm\u00fcn uzmanl\u0131k alanlar\u0131na g\u00f6re belirlenmekte. \u00d6\u011frenciler, ilgi duyduklar\u0131 ve yetkinliklerini g\u00f6stermek istedikleri alanlarda proje \u00fcretme \u015fans\u0131 buluyor. Bitirme projeleri ayr\u0131ca \u00f6\u011frencilerin ba\u011f\u0131ms\u0131z \u00e7al\u0131\u015fma becerilerini, ara\u015ft\u0131rma yeteneklerini ve problem \u00e7\u00f6zme kabiliyetlerini geli\u015ftirmesine de katk\u0131da bulunmakta.<\/p>\n<p>Bitirme projelerinin sunumu ve de\u011ferlendirilmesi de \u00f6nemli bir s\u00fcre\u00e7 olarak g\u00f6r\u00fclmekte. \u00d6\u011frenciler, haz\u0131rlad\u0131klar\u0131 projelerini akademik personele ve bazen d\u0131\u015far\u0131dan uzmanlara sunma f\u0131rsat\u0131 buluyor. Bu sunumlar, \u00f6\u011frencilerin ileti\u015fim becerilerini geli\u015ftirmesine yard\u0131mc\u0131 olurken ayn\u0131 zamanda ald\u0131klar\u0131 geri bildirimlerle proje sonu\u00e7lar\u0131n\u0131 daha da g\u00fc\u00e7lendirme \u015fans\u0131na sahip oluyor.<\/p>\n<p>Sonu\u00e7 olarak, Atat\u00fcrk \u00dcniversitesi \u00c7ocuk Bak\u0131m\u0131 ve Gen\u00e7lik Hizmetleri B\u00f6l\u00fcm\u00fc'n\u00fcn bitirme projeleri, \u00f6\u011frencilere teorik bilgileri prati\u011fe d\u00f6kmek, uygulama becerilerini geli\u015ftirmek ve ba\u011f\u0131ms\u0131z \u00e7al\u0131\u015fma yeteneklerini peki\u015ftirmek i\u00e7in b\u00fcy\u00fck bir f\u0131rsat sunmakta. Bu experience, \u00e7ocuk bak\u0131m\u0131 ve gen\u00e7lik hizmetleri alan\u0131ndaki kariyerlerine y\u00f6n vermelerinde de \u00f6nemli bir ad\u0131m olarak g\u00f6r\u00fclmekte.<\/p><\/a>\n\t\t\t\t\t<\/div>\n\t\t\t\t\t<div id=\"elementor-tab-content-1102\" class=\"elementor-tab-content elementor-clearfix\" data-tab=\"2\" role=\"region\" aria-labelledby=\"elementor-tab-title-1102\"><p>Atat\u00fcrk \u00dcniversitesi \u00c7ocuk Bak\u0131m\u0131 ve Gen\u00e7lik Hizmetleri B\u00f6l\u00fcm\u00fc, \u00f6\u011frencilerin e\u011fitim s\u00fcrecinin \u00f6nemli bir par\u00e7as\u0131 olan bitirme projelerine b\u00fcy\u00fck \u00f6nem vermekte. Bu projeler, \u00f6\u011frencilerin edindikleri bilgileri prati\u011fe d\u00f6kerek uygulama f\u0131rsat\u0131 buldu\u011fu de\u011ferli bir exp\u00e9rience olarak g\u00f6r\u00fclmekte.<\/p>\n<p>Bitirme projeleri genellikle \u00e7ocuk bak\u0131m\u0131 ve gen\u00e7lik hizmetleri alan\u0131ndaki \u00e7e\u015fitli konular\u0131 i\u00e7ermekte. \u00d6\u011frenciler, bu projelerde \u00e7ocuk geli\u015fimi, e\u011fitim, sa\u011fl\u0131k, sosyal hizmetler gibi farkl\u0131 alanlarda ara\u015ft\u0131rma ve uygulama yapma f\u0131rsat\u0131 buluyor. Bu sayede \u00f6\u011frenciler teorik bilgilerini peki\u015ftirirken ayn\u0131 zamanda uygulama becerilerini de geli\u015ftiriyor.<\/p>\n<p>Proje konular\u0131 genellikle b\u00f6l\u00fcm\u00fcn uzmanl\u0131k alanlar\u0131na g\u00f6re belirlenmekte. \u00d6\u011frenciler, ilgi duyduklar\u0131 ve yetkinliklerini g\u00f6stermek istedikleri alanlarda proje \u00fcretme \u015fans\u0131 buluyor. Bitirme projeleri ayr\u0131ca \u00f6\u011frencilerin ba\u011f\u0131ms\u0131z \u00e7al\u0131\u015fma becerilerini, ara\u015ft\u0131rma yeteneklerini ve problem \u00e7\u00f6zme kabiliyetlerini geli\u015ftirmesine de katk\u0131da bulunmakta.<\/p>\n<p>Bitirme projelerinin sunumu ve de\u011ferlendirilmesi de \u00f6nemli bir s\u00fcre\u00e7 olarak g\u00f6r\u00fclmekte. \u00d6\u011frenciler, haz\u0131rlad\u0131klar\u0131 projelerini akademik personele ve bazen d\u0131\u015far\u0131dan uzmanlara sunma f\u0131rsat\u0131 buluyor. Bu sunumlar, \u00f6\u011frencilerin ileti\u015fim becerilerini geli\u015ftirmesine yard\u0131mc\u0131 olurken ayn\u0131 zamanda ald\u0131klar\u0131 geri bildirimlerle proje sonu\u00e7lar\u0131n\u0131 daha da g\u00fc\u00e7lendirme \u015fans\u0131na sahip oluyor.<\/p>\n<p>Sonu\u00e7 olarak, Atat\u00fcrk \u00dcniversitesi \u00c7ocuk Bak\u0131m\u0131 ve Gen\u00e7lik Hizmetleri B\u00f6l\u00fcm\u00fc&#8217;n\u00fcn bitirme projeleri, \u00f6\u011frencilere teorik bilgileri prati\u011fe d\u00f6kmek, uygulama becerilerini geli\u015ftirmek ve ba\u011f\u0131ms\u0131z \u00e7al\u0131\u015fma yeteneklerini peki\u015ftirmek i\u00e7in b\u00fcy\u00fck bir f\u0131rsat sunmakta. Bu experience, \u00e7ocuk bak\u0131m\u0131 ve gen\u00e7lik hizmetleri alan\u0131ndaki kariyerlerine y\u00f6n vermelerinde de \u00f6nemli bir ad\u0131m olarak g\u00f6r\u00fclmekte.<\/p><\/div>\n\t\t\t\t<\/div>\n\t\t\t\t\t\t\t\t<\/div>\n\t\t\t\t\t\t<\/div>\n\t\t\t\t<\/div>\n\t\t\t\t\t<\/div>\n\t\t<\/div>\n\t\t\t\t\t<\/div>\n\t\t<\/section>\n\t\t\t\t<\/div>\n\t\t","protected":false},"excerpt":{"rendered":"<p>\u00c7ocuk Bak\u0131m\u0131 ve Gen\u00e7lik Hizmetleri B\u00f6l\u00fcm\u00fc&#8217;nde e\u011fitim g\u00f6ren \u00f6\u011frenciler, b\u00f6l\u00fcm\u00fcn sundu\u011fu \u00e7e\u015fitli olanaklar sayesinde teorik bilgileri prati\u011fe d\u00f6kme f\u0131rsat\u0131 bulurlar. Bunlardan biri de bitirme projeleri arac\u0131l\u0131\u011f\u0131yla ger\u00e7ekle\u015fir. \u00d6\u011frencilerin kendi ilgi alanlar\u0131na g\u00f6re se\u00e7tikleri konularda derinlemesine ara\u015ft\u0131rma yapmalar\u0131n\u0131 sa\u011flayan bu projeler, \u00f6\u011frencilere mesleki becerilerini geli\u015ftirme ve ba\u011f\u0131ms\u0131z \u00e7al\u0131\u015fabilme becerisi kazand\u0131rma konusunda b\u00fcy\u00fck bir \u00f6nem ta\u015f\u0131r. Bitirme [&hellip;]<\/p>\n","protected":false},"author":1,"featured_media":0,"parent":0,"menu_order":0,"comment_status":"closed","ping_status":"closed","template":"elementor_header_footer","meta":{"footnotes":""},"class_list":["post-5800","page","type-page","status-publish","hentry"],"_links":{"self":[{"href":"https:\/\/atauni.edu.tr\/cocuk-bakimi-ve-genclik-hizmetleri-bolumu\/wp-json\/wp\/v2\/pages\/5800","targetHints":{"allow":["GET"]}}],"collection":[{"href":"https:\/\/atauni.edu.tr\/cocuk-bakimi-ve-genclik-hizmetleri-bolumu\/wp-json\/wp\/v2\/pages"}],"about":[{"href":"https:\/\/atauni.edu.tr\/cocuk-bakimi-ve-genclik-hizmetleri-bolumu\/wp-json\/wp\/v2\/types\/page"}],"author":[{"embeddable":true,"href":"https:\/\/atauni.edu.tr\/cocuk-bakimi-ve-genclik-hizmetleri-bolumu\/wp-json\/wp\/v2\/users\/1"}],"replies":[{"embeddable":true,"href":"https:\/\/atauni.edu.tr\/cocuk-bakimi-ve-genclik-hizmetleri-bolumu\/wp-json\/wp\/v2\/comments?post=5800"}],"version-history":[{"count":11,"href":"https:\/\/atauni.edu.tr\/cocuk-bakimi-ve-genclik-hizmetleri-bolumu\/wp-json\/wp\/v2\/pages\/5800\/revisions"}],"predecessor-version":[{"id":6091,"href":"https:\/\/atauni.edu.tr\/cocuk-bakimi-ve-genclik-hizmetleri-bolumu\/wp-json\/wp\/v2\/pages\/5800\/revisions\/6091"}],"wp:attachment":[{"href":"https:\/\/atauni.edu.tr\/cocuk-bakimi-ve-genclik-hizmetleri-bolumu\/wp-json\/wp\/v2\/media?parent=5800"}],"curies":[{"name":"wp","href":"https:\/\/api.w.org\/{rel}","templated":true}]}}