{"id":7314,"date":"2025-05-24T01:44:32","date_gmt":"2025-05-23T22:44:32","guid":{"rendered":"https:\/\/birimler.atauni.edu.tr\/cocuk-gelisimi-bolumu\/?page_id=7314"},"modified":"2025-05-24T01:46:45","modified_gmt":"2025-05-23T22:46:45","slug":"programin-amaclari-ve-mezunlarin-calisma-alanlari","status":"publish","type":"page","link":"https:\/\/atauni.edu.tr\/cocuk-gelisimi-bolumu\/programin-amaclari-ve-mezunlarin-calisma-alanlari\/","title":{"rendered":"Program\u0131n Ama\u00e7lar\u0131 ve Mezunlar\u0131n \u00c7al\u0131\u015fma Alanlar\u0131"},"content":{"rendered":"\t\t<div data-elementor-type=\"wp-page\" data-elementor-id=\"7314\" class=\"elementor elementor-7314\" data-elementor-post-type=\"page\">\n\t\t\t\t\t\t<section class=\"elementor-section elementor-top-section elementor-element elementor-element-b85f7d9 elementor-section-boxed elementor-section-height-default elementor-section-height-default\" data-id=\"b85f7d9\" data-element_type=\"section\">\n\t\t\t\t\t\t<div class=\"elementor-container elementor-column-gap-default\">\n\t\t\t\t\t<div class=\"elementor-column elementor-col-100 elementor-top-column elementor-element elementor-element-5157d57\" data-id=\"5157d57\" data-element_type=\"column\">\n\t\t\t<div class=\"elementor-widget-wrap elementor-element-populated\">\n\t\t\t\t\t\t<div class=\"elementor-element elementor-element-fecf173 elementor-widget-divider--view-line elementor-widget elementor-widget-divider\" data-id=\"fecf173\" data-element_type=\"widget\" data-widget_type=\"divider.default\">\n\t\t\t\t<div class=\"elementor-widget-container\">\n\t\t\t\t\t\t\t<div class=\"elementor-divider\">\n\t\t\t<span class=\"elementor-divider-separator\">\n\t\t\t\t\t\t<\/span>\n\t\t<\/div>\n\t\t\t\t\t\t<\/div>\n\t\t\t\t<\/div>\n\t\t\t\t\t<\/div>\n\t\t<\/div>\n\t\t\t\t\t<\/div>\n\t\t<\/section>\n\t\t\t\t<section class=\"elementor-section elementor-top-section elementor-element elementor-element-46de247 elementor-section-boxed elementor-section-height-default elementor-section-height-default\" data-id=\"46de247\" data-element_type=\"section\">\n\t\t\t\t\t\t<div class=\"elementor-container elementor-column-gap-default\">\n\t\t\t\t\t<div class=\"elementor-column elementor-col-100 elementor-top-column elementor-element elementor-element-346f3a7\" data-id=\"346f3a7\" data-element_type=\"column\">\n\t\t\t<div class=\"elementor-widget-wrap elementor-element-populated\">\n\t\t\t\t\t\t<div class=\"elementor-element elementor-element-54730e8 elementor-widget elementor-widget-text-editor\" data-id=\"54730e8\" data-element_type=\"widget\" data-widget_type=\"text-editor.default\">\n\t\t\t\t<div class=\"elementor-widget-container\">\n\t\t\t\t\t\t\t\t\t<p><em><strong><u>Ama\u00e7 1<\/u><\/strong><\/em><strong><em>:<\/em><\/strong> Atat\u00fcrk \u00dcniversitesi Sa\u011fl\u0131k Bilimleri Fak\u00fcltesi \u00c7ocuk Geli\u015fimi B\u00f6l\u00fcm\u00fc mezunlar\u0131 0-18 ya\u015flar aras\u0131ndaki ya\u015f\u0131 ile uyumlu geli\u015fim g\u00f6steren, \u00f6zel gereksinimli, korunma ihtiyac\u0131 olan, \u00e7al\u0131\u015fan, m\u00fclteci, su\u00e7a s\u00fcr\u00fcklenen \u00e7ocuklar ile hastanede yatan \u00e7ocuklar\u0131n zihinsel, dil, motor, sosyal, duygusal geli\u015fimlerini ve \u00f6z bak\u0131m becerilerini de\u011ferlendirebilecek bilgi, beceri, deneyim ve fark\u0131ndal\u0131\u011f\u0131 kazan\u0131rlar.<\/p><p><i><strong><u>Ama\u00e7 2<\/u><\/strong><u>:<\/u>\u00a0<\/i>Atat\u00fcrk \u00dcniversitesi Sa\u011fl\u0131k Bilimleri Fak\u00fcltesi \u00c7ocuk Geli\u015fimi B\u00f6l\u00fcm\u00fc mezunlar\u0131 0-18 ya\u015flar aras\u0131ndaki ya\u015f\u0131 ile uyumlu geli\u015fim g\u00f6steren, \u00f6zel gereksinimli, korunma ihtiyac\u0131 olan, \u00e7al\u0131\u015fan, m\u00fclteci, su\u00e7a s\u00fcr\u00fcklenen, beklenmedik ya\u015fam olaylar\u0131na maruz kalan \u00e7ocuklar ile hastanede yatan \u00e7ocuklar\u0131n de\u011ferlendirme raporlar\u0131 do\u011frultusunda t\u00fcm geli\u015fim ve becerilerini destekleyecek, \u00e7ocuklar\u0131n ailelerine \u00f6neriler sunabilecek bilgi, beceri, deneyim ve fark\u0131ndal\u0131\u011f\u0131 kazan\u0131rlar. Bu ba\u011flamda edindikleri bilgi, beceri, deneyim ve fark\u0131ndal\u0131\u011f\u0131 kullanarak kamu ve \u00f6zel hastaneler, \u00f6zel e\u011fitim ve rehabilitasyon merkezleri ile e\u011fitim kurumlar\u0131n\u0131n farkl\u0131 kademelerinde, Aile ve Sosyal Hizmetler Bakanl\u0131\u011f\u0131 ve Sa\u011fl\u0131k Bakanl\u0131\u011f\u0131 gibi bakanl\u0131klar, sivil toplum \u00f6rg\u00fctleri ve g\u00f6n\u00fcll\u00fc kurulu\u015flarda istihdam edilirler. Kitle ileti\u015fim ara\u00e7lar\u0131nda \u00e7ocuklara ve gen\u00e7lere y\u00f6nelik i\u00e7eriklerin ve yay\u0131nlar\u0131n haz\u0131rlanmas\u0131nda \u00e7e\u015fitli basamaklarda veya kendi kurumlar\u0131nda giri\u015fimci olarak g\u00f6rev alabilirler.<\/p>\t\t\t\t\t\t\t\t<\/div>\n\t\t\t\t<\/div>\n\t\t\t\t\t<\/div>\n\t\t<\/div>\n\t\t\t\t\t<\/div>\n\t\t<\/section>\n\t\t\t\t<\/div>\n\t\t","protected":false},"excerpt":{"rendered":"<p>Ama\u00e7 1: Atat\u00fcrk \u00dcniversitesi Sa\u011fl\u0131k Bilimleri Fak\u00fcltesi \u00c7ocuk Geli\u015fimi B\u00f6l\u00fcm\u00fc mezunlar\u0131 0-18 ya\u015flar aras\u0131ndaki ya\u015f\u0131 ile uyumlu geli\u015fim g\u00f6steren, \u00f6zel gereksinimli, korunma ihtiyac\u0131 olan, \u00e7al\u0131\u015fan, m\u00fclteci, su\u00e7a s\u00fcr\u00fcklenen \u00e7ocuklar ile hastanede yatan \u00e7ocuklar\u0131n zihinsel, dil, motor, sosyal, duygusal geli\u015fimlerini ve \u00f6z bak\u0131m becerilerini de\u011ferlendirebilecek bilgi, beceri, deneyim ve fark\u0131ndal\u0131\u011f\u0131 kazan\u0131rlar. Ama\u00e7 2:\u00a0Atat\u00fcrk \u00dcniversitesi Sa\u011fl\u0131k Bilimleri [&hellip;]<\/p>\n","protected":false},"author":459,"featured_media":0,"parent":0,"menu_order":0,"comment_status":"closed","ping_status":"closed","template":"","meta":{"footnotes":""},"class_list":["post-7314","page","type-page","status-publish","hentry"],"_links":{"self":[{"href":"https:\/\/atauni.edu.tr\/cocuk-gelisimi-bolumu\/wp-json\/wp\/v2\/pages\/7314","targetHints":{"allow":["GET"]}}],"collection":[{"href":"https:\/\/atauni.edu.tr\/cocuk-gelisimi-bolumu\/wp-json\/wp\/v2\/pages"}],"about":[{"href":"https:\/\/atauni.edu.tr\/cocuk-gelisimi-bolumu\/wp-json\/wp\/v2\/types\/page"}],"author":[{"embeddable":true,"href":"https:\/\/atauni.edu.tr\/cocuk-gelisimi-bolumu\/wp-json\/wp\/v2\/users\/459"}],"replies":[{"embeddable":true,"href":"https:\/\/atauni.edu.tr\/cocuk-gelisimi-bolumu\/wp-json\/wp\/v2\/comments?post=7314"}],"version-history":[{"count":4,"href":"https:\/\/atauni.edu.tr\/cocuk-gelisimi-bolumu\/wp-json\/wp\/v2\/pages\/7314\/revisions"}],"predecessor-version":[{"id":7318,"href":"https:\/\/atauni.edu.tr\/cocuk-gelisimi-bolumu\/wp-json\/wp\/v2\/pages\/7314\/revisions\/7318"}],"wp:attachment":[{"href":"https:\/\/atauni.edu.tr\/cocuk-gelisimi-bolumu\/wp-json\/wp\/v2\/media?parent=7314"}],"curies":[{"name":"wp","href":"https:\/\/api.w.org\/{rel}","templated":true}]}}