{"id":5638,"date":"2021-07-13T09:49:25","date_gmt":"2021-07-13T06:49:25","guid":{"rendered":"https:\/\/portaltest.atauni.edu.tr\/bilgisayar-muhendisligi\/?page_id=5638"},"modified":"2022-05-13T16:11:28","modified_gmt":"2022-05-13T13:11:28","slug":"tarihce","status":"publish","type":"page","link":"https:\/\/atauni.edu.tr\/cografya-egitimi-abd\/tarihce\/","title":{"rendered":"Tarih\u00e7e"},"content":{"rendered":"\t\t<div data-elementor-type=\"wp-page\" data-elementor-id=\"5638\" class=\"elementor elementor-5638\" data-elementor-post-type=\"page\">\n\t\t\t\t\t\t<section class=\"elementor-section elementor-top-section elementor-element elementor-element-730d320 elementor-section-boxed elementor-section-height-default elementor-section-height-default\" data-id=\"730d320\" data-element_type=\"section\">\n\t\t\t\t\t\t<div class=\"elementor-container elementor-column-gap-default\">\n\t\t\t\t\t<div class=\"elementor-column elementor-col-100 elementor-top-column elementor-element elementor-element-753d0860\" data-id=\"753d0860\" data-element_type=\"column\">\n\t\t\t<div class=\"elementor-widget-wrap\">\n\t\t\t\t\t\t\t<\/div>\n\t\t<\/div>\n\t\t\t\t\t<\/div>\n\t\t<\/section>\n\t\t\t\t<section class=\"elementor-section elementor-top-section elementor-element elementor-element-9be811a elementor-section-boxed elementor-section-height-default elementor-section-height-default\" data-id=\"9be811a\" data-element_type=\"section\">\n\t\t\t\t\t\t<div class=\"elementor-container elementor-column-gap-default\">\n\t\t\t\t\t<div class=\"elementor-column elementor-col-100 elementor-top-column elementor-element elementor-element-1ed847b7\" data-id=\"1ed847b7\" data-element_type=\"column\">\n\t\t\t<div class=\"elementor-widget-wrap elementor-element-populated\">\n\t\t\t\t\t\t<div class=\"elementor-element elementor-element-4ce0d07f elementor-widget elementor-widget-heading\" data-id=\"4ce0d07f\" data-element_type=\"widget\" data-widget_type=\"heading.default\">\n\t\t\t\t<div class=\"elementor-widget-container\">\n\t\t\t\t\t<h2 class=\"elementor-heading-title elementor-size-default\">Tarih\u00e7e<\/h2>\t\t\t\t<\/div>\n\t\t\t\t<\/div>\n\t\t\t\t<div class=\"elementor-element elementor-element-63260862 elementor-widget-divider--view-line elementor-widget elementor-widget-divider\" data-id=\"63260862\" data-element_type=\"widget\" data-widget_type=\"divider.default\">\n\t\t\t\t<div class=\"elementor-widget-container\">\n\t\t\t\t\t\t\t<div class=\"elementor-divider\">\n\t\t\t<span class=\"elementor-divider-separator\">\n\t\t\t\t\t\t<\/span>\n\t\t<\/div>\n\t\t\t\t\t\t<\/div>\n\t\t\t\t<\/div>\n\t\t\t\t\t<\/div>\n\t\t<\/div>\n\t\t\t\t\t<\/div>\n\t\t<\/section>\n\t\t\t\t<section class=\"elementor-section elementor-top-section elementor-element elementor-element-681db8b elementor-section-boxed elementor-section-height-default elementor-section-height-default\" data-id=\"681db8b\" data-element_type=\"section\">\n\t\t\t\t\t\t<div class=\"elementor-container elementor-column-gap-default\">\n\t\t\t\t\t<div class=\"elementor-column elementor-col-100 elementor-top-column elementor-element elementor-element-ad4dac5\" data-id=\"ad4dac5\" data-element_type=\"column\">\n\t\t\t<div class=\"elementor-widget-wrap elementor-element-populated\">\n\t\t\t\t\t\t<div class=\"elementor-element elementor-element-2f96b3d elementor-widget elementor-widget-text-editor\" data-id=\"2f96b3d\" data-element_type=\"widget\" data-widget_type=\"text-editor.default\">\n\t\t\t\t<div class=\"elementor-widget-container\">\n\t\t\t\t\t\t\t\t\t<p><span style=\"line-height: 107%\">Atat\u00fcrk \u00dcniversitesi, Erzurum`da T\u00fcrkiye`nin ilk be\u015f \u00fcniversitesinden biri olarak&nbsp;kurulmu\u015f ve elli y\u0131ll\u0131k tarihi boyunca ad\u0131na l\u00e2y\u0131k bir geli\u015fme g\u00f6stermi\u015ftir.&nbsp;Di\u011fer yanda 1961 y\u0131l\u0131nda Milli E\u011fitim Bakanl\u0131\u011f\u0131na ba\u011fl\u0131 olarak Erzurum E\u011fitim&nbsp;Enstit\u00fcs\u00fc ad\u0131yla kurulup Ali Ravi \u0130lkokulu binalar\u0131nda e\u011fitim \u00f6\u011fretime ba\u015flayan&nbsp;E\u011fitim Enstit\u00fc 1963 y\u0131l\u0131nda bug\u00fcnk\u00fc Yoncal\u0131k yerle\u015fkesine ta\u015f\u0131nm\u0131\u015f; 2 y\u0131l olan&nbsp;e\u011fitim s\u00fcresi 1967-68 \u00f6\u011fretim y\u0131l\u0131nda 3 y\u0131la \u00e7\u0131kar\u0131lm\u0131\u015ft\u0131r. 1973`te Atat\u00fcrk\u2019\u00fcn&nbsp;en yak\u0131n silah arkada\u015flar\u0131ndan K\u00e2z\u0131m Karabekir\u2019in ad\u0131n\u0131 alarak onun e\u011fitimci&nbsp;ki\u015fili\u011fini ya\u015fatan E\u011fitim Enstit\u00fcs\u00fc, T\u00fcrkiye Cumhuriyetini hedefine ula\u015ft\u0131racak&nbsp;nesilleri g\u00fcvenle yeti\u015ftir i\u015flevine katk\u0131 sa\u011flam\u0131\u015ft\u0131r. Enstit\u00fc, 1979`da 4&nbsp;y\u0131ll\u0131k K\u00e2z\u0131m Karabekir Y\u00fcksek \u00d6\u011fretmen Okuluna d\u00f6n\u00fc\u015ft\u00fcr\u00fclm\u00fc\u015f; 20 Temmuz 1982&nbsp;tarih ve 41 say\u0131l\u0131 kanun h\u00fckm\u00fcnde kararnamenin y\u00fcr\u00fcrl\u00fc\u011fe girmesi ile de Atat\u00fcrk&nbsp;\u00dcniversitesi b\u00fcnyesindeki Temel Bilimler ve Yabanc\u0131 Diller Y\u00fcksek Okulu ile&nbsp;birle\u015ftirilmi\u015ftir. Bu birle\u015fme, Atat\u00fcrk \u00dcniversitesi K\u00e2z\u0131m Karabekir E\u011fitim&nbsp;Fak\u00fcltesini olu\u015fturmu\u015ftur. Atat\u00fcrk \u00dcniversitesi K\u00e2z\u0131m Karabekir E\u011fitim&nbsp;Fak\u00fcltesi hem yar\u0131m as\u0131rl\u0131k bilimsel birikimin hem \u00d6\u011fretmen Okullar\u0131n\u0131n kurulu\u015f&nbsp;tarihinden ba\u015flayan y\u00fcz elli dokuz y\u0131ll\u0131k \u00f6\u011fretmen yeti\u015ftirme gelene\u011finin&nbsp;g\u00fcc\u00fcyle \u00e7a\u011fda\u015f ve k\u00f6kl\u00fc bir e\u011fitim kurumu haline gelmi\u015ftir.<\/span><\/p>\n<p><span style=\"letter-spacing: 0px\">Kaz\u0131m Karabekir E\u011fitim Fak\u00fcltesi b\u00fcnyesinde yer alan Co\u011frafya \u00d6\u011fretmenli\u011fi ise&nbsp;ba\u015flang\u0131\u00e7ta Co\u011frafya B\u00f6l\u00fcm\u00fc olarak kurulmu\u015f, daha sonra ise Y\u00d6K taraf\u0131ndan&nbsp;ger\u00e7ekle\u015ftirilen yeniden yap\u0131land\u0131rma ba\u011flam\u0131nda Co\u011frafya \u00d6\u011fretmenli\u011fine&nbsp;d\u00f6n\u00fc\u015ft\u00fcr\u00fclm\u00fc\u015ft\u00fcr. Co\u011frafya E\u011fitimi Anabilim Dal\u0131 3 Profes\u00f6r, 1 Do\u00e7ent, 1 Doktor&nbsp;\u00d6\u011fretim \u00dcyesi ve 1 Ara\u015ft\u0131rma G\u00f6revlisi olmak \u00fczere 6 \u00f6\u011fretim eleman\u0131 ile&nbsp;\u00f6\u011fretimini s\u00fcrd\u00fcrmektedir.&nbsp;<\/span><\/p>\t\t\t\t\t\t\t\t<\/div>\n\t\t\t\t<\/div>\n\t\t\t\t\t<\/div>\n\t\t<\/div>\n\t\t\t\t\t<\/div>\n\t\t<\/section>\n\t\t\t\t<\/div>\n\t\t","protected":false},"excerpt":{"rendered":"<p>Tarih\u00e7e Atat\u00fcrk \u00dcniversitesi, Erzurum`da T\u00fcrkiye`nin ilk be\u015f \u00fcniversitesinden biri olarak&nbsp;kurulmu\u015f ve elli y\u0131ll\u0131k tarihi boyunca ad\u0131na l\u00e2y\u0131k bir geli\u015fme g\u00f6stermi\u015ftir.&nbsp;Di\u011fer yanda 1961 y\u0131l\u0131nda Milli E\u011fitim Bakanl\u0131\u011f\u0131na ba\u011fl\u0131 olarak Erzurum E\u011fitim&nbsp;Enstit\u00fcs\u00fc ad\u0131yla kurulup Ali Ravi \u0130lkokulu binalar\u0131nda e\u011fitim \u00f6\u011fretime ba\u015flayan&nbsp;E\u011fitim Enstit\u00fc 1963 y\u0131l\u0131nda bug\u00fcnk\u00fc Yoncal\u0131k yerle\u015fkesine ta\u015f\u0131nm\u0131\u015f; 2 y\u0131l olan&nbsp;e\u011fitim s\u00fcresi 1967-68 \u00f6\u011fretim y\u0131l\u0131nda 3 y\u0131la [&hellip;]<\/p>\n","protected":false},"author":1,"featured_media":0,"parent":0,"menu_order":0,"comment_status":"closed","ping_status":"closed","template":"","meta":{"footnotes":""},"class_list":["post-5638","page","type-page","status-publish","hentry"],"_links":{"self":[{"href":"https:\/\/atauni.edu.tr\/cografya-egitimi-abd\/wp-json\/wp\/v2\/pages\/5638","targetHints":{"allow":["GET"]}}],"collection":[{"href":"https:\/\/atauni.edu.tr\/cografya-egitimi-abd\/wp-json\/wp\/v2\/pages"}],"about":[{"href":"https:\/\/atauni.edu.tr\/cografya-egitimi-abd\/wp-json\/wp\/v2\/types\/page"}],"author":[{"embeddable":true,"href":"https:\/\/atauni.edu.tr\/cografya-egitimi-abd\/wp-json\/wp\/v2\/users\/1"}],"replies":[{"embeddable":true,"href":"https:\/\/atauni.edu.tr\/cografya-egitimi-abd\/wp-json\/wp\/v2\/comments?post=5638"}],"version-history":[{"count":38,"href":"https:\/\/atauni.edu.tr\/cografya-egitimi-abd\/wp-json\/wp\/v2\/pages\/5638\/revisions"}],"predecessor-version":[{"id":6220,"href":"https:\/\/atauni.edu.tr\/cografya-egitimi-abd\/wp-json\/wp\/v2\/pages\/5638\/revisions\/6220"}],"wp:attachment":[{"href":"https:\/\/atauni.edu.tr\/cografya-egitimi-abd\/wp-json\/wp\/v2\/media?parent=5638"}],"curies":[{"name":"wp","href":"https:\/\/api.w.org\/{rel}","templated":true}]}}