{"id":5638,"date":"2021-07-13T09:49:25","date_gmt":"2021-07-13T06:49:25","guid":{"rendered":"https:\/\/portaltest.atauni.edu.tr\/bilgisayar-muhendisligi\/?page_id=5638"},"modified":"2024-09-17T16:21:41","modified_gmt":"2024-09-17T13:21:41","slug":"tarihce","status":"publish","type":"page","link":"https:\/\/atauni.edu.tr\/cografya\/tarihce\/","title":{"rendered":"Tarih\u00e7e"},"content":{"rendered":"\t\t<div data-elementor-type=\"wp-page\" data-elementor-id=\"5638\" class=\"elementor elementor-5638\" data-elementor-post-type=\"page\">\n\t\t\t\t\t\t<section class=\"elementor-section elementor-top-section elementor-element elementor-element-730d320 elementor-section-boxed elementor-section-height-default elementor-section-height-default\" data-id=\"730d320\" data-element_type=\"section\">\n\t\t\t\t\t\t<div class=\"elementor-container elementor-column-gap-default\">\n\t\t\t\t\t<div class=\"elementor-column elementor-col-100 elementor-top-column elementor-element elementor-element-753d0860\" data-id=\"753d0860\" data-element_type=\"column\">\n\t\t\t<div class=\"elementor-widget-wrap\">\n\t\t\t\t\t\t\t<\/div>\n\t\t<\/div>\n\t\t\t\t\t<\/div>\n\t\t<\/section>\n\t\t\t\t<section class=\"elementor-section elementor-top-section elementor-element elementor-element-9be811a elementor-section-boxed elementor-section-height-default elementor-section-height-default\" data-id=\"9be811a\" data-element_type=\"section\">\n\t\t\t\t\t\t<div class=\"elementor-container elementor-column-gap-default\">\n\t\t\t\t\t<div class=\"elementor-column elementor-col-100 elementor-top-column elementor-element elementor-element-1ed847b7\" data-id=\"1ed847b7\" data-element_type=\"column\">\n\t\t\t<div class=\"elementor-widget-wrap elementor-element-populated\">\n\t\t\t\t\t\t<div class=\"elementor-element elementor-element-4ce0d07f elementor-widget elementor-widget-heading\" data-id=\"4ce0d07f\" data-element_type=\"widget\" data-widget_type=\"heading.default\">\n\t\t\t\t<div class=\"elementor-widget-container\">\n\t\t\t\t\t<h2 class=\"elementor-heading-title elementor-size-default\">Tarih\u00e7e<\/h2>\t\t\t\t<\/div>\n\t\t\t\t<\/div>\n\t\t\t\t<div class=\"elementor-element elementor-element-63260862 elementor-widget-divider--view-line elementor-widget elementor-widget-divider\" data-id=\"63260862\" data-element_type=\"widget\" data-widget_type=\"divider.default\">\n\t\t\t\t<div class=\"elementor-widget-container\">\n\t\t\t\t\t\t\t<div class=\"elementor-divider\">\n\t\t\t<span class=\"elementor-divider-separator\">\n\t\t\t\t\t\t<\/span>\n\t\t<\/div>\n\t\t\t\t\t\t<\/div>\n\t\t\t\t<\/div>\n\t\t\t\t\t<\/div>\n\t\t<\/div>\n\t\t\t\t\t<\/div>\n\t\t<\/section>\n\t\t\t\t<section class=\"elementor-section elementor-top-section elementor-element elementor-element-681db8b elementor-section-boxed elementor-section-height-default elementor-section-height-default\" data-id=\"681db8b\" data-element_type=\"section\">\n\t\t\t\t\t\t<div class=\"elementor-container elementor-column-gap-default\">\n\t\t\t\t\t<div class=\"elementor-column elementor-col-100 elementor-top-column elementor-element elementor-element-ad4dac5\" data-id=\"ad4dac5\" data-element_type=\"column\">\n\t\t\t<div class=\"elementor-widget-wrap elementor-element-populated\">\n\t\t\t\t\t\t<div class=\"elementor-element elementor-element-2f96b3d elementor-widget elementor-widget-text-editor\" data-id=\"2f96b3d\" data-element_type=\"widget\" data-widget_type=\"text-editor.default\">\n\t\t\t\t<div class=\"elementor-widget-container\">\n\t\t\t\t\t\t\t\t\t<p>Co\u011frafya bilimi, insanlar\u0131n ya\u015fad\u0131\u011f\u0131 \u00e7evreyi ve do\u011fa ile insan aras\u0131ndaki etkile\u015fimleri inceleyen kapsaml\u0131 bir disiplindir. T\u00fcrkiye&#8217;de co\u011frafya biliminin geli\u015fimi, bat\u0131l\u0131 \u00fclkelere k\u0131yasla daha ge\u00e7 bir d\u00f6nemde bilimsel temellere oturtulmu\u015ftur. Bunun en \u00f6nemli nedeni, \u00fcniversitelerde \u00e7a\u011fda\u015f anlamda co\u011frafya ilmi ara\u015ft\u0131rmac\u0131s\u0131 yeti\u015ftirmesi gereken co\u011frafya b\u00f6l\u00fcmlerinin \u00e7ok ge\u00e7 kurulmu\u015f olmas\u0131d\u0131r.<\/p>\n<p>\u00dclkemizde kurulan ilk Co\u011frafya b\u00f6l\u00fcm\u00fc, 1915 y\u0131l\u0131nda \u0130stanbul \u00dcniversitesi Edebiyat Fak\u00fcltesi Co\u011frafya B\u00f6l\u00fcm\u00fc&#8217;d\u00fcr. Ard\u0131ndan 1935 y\u0131l\u0131nda Ankara \u00dcniversitesi Dil ve Tarih-Co\u011frafya Fak\u00fcltesi (D.T.C.F) Co\u011frafya B\u00f6l\u00fcm\u00fc kurulmu\u015f ve bu fak\u00fcltenin e\u011fitime ba\u015flamas\u0131 ile birlikte \u00fcniversitelerimizde co\u011frafya ara\u015ft\u0131rmas\u0131 ve e\u011fitimi yapan birimler ikiye \u00e7\u0131km\u0131\u015ft\u0131r. Ancak, \u00fc\u00e7\u00fcnc\u00fc bir co\u011frafya akademik biriminin kurulmas\u0131 i\u00e7in tam k\u0131rk y\u0131l beklenmi\u015ftir. Bu kadar uzun bir s\u00fcrenin ard\u0131ndan, 1961 y\u0131l\u0131nda Atat\u00fcrk \u00dcniversitesi Edebiyat Fak\u00fcltesi Co\u011frafya B\u00f6l\u00fcm\u00fc kurulmu\u015ftur. B\u00f6l\u00fcm, kurucu \u00f6\u011fretim \u00fcyesi Prof. Dr. Tevfik Tarkan&#8217;\u0131n 1961&#8217;de Edebiyat Fak\u00fcltesi&#8217;ne asistan olarak atanmas\u0131 ile hukuken a\u00e7\u0131lm\u0131\u015f olsa da, eleman ve \u00f6\u011frenci al\u0131nmas\u0131 uzun s\u00fcre gecikmi\u015f ve ancak 1974-1975 e\u011fitim-\u00f6\u011fretim y\u0131l\u0131nda 25 \u00f6\u011frenci al\u0131narak e\u011fitime ba\u015flanabilmi\u015ftir.<\/p>\n<p>Atat\u00fcrk \u00dcniversitesi Co\u011frafya B\u00f6l\u00fcm\u00fc&#8217;n\u00fcn ilk akademik kadrosu, B\u00f6l\u00fcm Ba\u015fkan\u0131 Prof. Dr. M. Tevfik Tarkan, Prof. Dr. Ahmet Necdet S\u00f6zer ve Dr. Ahmet Ni\u015fanc\u0131\u2019dan olu\u015fuyordu. 1976 y\u0131l\u0131nda Tarkan ve S\u00f6zer&#8217;in ayr\u0131lmalar\u0131 \u00fczerine, Fen Fak\u00fcltesi Jeoloji B\u00f6l\u00fcm Ba\u015fkan\u0131 Do\u00e7. Dr. Ahmet Acar, Co\u011frafya B\u00f6l\u00fcm\u00fc \u00f6\u011fretim \u00fcyeli\u011fi ve b\u00f6l\u00fcm ba\u015fkanl\u0131\u011f\u0131na getirilmi\u015ftir. Ayn\u0131 d\u00f6nemde Dr. \u0130brahim Atalay ve Dr. Aykut Acar da b\u00f6l\u00fcme kat\u0131lm\u0131\u015f ve Prof. Dr. S\u00f6zer de d\u0131\u015far\u0131dan ders vermeye devam etmi\u015ftir. Bu \u015fekilde b\u00f6l\u00fcm, be\u015f akademik eleman ile e\u011fitim faaliyetlerini s\u00fcrd\u00fcrm\u00fc\u015ft\u00fcr. 1977 y\u0131l\u0131nda Ass. Hayati Do\u011fanay, Ass. Asaf Ko\u00e7man, Ass. O. Cahit \u0130nand\u0131k ve 1979\u2019da Ass. \u00d6zer Y\u0131lmaz&#8217;\u0131n da kadroya dahil edilmesiyle b\u00f6l\u00fcm\u00fcn akademik kadrosu geni\u015flemi\u015ftir. Bug\u00fcn, 2024 y\u0131l\u0131 itibariyle Atat\u00fcrk \u00dcniversitesi Co\u011frafya B\u00f6l\u00fcm\u00fc&#8217;nde 8 profes\u00f6r, 2 do\u00e7ent, 1 doktor \u00f6\u011fretim \u00fcyesi ve 2 ara\u015ft\u0131rma g\u00f6revlisi ile e\u011fitim-\u00f6\u011fretim faaliyetleri s\u00fcrd\u00fcr\u00fclmektedir.<\/p>\n<p>Atat\u00fcrk \u00dcniversitesi Co\u011frafya B\u00f6l\u00fcm\u00fc, D\u00fcnya ve T\u00fcrkiye\u2019nin fiziki, be\u015feri ve ekonomik co\u011frafyas\u0131n\u0131n detayl\u0131 bir \u015fekilde incelenmesi ve b\u00f6lge kalk\u0131nmas\u0131na y\u00f6nelik projeler \u00fcretilmesi a\u00e7\u0131s\u0131ndan b\u00fcy\u00fck bir \u00f6neme sahiptir. Co\u011frafya bilimi, do\u011fa ve insan etkile\u015fimlerini anlama, \u00e7evresel sorunlar\u0131 analiz etme ve s\u00fcrd\u00fcr\u00fclebilir \u00e7evre politikalar\u0131 geli\u015ftirme gibi kritik beceriler sunar. Bu ba\u011flamda, Atat\u00fcrk \u00dcniversitesi Co\u011frafya B\u00f6l\u00fcm\u00fc, co\u011frafya biliminin gerektirdi\u011fi \u00e7a\u011fda\u015f bilgi ve becerileri \u00f6\u011frencilerine kazand\u0131rmay\u0131 ve T\u00fcrkiye&#8217;nin co\u011frafi ve \u00e7evresel sorunlar\u0131na \u00e7\u00f6z\u00fcmler \u00fcretmeyi ama\u00e7lamaktad\u0131r.<\/p>\n<p>Co\u011frafya bilimi, T\u00fcrkiye&#8217;nin iklim de\u011fi\u015fikli\u011fi, s\u00fcrd\u00fcr\u00fclebilirlik,<span style=\"letter-spacing: 0px\">&nbsp;su kaynaklar\u0131n\u0131n y\u00f6netimi, kentsel d\u00f6n\u00fc\u015f\u00fcm ve k\u0131rsal kalk\u0131nma gibi konularda \u00e7\u00f6z\u00fcm \u00fcretmesi gereken kritik sorunlar\u0131n\u0131 anlamak i\u00e7in vazge\u00e7ilmezdir. Bu alanda yeti\u015fen uzmanlar, bilimsel verilere dayal\u0131 strateji ve politikalar\u0131n geli\u015ftirilmesinde aktif rol oynamaktad\u0131r.<\/span><\/p>\n<p>Sonu\u00e7 olarak, Atat\u00fcrk \u00dcniversitesi Co\u011frafya B\u00f6l\u00fcm\u00fc,&nbsp; D\u00fcnya&#8217;da ve T\u00fcrkiye\u2019de&nbsp; co\u011frafya biliminin geli\u015fimine \u00f6nemli katk\u0131larda bulunan, \u00fclkemizin sosyoekonomik ve \u00e7evresel zorluklar\u0131na y\u00f6nelik \u00e7\u00f6z\u00fcm \u00f6nerileri geli\u015ftiren sayg\u0131n bir akademik birimdir.<\/p>\n<div>\n<\/div>\t\t\t\t\t\t\t\t<\/div>\n\t\t\t\t<\/div>\n\t\t\t\t\t<\/div>\n\t\t<\/div>\n\t\t\t\t\t<\/div>\n\t\t<\/section>\n\t\t\t\t<\/div>\n\t\t","protected":false},"excerpt":{"rendered":"<p>Tarih\u00e7e Co\u011frafya bilimi, insanlar\u0131n ya\u015fad\u0131\u011f\u0131 \u00e7evreyi ve do\u011fa ile insan aras\u0131ndaki etkile\u015fimleri inceleyen kapsaml\u0131 bir disiplindir. T\u00fcrkiye&#8217;de co\u011frafya biliminin geli\u015fimi, bat\u0131l\u0131 \u00fclkelere k\u0131yasla daha ge\u00e7 bir d\u00f6nemde bilimsel temellere oturtulmu\u015ftur. Bunun en \u00f6nemli nedeni, \u00fcniversitelerde \u00e7a\u011fda\u015f anlamda co\u011frafya ilmi ara\u015ft\u0131rmac\u0131s\u0131 yeti\u015ftirmesi gereken co\u011frafya b\u00f6l\u00fcmlerinin \u00e7ok ge\u00e7 kurulmu\u015f olmas\u0131d\u0131r. \u00dclkemizde kurulan ilk Co\u011frafya b\u00f6l\u00fcm\u00fc, 1915 y\u0131l\u0131nda [&hellip;]<\/p>\n","protected":false},"author":1,"featured_media":0,"parent":0,"menu_order":0,"comment_status":"closed","ping_status":"closed","template":"","meta":{"footnotes":""},"class_list":["post-5638","page","type-page","status-publish","hentry"],"_links":{"self":[{"href":"https:\/\/atauni.edu.tr\/cografya\/wp-json\/wp\/v2\/pages\/5638","targetHints":{"allow":["GET"]}}],"collection":[{"href":"https:\/\/atauni.edu.tr\/cografya\/wp-json\/wp\/v2\/pages"}],"about":[{"href":"https:\/\/atauni.edu.tr\/cografya\/wp-json\/wp\/v2\/types\/page"}],"author":[{"embeddable":true,"href":"https:\/\/atauni.edu.tr\/cografya\/wp-json\/wp\/v2\/users\/1"}],"replies":[{"embeddable":true,"href":"https:\/\/atauni.edu.tr\/cografya\/wp-json\/wp\/v2\/comments?post=5638"}],"version-history":[{"count":38,"href":"https:\/\/atauni.edu.tr\/cografya\/wp-json\/wp\/v2\/pages\/5638\/revisions"}],"predecessor-version":[{"id":8440,"href":"https:\/\/atauni.edu.tr\/cografya\/wp-json\/wp\/v2\/pages\/5638\/revisions\/8440"}],"wp:attachment":[{"href":"https:\/\/atauni.edu.tr\/cografya\/wp-json\/wp\/v2\/media?parent=5638"}],"curies":[{"name":"wp","href":"https:\/\/api.w.org\/{rel}","templated":true}]}}