{"id":5765,"date":"2021-07-13T12:56:51","date_gmt":"2021-07-13T09:56:51","guid":{"rendered":"https:\/\/portaltest.atauni.edu.tr\/bilgisayar-muhendisligi\/?page_id=5765"},"modified":"2024-08-16T21:47:40","modified_gmt":"2024-08-16T18:47:40","slug":"anabilim-dallari","status":"publish","type":"page","link":"https:\/\/atauni.edu.tr\/cografya\/anabilim-dallari\/","title":{"rendered":"Anabilim Dallar\u0131"},"content":{"rendered":"\t\t<div data-elementor-type=\"wp-page\" data-elementor-id=\"5765\" class=\"elementor elementor-5765\" data-elementor-post-type=\"page\">\n\t\t\t\t\t\t<section class=\"elementor-section elementor-top-section elementor-element elementor-element-730d320 elementor-section-boxed elementor-section-height-default elementor-section-height-default\" data-id=\"730d320\" data-element_type=\"section\">\n\t\t\t\t\t\t<div class=\"elementor-container elementor-column-gap-default\">\n\t\t\t\t\t<div class=\"elementor-column elementor-col-100 elementor-top-column elementor-element elementor-element-753d0860\" data-id=\"753d0860\" data-element_type=\"column\">\n\t\t\t<div class=\"elementor-widget-wrap\">\n\t\t\t\t\t\t\t<\/div>\n\t\t<\/div>\n\t\t\t\t\t<\/div>\n\t\t<\/section>\n\t\t\t\t<section class=\"elementor-section elementor-top-section elementor-element elementor-element-9be811a elementor-section-boxed elementor-section-height-default elementor-section-height-default\" data-id=\"9be811a\" data-element_type=\"section\">\n\t\t\t\t\t\t<div class=\"elementor-container elementor-column-gap-default\">\n\t\t\t\t\t<div class=\"elementor-column elementor-col-100 elementor-top-column elementor-element elementor-element-1ed847b7\" data-id=\"1ed847b7\" data-element_type=\"column\">\n\t\t\t<div class=\"elementor-widget-wrap elementor-element-populated\">\n\t\t\t\t\t\t<div class=\"elementor-element elementor-element-4ce0d07f elementor-widget elementor-widget-heading\" data-id=\"4ce0d07f\" data-element_type=\"widget\" data-widget_type=\"heading.default\">\n\t\t\t\t<div class=\"elementor-widget-container\">\n\t\t\t\t\t<h2 class=\"elementor-heading-title elementor-size-default\">Anabilim Dallar\u0131<\/h2>\t\t\t\t<\/div>\n\t\t\t\t<\/div>\n\t\t\t\t<div class=\"elementor-element elementor-element-63260862 elementor-widget-divider--view-line elementor-widget elementor-widget-divider\" data-id=\"63260862\" data-element_type=\"widget\" data-widget_type=\"divider.default\">\n\t\t\t\t<div class=\"elementor-widget-container\">\n\t\t\t\t\t\t\t<div class=\"elementor-divider\">\n\t\t\t<span class=\"elementor-divider-separator\">\n\t\t\t\t\t\t<\/span>\n\t\t<\/div>\n\t\t\t\t\t\t<\/div>\n\t\t\t\t<\/div>\n\t\t\t\t\t<\/div>\n\t\t<\/div>\n\t\t\t\t\t<\/div>\n\t\t<\/section>\n\t\t\t\t<section class=\"elementor-section elementor-top-section elementor-element elementor-element-681db8b elementor-section-boxed elementor-section-height-default elementor-section-height-default\" data-id=\"681db8b\" data-element_type=\"section\">\n\t\t\t\t\t\t<div class=\"elementor-container elementor-column-gap-default\">\n\t\t\t\t\t<div class=\"elementor-column elementor-col-100 elementor-top-column elementor-element elementor-element-ad4dac5\" data-id=\"ad4dac5\" data-element_type=\"column\">\n\t\t\t<div class=\"elementor-widget-wrap elementor-element-populated\">\n\t\t\t\t\t\t<div class=\"elementor-element elementor-element-2f96b3d elementor-widget elementor-widget-text-editor\" data-id=\"2f96b3d\" data-element_type=\"widget\" data-widget_type=\"text-editor.default\">\n\t\t\t\t<div class=\"elementor-widget-container\">\n\t\t\t\t\t\t\t\t\t<div>\n<h2><span style=\"color: #000080\">Be\u015feri ve \u0130ktisadi Co\u011frafya Anabilim Dal\u0131<\/span><\/h2>\n<div><strong><span style=\"color: #000000\">Anabilim Dal\u0131 Ba\u015fkan\u0131: Prof. Dr. Saliha KODAY<\/span><\/strong><\/div>\n<div>&nbsp;<\/div>\n<div><strong><span style=\"color: #000000\">Prof. Dr. Zeki KODAY<\/span><\/strong><\/div>\n<div><strong><span style=\"color: #000000\">Prof. Dr. Mehmet ZAMAN<\/span><\/strong><\/div>\n<div><strong><span style=\"color: #000000\">Prof. Dr. Hasbi SOYLU<\/span><\/strong><\/div>\n<div><strong><span style=\"color: #000000\">Do\u00e7. Dr. \u00c7a\u011flar K\u0131van\u00e7 KAYMAZ<\/span><\/strong><\/div>\n<div><strong><span style=\"color: #000000\">Do\u00e7. Dr. Yusuf KIZILKAN<\/span><\/strong><\/div>\n<div><strong><span style=\"color: #000000\">Ar\u015f. G\u00f6r. Zeynep YILMAZ<\/span><\/strong><\/div>\n<div><span style=\"color: #000000\"><strong>Ar\u015f. G\u00f6r. \u0130lknur \u00c7AKIR<\/strong><\/span><\/div>\n<div>\n<h2><span style=\"color: #000080\">Fiziki Co\u011frafya Anabilim Dal\u0131<\/span><\/h2>\n<div><strong><span style=\"color: #000000\">Anabilim Dal\u0131 Ba\u015fkan\u0131: Prof. Dr. \u0130brahim KOPAR<\/span><\/strong><\/div>\n<\/div>\n<div>\n<h2><span style=\"color: #000080\">B\u00f6lgesel Co\u011frafya Anabilim Dal\u0131<\/span><\/h2>\n<div><strong><span style=\"color: #000000\">Anabilim Dal\u0131 Ba\u015fkan\u0131: Prof. Dr. Mustafa \u00d6ZDEM\u0130R<\/span><\/strong><\/div>\n<\/div>\n<\/div>\n<div>&nbsp;<\/div>\n<div>&nbsp;<\/div>\n<div>\n<div>\n<div><span style=\"font-family: Ubuntu;font-size: 1.75rem;font-weight: 600;letter-spacing: 0px;color: #000080\">T\u00fcrkiye Co\u011frafyas\u0131 Anabilim Dal\u0131<\/span><\/div>\n<\/div>\n<div>\n<div><strong><span style=\"color: #000000\">Anabilim Dal\u0131 Ba\u015fkan\u0131: Prof. Dr. Kenan ARIN\u00c7<\/span><\/strong><\/div>\n<div>&nbsp;<\/div>\n<div><strong><span style=\"color: #000000\">Prof. Dr. Mustafa \u00d6ZDEM\u0130R<\/span><\/strong><\/div>\n<div><strong><span style=\"letter-spacing: 0px;color: #000000\">Dr. \u00d6\u011fr. \u00dcyesi Cemal SEV\u0130ND\u0130<\/span><\/strong><\/div>\n<div><strong><span style=\"color: #000000\">Prof. Dr. Salih B\u0130R\u0130NC\u0130<\/span><\/strong><\/div>\n<\/div>\n<\/div>\t\t\t\t\t\t\t\t<\/div>\n\t\t\t\t<\/div>\n\t\t\t\t\t<\/div>\n\t\t<\/div>\n\t\t\t\t\t<\/div>\n\t\t<\/section>\n\t\t\t\t<\/div>\n\t\t","protected":false},"excerpt":{"rendered":"<p>Anabilim Dallar\u0131 Be\u015feri ve \u0130ktisadi Co\u011frafya Anabilim Dal\u0131 Anabilim Dal\u0131 Ba\u015fkan\u0131: Prof. Dr. Saliha KODAY &nbsp; Prof. Dr. Zeki KODAY Prof. Dr. Mehmet ZAMAN Prof. Dr. Hasbi SOYLU Do\u00e7. Dr. \u00c7a\u011flar K\u0131van\u00e7 KAYMAZ Do\u00e7. Dr. Yusuf KIZILKAN Ar\u015f. G\u00f6r. Zeynep YILMAZ Ar\u015f. G\u00f6r. \u0130lknur \u00c7AKIR Fiziki Co\u011frafya Anabilim Dal\u0131 Anabilim Dal\u0131 Ba\u015fkan\u0131: Prof. Dr. \u0130brahim [&hellip;]<\/p>\n","protected":false},"author":1,"featured_media":0,"parent":0,"menu_order":0,"comment_status":"closed","ping_status":"closed","template":"elementor_header_footer","meta":{"footnotes":""},"class_list":["post-5765","page","type-page","status-publish","hentry"],"_links":{"self":[{"href":"https:\/\/atauni.edu.tr\/cografya\/wp-json\/wp\/v2\/pages\/5765","targetHints":{"allow":["GET"]}}],"collection":[{"href":"https:\/\/atauni.edu.tr\/cografya\/wp-json\/wp\/v2\/pages"}],"about":[{"href":"https:\/\/atauni.edu.tr\/cografya\/wp-json\/wp\/v2\/types\/page"}],"author":[{"embeddable":true,"href":"https:\/\/atauni.edu.tr\/cografya\/wp-json\/wp\/v2\/users\/1"}],"replies":[{"embeddable":true,"href":"https:\/\/atauni.edu.tr\/cografya\/wp-json\/wp\/v2\/comments?post=5765"}],"version-history":[{"count":35,"href":"https:\/\/atauni.edu.tr\/cografya\/wp-json\/wp\/v2\/pages\/5765\/revisions"}],"predecessor-version":[{"id":8377,"href":"https:\/\/atauni.edu.tr\/cografya\/wp-json\/wp\/v2\/pages\/5765\/revisions\/8377"}],"wp:attachment":[{"href":"https:\/\/atauni.edu.tr\/cografya\/wp-json\/wp\/v2\/media?parent=5765"}],"curies":[{"name":"wp","href":"https:\/\/api.w.org\/{rel}","templated":true}]}}