{"id":6918,"date":"2022-11-04T14:17:27","date_gmt":"2022-11-04T11:17:27","guid":{"rendered":"https:\/\/birimler.atauni.edu.tr\/cografya\/?page_id=6918"},"modified":"2025-11-06T10:28:42","modified_gmt":"2025-11-06T07:28:42","slug":"akademik-danismanlik","status":"publish","type":"page","link":"https:\/\/atauni.edu.tr\/cografya\/akademik-danismanlik\/","title":{"rendered":"Akademik Dan\u0131\u015fmanl\u0131k"},"content":{"rendered":"\t\t<div data-elementor-type=\"wp-page\" data-elementor-id=\"6918\" class=\"elementor elementor-6918\" data-elementor-post-type=\"page\">\n\t\t\t\t\t\t<section class=\"elementor-section elementor-top-section elementor-element elementor-element-50ee873 elementor-section-boxed elementor-section-height-default elementor-section-height-default\" data-id=\"50ee873\" data-element_type=\"section\">\n\t\t\t\t\t\t<div class=\"elementor-container elementor-column-gap-default\">\n\t\t\t\t\t<div class=\"elementor-column elementor-col-100 elementor-top-column elementor-element elementor-element-6addf53\" data-id=\"6addf53\" data-element_type=\"column\">\n\t\t\t<div class=\"elementor-widget-wrap elementor-element-populated\">\n\t\t\t\t\t\t<div class=\"elementor-element elementor-element-b9d8870 elementor-widget elementor-widget-text-editor\" data-id=\"b9d8870\" data-element_type=\"widget\" data-widget_type=\"text-editor.default\">\n\t\t\t\t<div class=\"elementor-widget-container\">\n\t\t\t\t\t\t\t\t\t<p style=\"text-align: left\"><span style=\"color: #000000\">Co\u011frafya b\u00f6l\u00fcm\u00fc akademik kurulunda yap\u0131lan akademik dan\u0131\u015fmanl\u0131k belirleme i\u015flemleri gere\u011fince \u00f6\u011frenciler belirtilen saatlerde dan\u0131\u015fman \u00f6\u011fretim \u00fcyeleriyle akademik kariyer planlamalar\u0131 i\u00e7in g\u00f6r\u00fc\u015f alabilmektedir.\u00a0\u00d6\u011frenciler \u00dcniversite ve Fak\u00fclte taraf\u0131ndan d\u00fczenlenen sistematik etkinliklere y\u00f6nlendirilmektedir. Ayr\u0131ca \u00f6\u011frenciler, b\u00f6l\u00fcm i\u00e7i etkinlikler, Co\u011frafya Kul\u00fcb\u00fc etkinlikleri ve \u00f6\u011fretim elamanlar\u0131n\u0131n bireysel, g\u00f6n\u00fcll\u00fc davran\u0131\u015flar\u0131yla g\u00f6zlenmekte ve y\u00f6nlendirilmektedir. B\u00f6ylece \u00f6\u011frencilerin ba\u015far\u0131l\u0131 bir \u015fekilde mesleki geli\u015fimlerini sa\u011flamaya \u00e7al\u0131\u015f\u0131lmaktad\u0131r.<\/span><\/p>\t\t\t\t\t\t\t\t<\/div>\n\t\t\t\t<\/div>\n\t\t\t\t\t<\/div>\n\t\t<\/div>\n\t\t\t\t\t<\/div>\n\t\t<\/section>\n\t\t\t\t<section class=\"elementor-section elementor-top-section elementor-element elementor-element-09459d7 elementor-section-boxed elementor-section-height-default elementor-section-height-default\" data-id=\"09459d7\" data-element_type=\"section\">\n\t\t\t\t\t\t<div class=\"elementor-container elementor-column-gap-default\">\n\t\t\t\t\t<div class=\"elementor-column elementor-col-100 elementor-top-column elementor-element elementor-element-59c7bfd\" data-id=\"59c7bfd\" data-element_type=\"column\">\n\t\t\t<div class=\"elementor-widget-wrap elementor-element-populated\">\n\t\t\t\t\t\t<div class=\"elementor-element elementor-element-3172fc9 elementor-widget elementor-widget-pdf_viewer\" data-id=\"3172fc9\" data-element_type=\"widget\" data-widget_type=\"pdf_viewer.default\">\n\t\t\t\t<div class=\"elementor-widget-container\">\n\t\t\t\t\t<iframe src=\"https:\/\/docs.google.com\/viewer?url=http:\/\/birimler.atauni.edu.tr\/cografya\/wp-content\/uploads\/sites\/93\/2025\/11\/Cilt1.pdf&amp;embedded=true\" style=\"display: block; margin-left: auto; margin-right: auto; width: 980px; height: 1020px;\" frameborder=\"1\" marginheight=\"0px\" marginwidth=\"0px\" allowfullscreen><\/iframe>\t\t\t\t<\/div>\n\t\t\t\t<\/div>\n\t\t\t\t\t<\/div>\n\t\t<\/div>\n\t\t\t\t\t<\/div>\n\t\t<\/section>\n\t\t\t\t<\/div>\n\t\t","protected":false},"excerpt":{"rendered":"<p>Co\u011frafya b\u00f6l\u00fcm\u00fc akademik kurulunda yap\u0131lan akademik dan\u0131\u015fmanl\u0131k belirleme i\u015flemleri gere\u011fince \u00f6\u011frenciler belirtilen saatlerde dan\u0131\u015fman \u00f6\u011fretim \u00fcyeleriyle akademik kariyer planlamalar\u0131 i\u00e7in g\u00f6r\u00fc\u015f alabilmektedir.\u00a0\u00d6\u011frenciler \u00dcniversite ve Fak\u00fclte taraf\u0131ndan d\u00fczenlenen sistematik etkinliklere y\u00f6nlendirilmektedir. Ayr\u0131ca \u00f6\u011frenciler, b\u00f6l\u00fcm i\u00e7i etkinlikler, Co\u011frafya Kul\u00fcb\u00fc etkinlikleri ve \u00f6\u011fretim elamanlar\u0131n\u0131n bireysel, g\u00f6n\u00fcll\u00fc davran\u0131\u015flar\u0131yla g\u00f6zlenmekte ve y\u00f6nlendirilmektedir. B\u00f6ylece \u00f6\u011frencilerin ba\u015far\u0131l\u0131 bir \u015fekilde mesleki geli\u015fimlerini sa\u011flamaya [&hellip;]<\/p>\n","protected":false},"author":82,"featured_media":0,"parent":0,"menu_order":0,"comment_status":"closed","ping_status":"closed","template":"","meta":{"footnotes":""},"class_list":["post-6918","page","type-page","status-publish","hentry"],"_links":{"self":[{"href":"https:\/\/atauni.edu.tr\/cografya\/wp-json\/wp\/v2\/pages\/6918","targetHints":{"allow":["GET"]}}],"collection":[{"href":"https:\/\/atauni.edu.tr\/cografya\/wp-json\/wp\/v2\/pages"}],"about":[{"href":"https:\/\/atauni.edu.tr\/cografya\/wp-json\/wp\/v2\/types\/page"}],"author":[{"embeddable":true,"href":"https:\/\/atauni.edu.tr\/cografya\/wp-json\/wp\/v2\/users\/82"}],"replies":[{"embeddable":true,"href":"https:\/\/atauni.edu.tr\/cografya\/wp-json\/wp\/v2\/comments?post=6918"}],"version-history":[{"count":16,"href":"https:\/\/atauni.edu.tr\/cografya\/wp-json\/wp\/v2\/pages\/6918\/revisions"}],"predecessor-version":[{"id":9333,"href":"https:\/\/atauni.edu.tr\/cografya\/wp-json\/wp\/v2\/pages\/6918\/revisions\/9333"}],"wp:attachment":[{"href":"https:\/\/atauni.edu.tr\/cografya\/wp-json\/wp\/v2\/media?parent=6918"}],"curies":[{"name":"wp","href":"https:\/\/api.w.org\/{rel}","templated":true}]}}

Akademik Danışmanlık

<div data-elementor-type="wp-page" data-elementor-id="6918" class="elementor elementor-6918" data-elementor-post-type="page">
						<section class="elementor-section elementor-top-section elementor-element elementor-element-50ee873 elementor-section-boxed elementor-section-height-default elementor-section-height-default" data-id="50ee873" data-element_type="section">
						<div class="elementor-container elementor-column-gap-default">
					<div class="elementor-column elementor-col-100 elementor-top-column elementor-element elementor-element-6addf53" data-id="6addf53" data-element_type="column">
			<div class="elementor-widget-wrap elementor-element-populated">
						<div class="elementor-element elementor-element-b9d8870 elementor-widget elementor-widget-text-editor" data-id="b9d8870" data-element_type="widget" data-widget_type="text-editor.default">
				<div class="elementor-widget-container">
									<p style="text-align: left"><span style="color: #000000">Coğrafya bölümü akademik kurulunda yapılan akademik danışmanlık belirleme işlemleri gereğince öğrenciler belirtilen saatlerde danışman öğretim üyeleriyle akademik kariyer planlamaları için görüş alabilmektedir. Öğrenciler Üniversite ve Fakülte tarafından düzenlenen sistematik etkinliklere yönlendirilmektedir. Ayrıca öğrenciler, bölüm içi etkinlikler, Coğrafya Kulübü etkinlikleri ve öğretim elamanlarının bireysel, gönüllü davranışlarıyla gözlenmekte ve yönlendirilmektedir. Böylece öğrencilerin başarılı bir şekilde mesleki gelişimlerini sağlamaya çalışılmaktadır.</span></p>								</div>
				</div>
					</div>
		</div>
					</div>
		</section>
				<section class="elementor-section elementor-top-section elementor-element elementor-element-09459d7 elementor-section-boxed elementor-section-height-default elementor-section-height-default" data-id="09459d7" data-element_type="section">
						<div class="elementor-container elementor-column-gap-default">
					<div class="elementor-column elementor-col-100 elementor-top-column elementor-element elementor-element-59c7bfd" data-id="59c7bfd" data-element_type="column">
			<div class="elementor-widget-wrap elementor-element-populated">
						<div class="elementor-element elementor-element-3172fc9 elementor-widget elementor-widget-pdf_viewer" data-id="3172fc9" data-element_type="widget" data-widget_type="pdf_viewer.default">
				<div class="elementor-widget-container">
					<iframe src="https://docs.google.com/viewer?url=http://birimler.atauni.edu.tr/cografya/wp-content/uploads/sites/93/2025/11/Cilt1.pdf&amp;embedded=true" style="display: block; margin-left: auto; margin-right: auto; width: 980px; height: 1020px;" frameborder="1" marginheight="0px" marginwidth="0px" allowfullscreen></iframe>				</div>
				</div>
					</div>
		</div>
					</div>
		</section>
				</div>

<p>Coğrafya bölümü akademik kurulunda yapılan akademik danışmanlık belirleme işlemleri gereğince öğrenciler belirtilen saatlerde danışman öğretim üyeleriyle akademik kariyer planlamaları için görüş alabilmektedir. Öğrenciler Üniversite ve Fakülte tarafından düzenlenen sistematik etkinliklere yönlendirilmektedir. Ayrıca öğrenciler, bölüm içi etkinlikler, Coğrafya Kulübü etkinlikleri ve öğretim elamanlarının bireysel, gönüllü davranışlarıyla gözlenmekte ve yönlendirilmektedir. Böylece öğrencilerin başarılı bir şekilde mesleki gelişimlerini sağlamaya [&hellip;]</p>
