{"id":6973,"date":"2022-11-06T19:59:13","date_gmt":"2022-11-06T16:59:13","guid":{"rendered":"https:\/\/birimler.atauni.edu.tr\/cografya\/?page_id=6973"},"modified":"2026-03-25T15:48:03","modified_gmt":"2026-03-25T12:48:03","slug":"bolum-koordinatorlukleri","status":"publish","type":"page","link":"https:\/\/atauni.edu.tr\/cografya\/bolum-koordinatorlukleri\/","title":{"rendered":"B\u00f6l\u00fcm Koordinat\u00f6rl\u00fckleri"},"content":{"rendered":"\t\t<div data-elementor-type=\"wp-page\" data-elementor-id=\"6973\" class=\"elementor elementor-6973\" data-elementor-post-type=\"page\">\n\t\t\t\t\t\t<section class=\"elementor-section elementor-top-section elementor-element elementor-element-a4a7824 elementor-section-boxed elementor-section-height-default elementor-section-height-default\" data-id=\"a4a7824\" data-element_type=\"section\">\n\t\t\t\t\t\t<div class=\"elementor-container elementor-column-gap-default\">\n\t\t\t\t\t<div class=\"elementor-column elementor-col-100 elementor-top-column elementor-element elementor-element-bb1209b\" data-id=\"bb1209b\" data-element_type=\"column\">\n\t\t\t<div class=\"elementor-widget-wrap elementor-element-populated\">\n\t\t\t\t\t\t<div class=\"elementor-element elementor-element-4973ac0 elementor-widget elementor-widget-text-editor\" data-id=\"4973ac0\" data-element_type=\"widget\" data-widget_type=\"text-editor.default\">\n\t\t\t\t<div class=\"elementor-widget-container\">\n\t\t\t\t\t\t\t\t\t<h5><span style=\"color: #000000\">\u00a025.03.2026 tarihinde Co\u011frafya Program\u0131 koordinat\u00f6rl\u00fck ve komisyonlar\u0131 a\u015fa\u011f\u0131da pdf eklentisi ile g\u00fcncellenmi\u015ftir.<\/span><\/h5>\t\t\t\t\t\t\t\t<\/div>\n\t\t\t\t<\/div>\n\t\t\t\t\t<\/div>\n\t\t<\/div>\n\t\t\t\t\t<\/div>\n\t\t<\/section>\n\t\t\t\t<section class=\"elementor-section elementor-top-section elementor-element elementor-element-65f4f58 elementor-section-boxed elementor-section-height-default elementor-section-height-default\" data-id=\"65f4f58\" data-element_type=\"section\">\n\t\t\t\t\t\t<div class=\"elementor-container elementor-column-gap-default\">\n\t\t\t\t\t<div class=\"elementor-column elementor-col-100 elementor-top-column elementor-element elementor-element-4a207ee\" data-id=\"4a207ee\" data-element_type=\"column\">\n\t\t\t<div class=\"elementor-widget-wrap elementor-element-populated\">\n\t\t\t\t\t\t<div class=\"elementor-element elementor-element-f0a3d26 elementor-widget elementor-widget-pdf_viewer\" data-id=\"f0a3d26\" data-element_type=\"widget\" data-widget_type=\"pdf_viewer.default\">\n\t\t\t\t<div class=\"elementor-widget-container\">\n\t\t\t\t\t<iframe src=\"https:\/\/docs.google.com\/viewer?url=http:\/\/atauni.edu.tr\/cografya\/wp-content\/uploads\/sites\/93\/2026\/03\/Bolum_Koordinatorlukler-ve-Komisyonlar-25.03.2026.pdf&amp;embedded=true\" style=\"display: block; margin-left: auto; margin-right: auto; width: 1000px; height: 1020px;\" frameborder=\"1\" marginheight=\"0px\" marginwidth=\"0px\" allowfullscreen><\/iframe>\t\t\t\t<\/div>\n\t\t\t\t<\/div>\n\t\t\t\t\t<\/div>\n\t\t<\/div>\n\t\t\t\t\t<\/div>\n\t\t<\/section>\n\t\t\t\t<section class=\"elementor-section elementor-top-section elementor-element elementor-element-1e49f45 elementor-section-boxed elementor-section-height-default elementor-section-height-default\" data-id=\"1e49f45\" data-element_type=\"section\">\n\t\t\t\t\t\t<div class=\"elementor-container elementor-column-gap-default\">\n\t\t\t\t\t<div class=\"elementor-column elementor-col-100 elementor-top-column elementor-element elementor-element-aae92d6\" data-id=\"aae92d6\" data-element_type=\"column\">\n\t\t\t<div class=\"elementor-widget-wrap elementor-element-populated\">\n\t\t\t\t\t\t<div class=\"elementor-element elementor-element-7b3ddaa elementor-widget elementor-widget-pdf_viewer\" data-id=\"7b3ddaa\" data-element_type=\"widget\" data-widget_type=\"pdf_viewer.default\">\n\t\t\t\t<div class=\"elementor-widget-container\">\n\t\t\t\t\t<iframe src=\"https:\/\/docs.google.com\/viewer?url=http:\/\/birimler.atauni.edu.tr\/cografya\/wp-content\/uploads\/sites\/93\/2025\/04\/mezuniyet_komisyonu.pdf&amp;embedded=true\" style=\"display: block; margin-left: auto; margin-right: auto; width: 1000px; height: 1000px;\" frameborder=\"1\" marginheight=\"0px\" marginwidth=\"0px\" allowfullscreen><\/iframe>\t\t\t\t<\/div>\n\t\t\t\t<\/div>\n\t\t\t\t\t<\/div>\n\t\t<\/div>\n\t\t\t\t\t<\/div>\n\t\t<\/section>\n\t\t\t\t<\/div>\n\t\t","protected":false},"excerpt":{"rendered":"<p>\u00a025.03.2026 tarihinde Co\u011frafya Program\u0131 koordinat\u00f6rl\u00fck ve komisyonlar\u0131 a\u015fa\u011f\u0131da pdf eklentisi ile g\u00fcncellenmi\u015ftir.<\/p>\n","protected":false},"author":82,"featured_media":0,"parent":0,"menu_order":0,"comment_status":"closed","ping_status":"closed","template":"","meta":{"footnotes":""},"class_list":["post-6973","page","type-page","status-publish","hentry"],"_links":{"self":[{"href":"https:\/\/atauni.edu.tr\/cografya\/wp-json\/wp\/v2\/pages\/6973","targetHints":{"allow":["GET"]}}],"collection":[{"href":"https:\/\/atauni.edu.tr\/cografya\/wp-json\/wp\/v2\/pages"}],"about":[{"href":"https:\/\/atauni.edu.tr\/cografya\/wp-json\/wp\/v2\/types\/page"}],"author":[{"embeddable":true,"href":"https:\/\/atauni.edu.tr\/cografya\/wp-json\/wp\/v2\/users\/82"}],"replies":[{"embeddable":true,"href":"https:\/\/atauni.edu.tr\/cografya\/wp-json\/wp\/v2\/comments?post=6973"}],"version-history":[{"count":76,"href":"https:\/\/atauni.edu.tr\/cografya\/wp-json\/wp\/v2\/pages\/6973\/revisions"}],"predecessor-version":[{"id":9630,"href":"https:\/\/atauni.edu.tr\/cografya\/wp-json\/wp\/v2\/pages\/6973\/revisions\/9630"}],"wp:attachment":[{"href":"https:\/\/atauni.edu.tr\/cografya\/wp-json\/wp\/v2\/media?parent=6973"}],"curies":[{"name":"wp","href":"https:\/\/api.w.org\/{rel}","templated":true}]}}