{"id":7154,"date":"2023-02-01T22:13:19","date_gmt":"2023-02-01T19:13:19","guid":{"rendered":"https:\/\/birimler.atauni.edu.tr\/cografya\/?page_id=7154"},"modified":"2026-01-12T12:35:24","modified_gmt":"2026-01-12T09:35:24","slug":"memnuniyet-anketleri","status":"publish","type":"page","link":"https:\/\/atauni.edu.tr\/cografya\/memnuniyet-anketleri\/","title":{"rendered":"Memnuniyet Anketleri"},"content":{"rendered":"\t\t<div data-elementor-type=\"wp-page\" data-elementor-id=\"7154\" class=\"elementor elementor-7154\" data-elementor-post-type=\"page\">\n\t\t\t\t\t\t<section class=\"elementor-section elementor-top-section elementor-element elementor-element-08db63d elementor-section-boxed elementor-section-height-default elementor-section-height-default\" data-id=\"08db63d\" data-element_type=\"section\">\n\t\t\t\t\t\t<div class=\"elementor-container elementor-column-gap-default\">\n\t\t\t\t\t<div class=\"elementor-column elementor-col-100 elementor-top-column elementor-element elementor-element-e2d9f9c\" data-id=\"e2d9f9c\" data-element_type=\"column\">\n\t\t\t<div class=\"elementor-widget-wrap elementor-element-populated\">\n\t\t\t\t\t\t<div class=\"elementor-element elementor-element-912ac88 elementor-widget elementor-widget-text-editor\" data-id=\"912ac88\" data-element_type=\"widget\" data-widget_type=\"text-editor.default\">\n\t\t\t\t<div class=\"elementor-widget-container\">\n\t\t\t\t\t\t\t\t\t<p style=\"margin: 0cm 0cm 0.0001pt;text-align: justify;background-image: initial;background-position: initial;background-size: initial;background-attachment: initial\"><span style=\"font-size: 11pt;font-family: Arial, sans-serif\"><strong>D<\/strong><\/span><span style=\"font-size: 11.0pt;font-family: 'Arial',sans-serif;color: #202124\"><b>e\u011ferli&nbsp;\u00d6\u011frencimiz,<\/b><\/span><\/p>\n<p style=\"margin: 0cm 0cm 0.0001pt;background-image: initial;background-position: initial;background-size: initial;background-attachment: initial\"><span style=\"font-size: 11.0pt;font-family: 'Arial',sans-serif;color: #202124\">Bu anket formu, siz de\u011ferli \u00f6\u011frencilerimizin b\u00f6l\u00fcmleri ve fak\u00fcltemiz ile ilgili g\u00f6r\u00fc\u015flerini belirlemek ve memnuniyet d\u00fczeyini \u00f6l\u00e7mek amac\u0131yla haz\u0131rlanm\u0131\u015ft\u0131r. Anket sorular\u0131na verece\u011finiz samimi ve do\u011fru cevaplar, sizlerin beklentilerini kar\u015f\u0131lamaya y\u00f6nelik iyile\u015ftirmeleri yapmam\u0131za olanak verecektir. Anket 3 b\u00f6l\u00fcm ve toplam 26 sorudan olu\u015fmaktad\u0131r. Anketin yakla\u015f\u0131k 10 dakika s\u00fcrece\u011fi d\u00fc\u015f\u00fcn\u00fclmektedir.<\/span><\/p>\n<p style=\"margin: 0cm 0cm 0.0001pt;text-indent: 35.4pt;background-image: initial;background-position: initial;background-size: initial;background-attachment: initial\"><span style=\"font-size: 11.0pt;font-family: 'Arial',sans-serif;color: #202124\">\u0130lginiz ve kat\u0131l\u0131m\u0131z i\u00e7in te\u015fekk\u00fcr ederiz.<\/span><\/p>\n<p style=\"margin: 0cm 0cm 0.0001pt;text-align: justify;background-image: initial;background-position: initial;background-size: initial;background-attachment: initial\"><span style=\"font-size: 11.0pt;font-family: 'Arial',sans-serif;color: #202124\">&nbsp;<\/span><\/p>\n<p style=\"margin: 0cm 0cm 0.0001pt;text-align: justify;background-image: initial;background-position: initial;background-size: initial;background-attachment: initial\"><span style=\"font-size: 11.0pt;font-family: 'Arial',sans-serif;color: #202124\"><b>De\u011ferli&nbsp;Mezunumuz,<\/b><\/span><\/p>\n<p style=\"margin: 0cm 0cm 0.0001pt;background-image: initial;background-position: initial;background-size: initial;background-attachment: initial\"><span style=\"font-size: 11.0pt;font-family: 'Arial',sans-serif;color: #202124\">Bu anket formu, siz de\u011ferli mezunlar\u0131m\u0131z\u0131n fak\u00fcltemiz ile ilgili g\u00f6r\u00fc\u015flerini belirlemek ve memnuniyet d\u00fczeyinizi \u00f6l\u00e7mek amac\u0131yla haz\u0131rlanm\u0131\u015ft\u0131r. Anket sorular\u0131na verece\u011finiz samimi ve do\u011fru cevaplar, sizlerin beklentilerini kar\u015f\u0131lamaya y\u00f6nelik iyile\u015ftirmeleri yapmam\u0131za olanak verecektir.<\/span><\/p>\n<p style=\"margin: 0cm 0cm 0.0001pt;background-image: initial;background-position: initial;background-size: initial;background-attachment: initial\"><span style=\"font-family: Arial, sans-serif;font-size: 11pt;font-weight: var( --e-global-typography-text-font-weight );letter-spacing: 0px;text-indent: 35.4pt\">&nbsp; &nbsp; &nbsp; &nbsp; &nbsp; &nbsp;\u0130lginiz ve kat\u0131l\u0131m\u0131z i\u00e7in te\u015fekk\u00fcr ederiz.<\/span><\/p>\t\t\t\t\t\t\t\t<\/div>\n\t\t\t\t<\/div>\n\t\t\t\t\t<\/div>\n\t\t<\/div>\n\t\t\t\t\t<\/div>\n\t\t<\/section>\n\t\t\t\t<section class=\"elementor-section elementor-top-section elementor-element elementor-element-1dc3b99 elementor-section-boxed elementor-section-height-default elementor-section-height-default\" data-id=\"1dc3b99\" data-element_type=\"section\">\n\t\t\t\t\t\t<div class=\"elementor-container elementor-column-gap-default\">\n\t\t\t\t\t<div class=\"elementor-column elementor-col-100 elementor-top-column elementor-element elementor-element-ebc94c0\" data-id=\"ebc94c0\" data-element_type=\"column\">\n\t\t\t<div class=\"elementor-widget-wrap elementor-element-populated\">\n\t\t\t\t\t\t<div class=\"elementor-element elementor-element-a1830ea elementor-widget elementor-widget-button\" data-id=\"a1830ea\" data-element_type=\"widget\" data-widget_type=\"button.default\">\n\t\t\t\t<div class=\"elementor-widget-container\">\n\t\t\t\t\t\t\t\t\t<div class=\"elementor-button-wrapper\">\n\t\t\t\t\t<a class=\"elementor-button elementor-button-link elementor-size-md\" href=\"https:\/\/forms.gle\/2gGAAQZ2KSEemDaV7\">\n\t\t\t\t\t\t<span class=\"elementor-button-content-wrapper\">\n\t\t\t\t\t\t<span class=\"elementor-button-icon\">\n\t\t\t\t<i aria-hidden=\"true\" class=\"fab fa-wpforms\"><\/i>\t\t\t<\/span>\n\t\t\t\t\t\t\t\t\t<span class=\"elementor-button-text\">2025-2026 \u00d6\u011frenci Memnuniyet Anketi i\u00e7in TIKLAYINIZ<\/span>\n\t\t\t\t\t<\/span>\n\t\t\t\t\t<\/a>\n\t\t\t\t<\/div>\n\t\t\t\t\t\t\t\t<\/div>\n\t\t\t\t<\/div>\n\t\t\t\t\t<\/div>\n\t\t<\/div>\n\t\t\t\t\t<\/div>\n\t\t<\/section>\n\t\t\t\t<section class=\"elementor-section elementor-top-section elementor-element elementor-element-af34da4 elementor-section-boxed elementor-section-height-default elementor-section-height-default\" data-id=\"af34da4\" data-element_type=\"section\">\n\t\t\t\t\t\t<div class=\"elementor-container elementor-column-gap-default\">\n\t\t\t\t\t<div class=\"elementor-column elementor-col-100 elementor-top-column elementor-element elementor-element-464af20\" data-id=\"464af20\" data-element_type=\"column\">\n\t\t\t<div class=\"elementor-widget-wrap elementor-element-populated\">\n\t\t\t\t\t\t<div class=\"elementor-element elementor-element-6a3c670 elementor-button-success elementor-align-left elementor-widget elementor-widget-button\" data-id=\"6a3c670\" data-element_type=\"widget\" data-widget_type=\"button.default\">\n\t\t\t\t<div class=\"elementor-widget-container\">\n\t\t\t\t\t\t\t\t\t<div class=\"elementor-button-wrapper\">\n\t\t\t\t\t<a class=\"elementor-button elementor-button-link elementor-size-md\" href=\"https:\/\/forms.gle\/cv9uRxZHNhYw6yED9\">\n\t\t\t\t\t\t<span class=\"elementor-button-content-wrapper\">\n\t\t\t\t\t\t<span class=\"elementor-button-icon\">\n\t\t\t\t<i aria-hidden=\"true\" class=\"fab fa-wpforms\"><\/i>\t\t\t<\/span>\n\t\t\t\t\t\t\t\t\t<span class=\"elementor-button-text\">2025-2026 Mezun Memnuniyet Anketi i\u00e7in TIKLAYINIZ<\/span>\n\t\t\t\t\t<\/span>\n\t\t\t\t\t<\/a>\n\t\t\t\t<\/div>\n\t\t\t\t\t\t\t\t<\/div>\n\t\t\t\t<\/div>\n\t\t\t\t<div class=\"elementor-element elementor-element-7fa2731 elementor-button-success elementor-align-left elementor-widget elementor-widget-button\" data-id=\"7fa2731\" data-element_type=\"widget\" data-widget_type=\"button.default\">\n\t\t\t\t<div class=\"elementor-widget-container\">\n\t\t\t\t\t\t\t\t\t<div class=\"elementor-button-wrapper\">\n\t\t\t\t\t<a class=\"elementor-button elementor-button-link elementor-size-md\" href=\"https:\/\/forms.gle\/eiorsjKRaS3bDmG17\">\n\t\t\t\t\t\t<span class=\"elementor-button-content-wrapper\">\n\t\t\t\t\t\t<span class=\"elementor-button-icon\">\n\t\t\t\t<i aria-hidden=\"true\" class=\"fab fa-wpforms\"><\/i>\t\t\t<\/span>\n\t\t\t\t\t\t\t\t\t<span class=\"elementor-button-text\">2025-2026 \u00d6\u011fretim Program\u0131 AKTS Anketi TIKLAYINIZ<\/span>\n\t\t\t\t\t<\/span>\n\t\t\t\t\t<\/a>\n\t\t\t\t<\/div>\n\t\t\t\t\t\t\t\t<\/div>\n\t\t\t\t<\/div>\n\t\t\t\t\t<\/div>\n\t\t<\/div>\n\t\t\t\t\t<\/div>\n\t\t<\/section>\n\t\t\t\t<\/div>\n\t\t","protected":false},"excerpt":{"rendered":"<p>De\u011ferli&nbsp;\u00d6\u011frencimiz, Bu anket formu, siz de\u011ferli \u00f6\u011frencilerimizin b\u00f6l\u00fcmleri ve fak\u00fcltemiz ile ilgili g\u00f6r\u00fc\u015flerini belirlemek ve memnuniyet d\u00fczeyini \u00f6l\u00e7mek amac\u0131yla haz\u0131rlanm\u0131\u015ft\u0131r. Anket sorular\u0131na verece\u011finiz samimi ve do\u011fru cevaplar, sizlerin beklentilerini kar\u015f\u0131lamaya y\u00f6nelik iyile\u015ftirmeleri yapmam\u0131za olanak verecektir. Anket 3 b\u00f6l\u00fcm ve toplam 26 sorudan olu\u015fmaktad\u0131r. Anketin yakla\u015f\u0131k 10 dakika s\u00fcrece\u011fi d\u00fc\u015f\u00fcn\u00fclmektedir. \u0130lginiz ve kat\u0131l\u0131m\u0131z i\u00e7in te\u015fekk\u00fcr ederiz. [&hellip;]<\/p>\n","protected":false},"author":82,"featured_media":0,"parent":0,"menu_order":0,"comment_status":"closed","ping_status":"closed","template":"","meta":{"footnotes":""},"class_list":["post-7154","page","type-page","status-publish","hentry"],"_links":{"self":[{"href":"https:\/\/atauni.edu.tr\/cografya\/wp-json\/wp\/v2\/pages\/7154","targetHints":{"allow":["GET"]}}],"collection":[{"href":"https:\/\/atauni.edu.tr\/cografya\/wp-json\/wp\/v2\/pages"}],"about":[{"href":"https:\/\/atauni.edu.tr\/cografya\/wp-json\/wp\/v2\/types\/page"}],"author":[{"embeddable":true,"href":"https:\/\/atauni.edu.tr\/cografya\/wp-json\/wp\/v2\/users\/82"}],"replies":[{"embeddable":true,"href":"https:\/\/atauni.edu.tr\/cografya\/wp-json\/wp\/v2\/comments?post=7154"}],"version-history":[{"count":37,"href":"https:\/\/atauni.edu.tr\/cografya\/wp-json\/wp\/v2\/pages\/7154\/revisions"}],"predecessor-version":[{"id":9525,"href":"https:\/\/atauni.edu.tr\/cografya\/wp-json\/wp\/v2\/pages\/7154\/revisions\/9525"}],"wp:attachment":[{"href":"https:\/\/atauni.edu.tr\/cografya\/wp-json\/wp\/v2\/media?parent=7154"}],"curies":[{"name":"wp","href":"https:\/\/api.w.org\/{rel}","templated":true}]}}